{"id":6582,"date":"2020-10-16T20:11:25","date_gmt":"2020-10-16T18:11:25","guid":{"rendered":"https:\/\/mantenimientosinformaticos.net\/canarytools\/producto\/test-de-liquido-anticongelante-para-soluciones-de-etileno-y-de-glicol-2\/"},"modified":"2020-10-16T20:11:25","modified_gmt":"2020-10-16T18:11:25","slug":"test-de-liquido-anticongelante-para-soluciones-de-etileno-y-de-glicol-2","status":"publish","type":"product","link":"https:\/\/mantenimientosinformaticos.net\/canarytools\/producto\/test-de-liquido-anticongelante-para-soluciones-de-etileno-y-de-glicol-2\/","title":{"rendered":"Test de l\u00edquido anticongelante para soluciones de etileno y de glicol"},"content":{"rendered":"","protected":false},"excerpt":{"rendered":"<ul style=\"margin:0px 0px 20px;list-style:none;padding:0px;color:#58595b;font-family:'PT Sans', 'Helvetica Neue', Helvetica, Arial, sans-serif;font-size:14px;background-color:#ffffff;\">\n<li>apropiado para todas las soluciones de etileno y de glicol<\/li>\n<li>trabaja con l\u00edquidos calientes y fr\u00edos<\/li>\n<li>para el control visual de \u00f3xido y suciedad en los l\u00edquidos probados<\/li>\n<\/ul>\n","protected":false},"featured_media":6580,"comment_status":"open","ping_status":"closed","template":"","meta":[],"product_cat":[606,491,540],"product_tag":[],"class_list":{"0":"post-6582","1":"product","2":"type-product","3":"status-publish","4":"has-post-thumbnail","6":"product_cat-bateria","7":"product_cat-herramientas-especiales-para-automoviles","8":"product_cat-comprobadores","10":"first","11":"instock","12":"shipping-taxable","13":"purchasable","14":"product-type-simple"},"yoast_head":"<!-- This site is optimized with the Yoast SEO plugin v22.7 - https:\/\/yoast.com\/wordpress\/plugins\/seo\/ -->\n<title>Test de l\u00edquido anticongelante para soluciones de etileno y de glicol - Canarytools S.L.<\/title>\n<meta name=\"robots\" content=\"index, follow, max-snippet:-1, max-image-preview:large, max-video-preview:-1\" \/>\n<link rel=\"canonical\" href=\"https:\/\/mantenimientosinformaticos.net\/canarytools\/producto\/test-de-liquido-anticongelante-para-soluciones-de-etileno-y-de-glicol-2\/\" \/>\n<meta property=\"og:locale\" content=\"es_ES\" \/>\n<meta property=\"og:type\" content=\"article\" \/>\n<meta property=\"og:title\" content=\"Test de l\u00edquido anticongelante para soluciones de etileno y de glicol - Canarytools S.L.\" \/>\n<meta property=\"og:description\" content=\"apropiado para todas las soluciones de etileno y de glicol trabaja con l\u00edquidos calientes y fr\u00edos para el control visual de \u00f3xido y suciedad en los l\u00edquidos probados\" \/>\n<meta property=\"og:url\" content=\"https:\/\/mantenimientosinformaticos.net\/canarytools\/producto\/test-de-liquido-anticongelante-para-soluciones-de-etileno-y-de-glicol-2\/\" \/>\n<meta property=\"og:site_name\" content=\"Canarytools S.L.\" \/>\n<meta property=\"og:image\" content=\"https:\/\/mantenimientosinformaticos.net\/canarytools\/wp-content\/uploads\/2020\/10\/1487-Test-de-liquido-anticongelante-para-soluciones-de-etileno-y-de-glicol.jpg\" \/>\n\t<meta property=\"og:image:width\" content=\"540\" \/>\n\t<meta property=\"og:image:height\" content=\"261\" \/>\n\t<meta property=\"og:image:type\" content=\"image\/jpeg\" \/>\n<meta name=\"twitter:card\" content=\"summary_large_image\" \/>\n<script type=\"application\/ld+json\" class=\"yoast-schema-graph\">{\"@context\":\"https:\/\/schema.org\",\"@graph\":[{\"@type\":\"WebPage\",\"@id\":\"https:\/\/mantenimientosinformaticos.net\/canarytools\/producto\/test-de-liquido-anticongelante-para-soluciones-de-etileno-y-de-glicol-2\/\",\"url\":\"https:\/\/mantenimientosinformaticos.net\/canarytools\/producto\/test-de-liquido-anticongelante-para-soluciones-de-etileno-y-de-glicol-2\/\",\"name\":\"Test de l\u00edquido anticongelante para soluciones de etileno y de glicol - Canarytools S.L.\",\"isPartOf\":{\"@id\":\"https:\/\/mantenimientosinformaticos.net\/canarytools\/#website\"},\"primaryImageOfPage\":{\"@id\":\"https:\/\/mantenimientosinformaticos.net\/canarytools\/producto\/test-de-liquido-anticongelante-para-soluciones-de-etileno-y-de-glicol-2\/#primaryimage\"},\"image\":{\"@id\":\"https:\/\/mantenimientosinformaticos.net\/canarytools\/producto\/test-de-liquido-anticongelante-para-soluciones-de-etileno-y-de-glicol-2\/#primaryimage\"},\"thumbnailUrl\":\"https:\/\/mantenimientosinformaticos.net\/canarytools\/wp-content\/uploads\/2020\/10\/1487-Test-de-liquido-anticongelante-para-soluciones-de-etileno-y-de-glicol.jpg\",\"datePublished\":\"2020-10-16T18:11:25+00:00\",\"dateModified\":\"2020-10-16T18:11:25+00:00\",\"breadcrumb\":{\"@id\":\"https:\/\/mantenimientosinformaticos.net\/canarytools\/producto\/test-de-liquido-anticongelante-para-soluciones-de-etileno-y-de-glicol-2\/#breadcrumb\"},\"inLanguage\":\"es\",\"potentialAction\":[{\"@type\":\"ReadAction\",\"target\":[\"https:\/\/mantenimientosinformaticos.net\/canarytools\/producto\/test-de-liquido-anticongelante-para-soluciones-de-etileno-y-de-glicol-2\/\"]}]},{\"@type\":\"ImageObject\",\"inLanguage\":\"es\",\"@id\":\"https:\/\/mantenimientosinformaticos.net\/canarytools\/producto\/test-de-liquido-anticongelante-para-soluciones-de-etileno-y-de-glicol-2\/#primaryimage\",\"url\":\"https:\/\/mantenimientosinformaticos.net\/canarytools\/wp-content\/uploads\/2020\/10\/1487-Test-de-liquido-anticongelante-para-soluciones-de-etileno-y-de-glicol.jpg\",\"contentUrl\":\"https:\/\/mantenimientosinformaticos.net\/canarytools\/wp-content\/uploads\/2020\/10\/1487-Test-de-liquido-anticongelante-para-soluciones-de-etileno-y-de-glicol.jpg\",\"width\":540,\"height\":261,\"caption\":\"Test de l\u00edquido anticongelante para soluciones de etileno y de glicol\"},{\"@type\":\"BreadcrumbList\",\"@id\":\"https:\/\/mantenimientosinformaticos.net\/canarytools\/producto\/test-de-liquido-anticongelante-para-soluciones-de-etileno-y-de-glicol-2\/#breadcrumb\",\"itemListElement\":[{\"@type\":\"ListItem\",\"position\":1,\"name\":\"Portada\",\"item\":\"https:\/\/mantenimientosinformaticos.net\/canarytools\/\"},{\"@type\":\"ListItem\",\"position\":2,\"name\":\"Tienda\",\"item\":\"https:\/\/mantenimientosinformaticos.net\/canarytools\/tienda\/\"},{\"@type\":\"ListItem\",\"position\":3,\"name\":\"Test de l\u00edquido anticongelante para soluciones de etileno y de glicol\"}]},{\"@type\":\"WebSite\",\"@id\":\"https:\/\/mantenimientosinformaticos.net\/canarytools\/#website\",\"url\":\"https:\/\/mantenimientosinformaticos.net\/canarytools\/\",\"name\":\"Canarytools S.L.\",\"description\":\"Herramientas y M\u00e1quinas\",\"publisher\":{\"@id\":\"https:\/\/mantenimientosinformaticos.net\/canarytools\/#\/schema\/person\/355e32754b03bb24b681f1b6917e49bf\"},\"potentialAction\":[{\"@type\":\"SearchAction\",\"target\":{\"@type\":\"EntryPoint\",\"urlTemplate\":\"https:\/\/mantenimientosinformaticos.net\/canarytools\/?s={search_term_string}\"},\"query-input\":\"required name=search_term_string\"}],\"inLanguage\":\"es\"},{\"@type\":[\"Person\",\"Organization\"],\"@id\":\"https:\/\/mantenimientosinformaticos.net\/canarytools\/#\/schema\/person\/355e32754b03bb24b681f1b6917e49bf\",\"name\":\"canarytools.xnetdigital\",\"image\":{\"@type\":\"ImageObject\",\"inLanguage\":\"es\",\"@id\":\"https:\/\/mantenimientosinformaticos.net\/canarytools\/#\/schema\/person\/image\/\",\"url\":\"https:\/\/mantenimientosinformaticos.net\/canarytools\/wp-content\/uploads\/2023\/12\/canary-tools-logo.png\",\"contentUrl\":\"https:\/\/mantenimientosinformaticos.net\/canarytools\/wp-content\/uploads\/2023\/12\/canary-tools-logo.png\",\"width\":1302,\"height\":440,\"caption\":\"canarytools.xnetdigital\"},\"logo\":{\"@id\":\"https:\/\/mantenimientosinformaticos.net\/canarytools\/#\/schema\/person\/image\/\"},\"sameAs\":[\"https:\/\/mantenimientosinformaticos.net\/canarytools\"]}]}<\/script>\n<!-- \/ Yoast SEO plugin. -->","yoast_head_json":{"title":"Test de l\u00edquido anticongelante para soluciones de etileno y de glicol - Canarytools S.L.","robots":{"index":"index","follow":"follow","max-snippet":"max-snippet:-1","max-image-preview":"max-image-preview:large","max-video-preview":"max-video-preview:-1"},"canonical":"https:\/\/mantenimientosinformaticos.net\/canarytools\/producto\/test-de-liquido-anticongelante-para-soluciones-de-etileno-y-de-glicol-2\/","og_locale":"es_ES","og_type":"article","og_title":"Test de l\u00edquido anticongelante para soluciones de etileno y de glicol - Canarytools S.L.","og_description":"apropiado para todas las soluciones de etileno y de glicol trabaja con l\u00edquidos calientes y fr\u00edos para el control visual de \u00f3xido y suciedad en los l\u00edquidos probados","og_url":"https:\/\/mantenimientosinformaticos.net\/canarytools\/producto\/test-de-liquido-anticongelante-para-soluciones-de-etileno-y-de-glicol-2\/","og_site_name":"Canarytools S.L.","og_image":[{"width":540,"height":261,"url":"https:\/\/mantenimientosinformaticos.net\/canarytools\/wp-content\/uploads\/2020\/10\/1487-Test-de-liquido-anticongelante-para-soluciones-de-etileno-y-de-glicol.jpg","type":"image\/jpeg"}],"twitter_card":"summary_large_image","schema":{"@context":"https:\/\/schema.org","@graph":[{"@type":"WebPage","@id":"https:\/\/mantenimientosinformaticos.net\/canarytools\/producto\/test-de-liquido-anticongelante-para-soluciones-de-etileno-y-de-glicol-2\/","url":"https:\/\/mantenimientosinformaticos.net\/canarytools\/producto\/test-de-liquido-anticongelante-para-soluciones-de-etileno-y-de-glicol-2\/","name":"Test de l\u00edquido anticongelante para soluciones de etileno y de glicol - Canarytools S.L.","isPartOf":{"@id":"https:\/\/mantenimientosinformaticos.net\/canarytools\/#website"},"primaryImageOfPage":{"@id":"https:\/\/mantenimientosinformaticos.net\/canarytools\/producto\/test-de-liquido-anticongelante-para-soluciones-de-etileno-y-de-glicol-2\/#primaryimage"},"image":{"@id":"https:\/\/mantenimientosinformaticos.net\/canarytools\/producto\/test-de-liquido-anticongelante-para-soluciones-de-etileno-y-de-glicol-2\/#primaryimage"},"thumbnailUrl":"https:\/\/mantenimientosinformaticos.net\/canarytools\/wp-content\/uploads\/2020\/10\/1487-Test-de-liquido-anticongelante-para-soluciones-de-etileno-y-de-glicol.jpg","datePublished":"2020-10-16T18:11:25+00:00","dateModified":"2020-10-16T18:11:25+00:00","breadcrumb":{"@id":"https:\/\/mantenimientosinformaticos.net\/canarytools\/producto\/test-de-liquido-anticongelante-para-soluciones-de-etileno-y-de-glicol-2\/#breadcrumb"},"inLanguage":"es","potentialAction":[{"@type":"ReadAction","target":["https:\/\/mantenimientosinformaticos.net\/canarytools\/producto\/test-de-liquido-anticongelante-para-soluciones-de-etileno-y-de-glicol-2\/"]}]},{"@type":"ImageObject","inLanguage":"es","@id":"https:\/\/mantenimientosinformaticos.net\/canarytools\/producto\/test-de-liquido-anticongelante-para-soluciones-de-etileno-y-de-glicol-2\/#primaryimage","url":"https:\/\/mantenimientosinformaticos.net\/canarytools\/wp-content\/uploads\/2020\/10\/1487-Test-de-liquido-anticongelante-para-soluciones-de-etileno-y-de-glicol.jpg","contentUrl":"https:\/\/mantenimientosinformaticos.net\/canarytools\/wp-content\/uploads\/2020\/10\/1487-Test-de-liquido-anticongelante-para-soluciones-de-etileno-y-de-glicol.jpg","width":540,"height":261,"caption":"Test de l\u00edquido anticongelante para soluciones de etileno y de glicol"},{"@type":"BreadcrumbList","@id":"https:\/\/mantenimientosinformaticos.net\/canarytools\/producto\/test-de-liquido-anticongelante-para-soluciones-de-etileno-y-de-glicol-2\/#breadcrumb","itemListElement":[{"@type":"ListItem","position":1,"name":"Portada","item":"https:\/\/mantenimientosinformaticos.net\/canarytools\/"},{"@type":"ListItem","position":2,"name":"Tienda","item":"https:\/\/mantenimientosinformaticos.net\/canarytools\/tienda\/"},{"@type":"ListItem","position":3,"name":"Test de l\u00edquido anticongelante para soluciones de etileno y de glicol"}]},{"@type":"WebSite","@id":"https:\/\/mantenimientosinformaticos.net\/canarytools\/#website","url":"https:\/\/mantenimientosinformaticos.net\/canarytools\/","name":"Canarytools S.L.","description":"Herramientas y M\u00e1quinas","publisher":{"@id":"https:\/\/mantenimientosinformaticos.net\/canarytools\/#\/schema\/person\/355e32754b03bb24b681f1b6917e49bf"},"potentialAction":[{"@type":"SearchAction","target":{"@type":"EntryPoint","urlTemplate":"https:\/\/mantenimientosinformaticos.net\/canarytools\/?s={search_term_string}"},"query-input":"required name=search_term_string"}],"inLanguage":"es"},{"@type":["Person","Organization"],"@id":"https:\/\/mantenimientosinformaticos.net\/canarytools\/#\/schema\/person\/355e32754b03bb24b681f1b6917e49bf","name":"canarytools.xnetdigital","image":{"@type":"ImageObject","inLanguage":"es","@id":"https:\/\/mantenimientosinformaticos.net\/canarytools\/#\/schema\/person\/image\/","url":"https:\/\/mantenimientosinformaticos.net\/canarytools\/wp-content\/uploads\/2023\/12\/canary-tools-logo.png","contentUrl":"https:\/\/mantenimientosinformaticos.net\/canarytools\/wp-content\/uploads\/2023\/12\/canary-tools-logo.png","width":1302,"height":440,"caption":"canarytools.xnetdigital"},"logo":{"@id":"https:\/\/mantenimientosinformaticos.net\/canarytools\/#\/schema\/person\/image\/"},"sameAs":["https:\/\/mantenimientosinformaticos.net\/canarytools"]}]}},"_links":{"self":[{"href":"https:\/\/mantenimientosinformaticos.net\/canarytools\/wp-json\/wp\/v2\/product\/6582","targetHints":{"allow":["GET"]}}],"collection":[{"href":"https:\/\/mantenimientosinformaticos.net\/canarytools\/wp-json\/wp\/v2\/product"}],"about":[{"href":"https:\/\/mantenimientosinformaticos.net\/canarytools\/wp-json\/wp\/v2\/types\/product"}],"replies":[{"embeddable":true,"href":"https:\/\/mantenimientosinformaticos.net\/canarytools\/wp-json\/wp\/v2\/comments?post=6582"}],"wp:featuredmedia":[{"embeddable":true,"href":"https:\/\/mantenimientosinformaticos.net\/canarytools\/wp-json\/wp\/v2\/media\/6580"}],"wp:attachment":[{"href":"https:\/\/mantenimientosinformaticos.net\/canarytools\/wp-json\/wp\/v2\/media?parent=6582"}],"wp:term":[{"taxonomy":"product_cat","embeddable":true,"href":"https:\/\/mantenimientosinformaticos.net\/canarytools\/wp-json\/wp\/v2\/product_cat?post=6582"},{"taxonomy":"product_tag","embeddable":true,"href":"https:\/\/mantenimientosinformaticos.net\/canarytools\/wp-json\/wp\/v2\/product_tag?post=6582"}],"curies":[{"name":"wp","href":"https:\/\/api.w.org\/{rel}","templated":true}]}}