{"id":5643,"date":"2020-06-01T19:25:54","date_gmt":"2020-06-01T17:25:54","guid":{"rendered":"https:\/\/mantenimientosinformaticos.net\/canarytools\/producto\/alicate-de-puntas-circlip-angular-para-anillos-de-retencion-interiores-180-mm\/"},"modified":"2020-06-01T19:25:54","modified_gmt":"2020-06-01T17:25:54","slug":"alicate-de-puntas-circlip-angular-para-anillos-de-retencion-interiores-180-mm","status":"publish","type":"product","link":"https:\/\/mantenimientosinformaticos.net\/canarytools\/producto\/alicate-de-puntas-circlip-angular-para-anillos-de-retencion-interiores-180-mm\/","title":{"rendered":"REF.:434.        Alicate de puntas (circlip) angular para anillos de retenci\u00f3n interiores 180 mm"},"content":{"rendered":"","protected":false},"excerpt":{"rendered":"<div class=\"productDescriptionContent\">Para el montaje y desmontaje de anillos de retenci\u00f3n<br \/>puntas especialmente endurecidas, \u00d8 1,8 mm<br \/>mango recubierto<\/div>\n<\/p>\n<h3>Datos t\u00e9cnicos<\/h3>\n<\/p>\n<table class=\"table table-striped\" width=\"570\" style=\"height:72px;\">\n<colgroup>\n<col style=\"width:50%;\" \/>\n<col style=\"width:50%;\" \/><\/colgroup>\n<tbody>\n<tr>\n<td>Embalaje adecuado para colgar de la pared<\/td>\n<td>S\u00ed<\/td>\n<\/tr>\n<tr>\n<td>Material<\/td>\n<td>Acero al cromo vanadio<\/td>\n<\/tr>\n<tr>\n<td>Longitud<\/td>\n<td>180 mm<\/td>\n<\/tr>\n<tr>\n<td>Peso bruto<\/td>\n<td>150 g<\/td>\n<\/tr>\n<\/tbody>\n<\/table>\n","protected":false},"featured_media":5642,"comment_status":"open","ping_status":"closed","template":"","meta":[],"product_cat":[511,495],"product_tag":[],"class_list":{"0":"post-5643","1":"product","2":"type-product","3":"status-publish","4":"has-post-thumbnail","6":"product_cat-alicantes-tenazas-pinzas","7":"product_cat-herramientas-manuales","9":"first","10":"instock","11":"shipping-taxable","12":"purchasable","13":"product-type-simple"},"yoast_head":"<!-- This site is optimized with the Yoast SEO plugin v22.7 - https:\/\/yoast.com\/wordpress\/plugins\/seo\/ -->\n<title>REF.:434.    Alicate de puntas (circlip) angular para anillos de retenci\u00f3n interiores 180 mm - Canarytools S.L.<\/title>\n<meta name=\"robots\" content=\"index, follow, max-snippet:-1, max-image-preview:large, max-video-preview:-1\" \/>\n<link rel=\"canonical\" href=\"https:\/\/mantenimientosinformaticos.net\/canarytools\/producto\/alicate-de-puntas-circlip-angular-para-anillos-de-retencion-interiores-180-mm\/\" \/>\n<meta property=\"og:locale\" content=\"es_ES\" \/>\n<meta property=\"og:type\" content=\"article\" \/>\n<meta property=\"og:title\" content=\"REF.:434.    Alicate de puntas (circlip) angular para anillos de retenci\u00f3n interiores 180 mm - Canarytools S.L.\" \/>\n<meta property=\"og:description\" content=\"Para el montaje y desmontaje de anillos de retenci\u00f3npuntas especialmente endurecidas, \u00d8 1,8 mmmango recubierto Datos t\u00e9cnicos Embalaje adecuado para colgar de la pared S\u00ed Material Acero al cromo vanadio Longitud 180 mm Peso bruto 150 g\" \/>\n<meta property=\"og:url\" content=\"https:\/\/mantenimientosinformaticos.net\/canarytools\/producto\/alicate-de-puntas-circlip-angular-para-anillos-de-retencion-interiores-180-mm\/\" \/>\n<meta property=\"og:site_name\" content=\"Canarytools S.L.\" \/>\n<meta property=\"og:image\" content=\"https:\/\/mantenimientosinformaticos.net\/canarytools\/wp-content\/uploads\/2020\/06\/990-REF.434.-Alicate-de-puntas-circlip-angular-para-anillos-de-retencion-interiores-180-mm.jpg\" \/>\n\t<meta property=\"og:image:width\" content=\"500\" \/>\n\t<meta property=\"og:image:height\" content=\"247\" \/>\n\t<meta property=\"og:image:type\" content=\"image\/jpeg\" \/>\n<meta name=\"twitter:card\" content=\"summary_large_image\" \/>\n<script type=\"application\/ld+json\" class=\"yoast-schema-graph\">{\"@context\":\"https:\/\/schema.org\",\"@graph\":[{\"@type\":\"WebPage\",\"@id\":\"https:\/\/mantenimientosinformaticos.net\/canarytools\/producto\/alicate-de-puntas-circlip-angular-para-anillos-de-retencion-interiores-180-mm\/\",\"url\":\"https:\/\/mantenimientosinformaticos.net\/canarytools\/producto\/alicate-de-puntas-circlip-angular-para-anillos-de-retencion-interiores-180-mm\/\",\"name\":\"REF.:434. Alicate de puntas (circlip) angular para anillos de retenci\u00f3n interiores 180 mm - Canarytools S.L.\",\"isPartOf\":{\"@id\":\"https:\/\/mantenimientosinformaticos.net\/canarytools\/#website\"},\"primaryImageOfPage\":{\"@id\":\"https:\/\/mantenimientosinformaticos.net\/canarytools\/producto\/alicate-de-puntas-circlip-angular-para-anillos-de-retencion-interiores-180-mm\/#primaryimage\"},\"image\":{\"@id\":\"https:\/\/mantenimientosinformaticos.net\/canarytools\/producto\/alicate-de-puntas-circlip-angular-para-anillos-de-retencion-interiores-180-mm\/#primaryimage\"},\"thumbnailUrl\":\"https:\/\/mantenimientosinformaticos.net\/canarytools\/wp-content\/uploads\/2020\/06\/990-REF.434.-Alicate-de-puntas-circlip-angular-para-anillos-de-retencion-interiores-180-mm.jpg\",\"datePublished\":\"2020-06-01T17:25:54+00:00\",\"dateModified\":\"2020-06-01T17:25:54+00:00\",\"breadcrumb\":{\"@id\":\"https:\/\/mantenimientosinformaticos.net\/canarytools\/producto\/alicate-de-puntas-circlip-angular-para-anillos-de-retencion-interiores-180-mm\/#breadcrumb\"},\"inLanguage\":\"es\",\"potentialAction\":[{\"@type\":\"ReadAction\",\"target\":[\"https:\/\/mantenimientosinformaticos.net\/canarytools\/producto\/alicate-de-puntas-circlip-angular-para-anillos-de-retencion-interiores-180-mm\/\"]}]},{\"@type\":\"ImageObject\",\"inLanguage\":\"es\",\"@id\":\"https:\/\/mantenimientosinformaticos.net\/canarytools\/producto\/alicate-de-puntas-circlip-angular-para-anillos-de-retencion-interiores-180-mm\/#primaryimage\",\"url\":\"https:\/\/mantenimientosinformaticos.net\/canarytools\/wp-content\/uploads\/2020\/06\/990-REF.434.-Alicate-de-puntas-circlip-angular-para-anillos-de-retencion-interiores-180-mm.jpg\",\"contentUrl\":\"https:\/\/mantenimientosinformaticos.net\/canarytools\/wp-content\/uploads\/2020\/06\/990-REF.434.-Alicate-de-puntas-circlip-angular-para-anillos-de-retencion-interiores-180-mm.jpg\",\"width\":500,\"height\":247,\"caption\":\"REF.:434. Alicate de puntas (circlip) angular para anillos de retenci\u00f3n interiores 180 mm\"},{\"@type\":\"BreadcrumbList\",\"@id\":\"https:\/\/mantenimientosinformaticos.net\/canarytools\/producto\/alicate-de-puntas-circlip-angular-para-anillos-de-retencion-interiores-180-mm\/#breadcrumb\",\"itemListElement\":[{\"@type\":\"ListItem\",\"position\":1,\"name\":\"Portada\",\"item\":\"https:\/\/mantenimientosinformaticos.net\/canarytools\/\"},{\"@type\":\"ListItem\",\"position\":2,\"name\":\"Tienda\",\"item\":\"https:\/\/mantenimientosinformaticos.net\/canarytools\/tienda\/\"},{\"@type\":\"ListItem\",\"position\":3,\"name\":\"REF.:434. Alicate de puntas (circlip) angular para anillos de retenci\u00f3n interiores 180 mm\"}]},{\"@type\":\"WebSite\",\"@id\":\"https:\/\/mantenimientosinformaticos.net\/canarytools\/#website\",\"url\":\"https:\/\/mantenimientosinformaticos.net\/canarytools\/\",\"name\":\"Canarytools S.L.\",\"description\":\"Herramientas y M\u00e1quinas\",\"publisher\":{\"@id\":\"https:\/\/mantenimientosinformaticos.net\/canarytools\/#\/schema\/person\/355e32754b03bb24b681f1b6917e49bf\"},\"potentialAction\":[{\"@type\":\"SearchAction\",\"target\":{\"@type\":\"EntryPoint\",\"urlTemplate\":\"https:\/\/mantenimientosinformaticos.net\/canarytools\/?s={search_term_string}\"},\"query-input\":\"required name=search_term_string\"}],\"inLanguage\":\"es\"},{\"@type\":[\"Person\",\"Organization\"],\"@id\":\"https:\/\/mantenimientosinformaticos.net\/canarytools\/#\/schema\/person\/355e32754b03bb24b681f1b6917e49bf\",\"name\":\"canarytools.xnetdigital\",\"image\":{\"@type\":\"ImageObject\",\"inLanguage\":\"es\",\"@id\":\"https:\/\/mantenimientosinformaticos.net\/canarytools\/#\/schema\/person\/image\/\",\"url\":\"https:\/\/mantenimientosinformaticos.net\/canarytools\/wp-content\/uploads\/2023\/12\/canary-tools-logo.png\",\"contentUrl\":\"https:\/\/mantenimientosinformaticos.net\/canarytools\/wp-content\/uploads\/2023\/12\/canary-tools-logo.png\",\"width\":1302,\"height\":440,\"caption\":\"canarytools.xnetdigital\"},\"logo\":{\"@id\":\"https:\/\/mantenimientosinformaticos.net\/canarytools\/#\/schema\/person\/image\/\"},\"sameAs\":[\"https:\/\/mantenimientosinformaticos.net\/canarytools\"]}]}<\/script>\n<!-- \/ Yoast SEO plugin. -->","yoast_head_json":{"title":"REF.:434.    Alicate de puntas (circlip) angular para anillos de retenci\u00f3n interiores 180 mm - Canarytools S.L.","robots":{"index":"index","follow":"follow","max-snippet":"max-snippet:-1","max-image-preview":"max-image-preview:large","max-video-preview":"max-video-preview:-1"},"canonical":"https:\/\/mantenimientosinformaticos.net\/canarytools\/producto\/alicate-de-puntas-circlip-angular-para-anillos-de-retencion-interiores-180-mm\/","og_locale":"es_ES","og_type":"article","og_title":"REF.:434.    Alicate de puntas (circlip) angular para anillos de retenci\u00f3n interiores 180 mm - Canarytools S.L.","og_description":"Para el montaje y desmontaje de anillos de retenci\u00f3npuntas especialmente endurecidas, \u00d8 1,8 mmmango recubierto Datos t\u00e9cnicos Embalaje adecuado para colgar de la pared S\u00ed Material Acero al cromo vanadio Longitud 180 mm Peso bruto 150 g","og_url":"https:\/\/mantenimientosinformaticos.net\/canarytools\/producto\/alicate-de-puntas-circlip-angular-para-anillos-de-retencion-interiores-180-mm\/","og_site_name":"Canarytools S.L.","og_image":[{"width":500,"height":247,"url":"https:\/\/mantenimientosinformaticos.net\/canarytools\/wp-content\/uploads\/2020\/06\/990-REF.434.-Alicate-de-puntas-circlip-angular-para-anillos-de-retencion-interiores-180-mm.jpg","type":"image\/jpeg"}],"twitter_card":"summary_large_image","schema":{"@context":"https:\/\/schema.org","@graph":[{"@type":"WebPage","@id":"https:\/\/mantenimientosinformaticos.net\/canarytools\/producto\/alicate-de-puntas-circlip-angular-para-anillos-de-retencion-interiores-180-mm\/","url":"https:\/\/mantenimientosinformaticos.net\/canarytools\/producto\/alicate-de-puntas-circlip-angular-para-anillos-de-retencion-interiores-180-mm\/","name":"REF.:434. Alicate de puntas (circlip) angular para anillos de retenci\u00f3n interiores 180 mm - Canarytools S.L.","isPartOf":{"@id":"https:\/\/mantenimientosinformaticos.net\/canarytools\/#website"},"primaryImageOfPage":{"@id":"https:\/\/mantenimientosinformaticos.net\/canarytools\/producto\/alicate-de-puntas-circlip-angular-para-anillos-de-retencion-interiores-180-mm\/#primaryimage"},"image":{"@id":"https:\/\/mantenimientosinformaticos.net\/canarytools\/producto\/alicate-de-puntas-circlip-angular-para-anillos-de-retencion-interiores-180-mm\/#primaryimage"},"thumbnailUrl":"https:\/\/mantenimientosinformaticos.net\/canarytools\/wp-content\/uploads\/2020\/06\/990-REF.434.-Alicate-de-puntas-circlip-angular-para-anillos-de-retencion-interiores-180-mm.jpg","datePublished":"2020-06-01T17:25:54+00:00","dateModified":"2020-06-01T17:25:54+00:00","breadcrumb":{"@id":"https:\/\/mantenimientosinformaticos.net\/canarytools\/producto\/alicate-de-puntas-circlip-angular-para-anillos-de-retencion-interiores-180-mm\/#breadcrumb"},"inLanguage":"es","potentialAction":[{"@type":"ReadAction","target":["https:\/\/mantenimientosinformaticos.net\/canarytools\/producto\/alicate-de-puntas-circlip-angular-para-anillos-de-retencion-interiores-180-mm\/"]}]},{"@type":"ImageObject","inLanguage":"es","@id":"https:\/\/mantenimientosinformaticos.net\/canarytools\/producto\/alicate-de-puntas-circlip-angular-para-anillos-de-retencion-interiores-180-mm\/#primaryimage","url":"https:\/\/mantenimientosinformaticos.net\/canarytools\/wp-content\/uploads\/2020\/06\/990-REF.434.-Alicate-de-puntas-circlip-angular-para-anillos-de-retencion-interiores-180-mm.jpg","contentUrl":"https:\/\/mantenimientosinformaticos.net\/canarytools\/wp-content\/uploads\/2020\/06\/990-REF.434.-Alicate-de-puntas-circlip-angular-para-anillos-de-retencion-interiores-180-mm.jpg","width":500,"height":247,"caption":"REF.:434. Alicate de puntas (circlip) angular para anillos de retenci\u00f3n interiores 180 mm"},{"@type":"BreadcrumbList","@id":"https:\/\/mantenimientosinformaticos.net\/canarytools\/producto\/alicate-de-puntas-circlip-angular-para-anillos-de-retencion-interiores-180-mm\/#breadcrumb","itemListElement":[{"@type":"ListItem","position":1,"name":"Portada","item":"https:\/\/mantenimientosinformaticos.net\/canarytools\/"},{"@type":"ListItem","position":2,"name":"Tienda","item":"https:\/\/mantenimientosinformaticos.net\/canarytools\/tienda\/"},{"@type":"ListItem","position":3,"name":"REF.:434. Alicate de puntas (circlip) angular para anillos de retenci\u00f3n interiores 180 mm"}]},{"@type":"WebSite","@id":"https:\/\/mantenimientosinformaticos.net\/canarytools\/#website","url":"https:\/\/mantenimientosinformaticos.net\/canarytools\/","name":"Canarytools S.L.","description":"Herramientas y M\u00e1quinas","publisher":{"@id":"https:\/\/mantenimientosinformaticos.net\/canarytools\/#\/schema\/person\/355e32754b03bb24b681f1b6917e49bf"},"potentialAction":[{"@type":"SearchAction","target":{"@type":"EntryPoint","urlTemplate":"https:\/\/mantenimientosinformaticos.net\/canarytools\/?s={search_term_string}"},"query-input":"required name=search_term_string"}],"inLanguage":"es"},{"@type":["Person","Organization"],"@id":"https:\/\/mantenimientosinformaticos.net\/canarytools\/#\/schema\/person\/355e32754b03bb24b681f1b6917e49bf","name":"canarytools.xnetdigital","image":{"@type":"ImageObject","inLanguage":"es","@id":"https:\/\/mantenimientosinformaticos.net\/canarytools\/#\/schema\/person\/image\/","url":"https:\/\/mantenimientosinformaticos.net\/canarytools\/wp-content\/uploads\/2023\/12\/canary-tools-logo.png","contentUrl":"https:\/\/mantenimientosinformaticos.net\/canarytools\/wp-content\/uploads\/2023\/12\/canary-tools-logo.png","width":1302,"height":440,"caption":"canarytools.xnetdigital"},"logo":{"@id":"https:\/\/mantenimientosinformaticos.net\/canarytools\/#\/schema\/person\/image\/"},"sameAs":["https:\/\/mantenimientosinformaticos.net\/canarytools"]}]}},"_links":{"self":[{"href":"https:\/\/mantenimientosinformaticos.net\/canarytools\/wp-json\/wp\/v2\/product\/5643","targetHints":{"allow":["GET"]}}],"collection":[{"href":"https:\/\/mantenimientosinformaticos.net\/canarytools\/wp-json\/wp\/v2\/product"}],"about":[{"href":"https:\/\/mantenimientosinformaticos.net\/canarytools\/wp-json\/wp\/v2\/types\/product"}],"replies":[{"embeddable":true,"href":"https:\/\/mantenimientosinformaticos.net\/canarytools\/wp-json\/wp\/v2\/comments?post=5643"}],"wp:featuredmedia":[{"embeddable":true,"href":"https:\/\/mantenimientosinformaticos.net\/canarytools\/wp-json\/wp\/v2\/media\/5642"}],"wp:attachment":[{"href":"https:\/\/mantenimientosinformaticos.net\/canarytools\/wp-json\/wp\/v2\/media?parent=5643"}],"wp:term":[{"taxonomy":"product_cat","embeddable":true,"href":"https:\/\/mantenimientosinformaticos.net\/canarytools\/wp-json\/wp\/v2\/product_cat?post=5643"},{"taxonomy":"product_tag","embeddable":true,"href":"https:\/\/mantenimientosinformaticos.net\/canarytools\/wp-json\/wp\/v2\/product_tag?post=5643"}],"curies":[{"name":"wp","href":"https:\/\/api.w.org\/{rel}","templated":true}]}}