{"id":5143,"date":"2020-05-14T18:49:57","date_gmt":"2020-05-14T16:49:57","guid":{"rendered":"https:\/\/mantenimientosinformaticos.net\/canarytools\/producto\/techomig-223-treo-synergic-con-2-antorchas\/"},"modified":"2020-05-14T18:49:57","modified_gmt":"2020-05-14T16:49:57","slug":"techomig-223-treo-synergic-con-2-antorchas","status":"publish","type":"product","link":"https:\/\/mantenimientosinformaticos.net\/canarytools\/producto\/techomig-223-treo-synergic-con-2-antorchas\/","title":{"rendered":"REF.:103 816058      TecHomig 223 treo synergic con 2 antorchas"},"content":{"rendered":"<p>La tecnolog\u00eda ATC, Made in Telwin, permite obtener con gran facilidad soldaduras excelentes en espesores sutiles, gracias a un<br \/>control avanzado del arco.<br \/>Adem\u00e1s es posible intervenir manualmente en la longitud del arco: esta regulaci\u00f3n permitir\u00e1 modificar la forma del cord\u00f3n de<br \/>soldadura en funci\u00f3n del estilo del soldador.<br \/>El display gr\u00e1fico ONE TOUCH LCD permite una lectura mejor de todos los par\u00e1metros de soldadura. Caracter\u00edsticas:<br \/>&#8211; 17 curvas sin\u00e9rgicas preparadas<br \/>&#8211; Visualizaci\u00f3n en display LCD de los par\u00e1metros de soldadura<br \/>&#8211; Regulaciones: rampa de subida de hilo, reactancia electr\u00f3nica, tiempo de quemado final del hilo (burn-back), post gas<br \/>&#8211; Selecci\u00f3n funcionamiento 2\/4 tiempos, spot<br \/>&#8211; Protecci\u00f3nes termost\u00e1tica, sobre-tensi\u00f3n, baja-tensi\u00f3n, sobre-corriente, motogenerador (+\/- 15).<br \/>Equipada con 2 sopletes MIG-MAG, cable y pinza de masa<\/p>\n","protected":false},"excerpt":{"rendered":"<p>Soldadora inverter, multiproceso MIG-MAG\/FLUX\/BRAZING\/MMA\/TIG DC-Lift controlada con microprocesador.<br \/>Est\u00e1 especialmente indicada en carrocer\u00eda y permite la utilizaci\u00f3n inmediata de tres sopletes diferentes, dos tradicionales y uno spool<br \/>gun. Esta caracter\u00edstica permite la intervenci\u00f3n directa en diferentes materiales sin efectuar cambios de sopletes de bobinas de hilo.<br \/>Los sopletes mig tradicionales est\u00e1n dedicados a la soldadura del acero, de los aceros de alta resistencia HSS, del acero inoxidable<br \/>y la cobresoldadura de chapas cincadas mientras que el sopletespool gun es espec\u00edfico para el aluminio incluso a larga distancia del<br \/>generador.<br \/>La r\u00e1pida regulaci\u00f3n SIN\u00c9RGICA de los par\u00e1metros de soldadura gracias a la tecnolog\u00eda ONE TOUCH LCD SYNERGY, vuelve el<br \/>producto muy simple de usar.<\/p>\n","protected":false},"featured_media":5142,"comment_status":"open","ping_status":"closed","template":"","meta":[],"product_cat":[492,549],"product_tag":[],"class_list":{"0":"post-5143","1":"product","2":"type-product","3":"status-publish","4":"has-post-thumbnail","6":"product_cat-equipo-de-talleres","7":"product_cat-soldadora","9":"first","10":"onbackorder","11":"shipping-taxable","12":"purchasable","13":"product-type-simple"},"yoast_head":"<!-- This site is optimized with the Yoast SEO plugin v22.7 - https:\/\/yoast.com\/wordpress\/plugins\/seo\/ -->\n<title>REF.:103 816058   TecHomig 223 treo synergic con 2 antorchas - Canarytools S.L.<\/title>\n<meta name=\"robots\" content=\"index, follow, max-snippet:-1, max-image-preview:large, max-video-preview:-1\" \/>\n<link rel=\"canonical\" href=\"https:\/\/mantenimientosinformaticos.net\/canarytools\/producto\/techomig-223-treo-synergic-con-2-antorchas\/\" \/>\n<meta property=\"og:locale\" content=\"es_ES\" \/>\n<meta property=\"og:type\" content=\"article\" \/>\n<meta property=\"og:title\" content=\"REF.:103 816058   TecHomig 223 treo synergic con 2 antorchas - Canarytools S.L.\" \/>\n<meta property=\"og:description\" content=\"Soldadora inverter, multiproceso MIG-MAG\/FLUX\/BRAZING\/MMA\/TIG DC-Lift controlada con microprocesador.Est\u00e1 especialmente indicada en carrocer\u00eda y permite la utilizaci\u00f3n inmediata de tres sopletes diferentes, dos tradicionales y uno spoolgun. Esta caracter\u00edstica permite la intervenci\u00f3n directa en diferentes materiales sin efectuar cambios de sopletes de bobinas de hilo.Los sopletes mig tradicionales est\u00e1n dedicados a la soldadura del acero, de los aceros de alta resistencia HSS, del acero inoxidabley la cobresoldadura de chapas cincadas mientras que el sopletespool gun es espec\u00edfico para el aluminio incluso a larga distancia delgenerador.La r\u00e1pida regulaci\u00f3n SIN\u00c9RGICA de los par\u00e1metros de soldadura gracias a la tecnolog\u00eda ONE TOUCH LCD SYNERGY, vuelve elproducto muy simple de usar.\" \/>\n<meta property=\"og:url\" content=\"https:\/\/mantenimientosinformaticos.net\/canarytools\/producto\/techomig-223-treo-synergic-con-2-antorchas\/\" \/>\n<meta property=\"og:site_name\" content=\"Canarytools S.L.\" \/>\n<meta property=\"og:image\" content=\"https:\/\/mantenimientosinformaticos.net\/canarytools\/wp-content\/uploads\/2020\/05\/720-REF.103-816058-TecHomig-223-treo-synergic-con-2-antorchas.jpg\" \/>\n\t<meta property=\"og:image:width\" content=\"608\" \/>\n\t<meta property=\"og:image:height\" content=\"1025\" \/>\n\t<meta property=\"og:image:type\" content=\"image\/jpeg\" \/>\n<meta name=\"twitter:card\" content=\"summary_large_image\" \/>\n<meta name=\"twitter:label1\" content=\"Tiempo de lectura\" \/>\n\t<meta name=\"twitter:data1\" content=\"1 minuto\" \/>\n<script type=\"application\/ld+json\" class=\"yoast-schema-graph\">{\"@context\":\"https:\/\/schema.org\",\"@graph\":[{\"@type\":\"WebPage\",\"@id\":\"https:\/\/mantenimientosinformaticos.net\/canarytools\/producto\/techomig-223-treo-synergic-con-2-antorchas\/\",\"url\":\"https:\/\/mantenimientosinformaticos.net\/canarytools\/producto\/techomig-223-treo-synergic-con-2-antorchas\/\",\"name\":\"REF.:103 816058 TecHomig 223 treo synergic con 2 antorchas - Canarytools S.L.\",\"isPartOf\":{\"@id\":\"https:\/\/mantenimientosinformaticos.net\/canarytools\/#website\"},\"primaryImageOfPage\":{\"@id\":\"https:\/\/mantenimientosinformaticos.net\/canarytools\/producto\/techomig-223-treo-synergic-con-2-antorchas\/#primaryimage\"},\"image\":{\"@id\":\"https:\/\/mantenimientosinformaticos.net\/canarytools\/producto\/techomig-223-treo-synergic-con-2-antorchas\/#primaryimage\"},\"thumbnailUrl\":\"https:\/\/mantenimientosinformaticos.net\/canarytools\/wp-content\/uploads\/2020\/05\/720-REF.103-816058-TecHomig-223-treo-synergic-con-2-antorchas.jpg\",\"datePublished\":\"2020-05-14T16:49:57+00:00\",\"dateModified\":\"2020-05-14T16:49:57+00:00\",\"breadcrumb\":{\"@id\":\"https:\/\/mantenimientosinformaticos.net\/canarytools\/producto\/techomig-223-treo-synergic-con-2-antorchas\/#breadcrumb\"},\"inLanguage\":\"es\",\"potentialAction\":[{\"@type\":\"ReadAction\",\"target\":[\"https:\/\/mantenimientosinformaticos.net\/canarytools\/producto\/techomig-223-treo-synergic-con-2-antorchas\/\"]}]},{\"@type\":\"ImageObject\",\"inLanguage\":\"es\",\"@id\":\"https:\/\/mantenimientosinformaticos.net\/canarytools\/producto\/techomig-223-treo-synergic-con-2-antorchas\/#primaryimage\",\"url\":\"https:\/\/mantenimientosinformaticos.net\/canarytools\/wp-content\/uploads\/2020\/05\/720-REF.103-816058-TecHomig-223-treo-synergic-con-2-antorchas.jpg\",\"contentUrl\":\"https:\/\/mantenimientosinformaticos.net\/canarytools\/wp-content\/uploads\/2020\/05\/720-REF.103-816058-TecHomig-223-treo-synergic-con-2-antorchas.jpg\",\"width\":608,\"height\":1025,\"caption\":\"REF.:103 816058 TecHomig 223 treo synergic con 2 antorchas\"},{\"@type\":\"BreadcrumbList\",\"@id\":\"https:\/\/mantenimientosinformaticos.net\/canarytools\/producto\/techomig-223-treo-synergic-con-2-antorchas\/#breadcrumb\",\"itemListElement\":[{\"@type\":\"ListItem\",\"position\":1,\"name\":\"Portada\",\"item\":\"https:\/\/mantenimientosinformaticos.net\/canarytools\/\"},{\"@type\":\"ListItem\",\"position\":2,\"name\":\"Tienda\",\"item\":\"https:\/\/mantenimientosinformaticos.net\/canarytools\/tienda\/\"},{\"@type\":\"ListItem\",\"position\":3,\"name\":\"REF.:103 816058 TecHomig 223 treo synergic con 2 antorchas\"}]},{\"@type\":\"WebSite\",\"@id\":\"https:\/\/mantenimientosinformaticos.net\/canarytools\/#website\",\"url\":\"https:\/\/mantenimientosinformaticos.net\/canarytools\/\",\"name\":\"Canarytools S.L.\",\"description\":\"Herramientas y M\u00e1quinas\",\"publisher\":{\"@id\":\"https:\/\/mantenimientosinformaticos.net\/canarytools\/#\/schema\/person\/355e32754b03bb24b681f1b6917e49bf\"},\"potentialAction\":[{\"@type\":\"SearchAction\",\"target\":{\"@type\":\"EntryPoint\",\"urlTemplate\":\"https:\/\/mantenimientosinformaticos.net\/canarytools\/?s={search_term_string}\"},\"query-input\":\"required name=search_term_string\"}],\"inLanguage\":\"es\"},{\"@type\":[\"Person\",\"Organization\"],\"@id\":\"https:\/\/mantenimientosinformaticos.net\/canarytools\/#\/schema\/person\/355e32754b03bb24b681f1b6917e49bf\",\"name\":\"canarytools.xnetdigital\",\"image\":{\"@type\":\"ImageObject\",\"inLanguage\":\"es\",\"@id\":\"https:\/\/mantenimientosinformaticos.net\/canarytools\/#\/schema\/person\/image\/\",\"url\":\"https:\/\/mantenimientosinformaticos.net\/canarytools\/wp-content\/uploads\/2023\/12\/canary-tools-logo.png\",\"contentUrl\":\"https:\/\/mantenimientosinformaticos.net\/canarytools\/wp-content\/uploads\/2023\/12\/canary-tools-logo.png\",\"width\":1302,\"height\":440,\"caption\":\"canarytools.xnetdigital\"},\"logo\":{\"@id\":\"https:\/\/mantenimientosinformaticos.net\/canarytools\/#\/schema\/person\/image\/\"},\"sameAs\":[\"https:\/\/mantenimientosinformaticos.net\/canarytools\"]}]}<\/script>\n<!-- \/ Yoast SEO plugin. -->","yoast_head_json":{"title":"REF.:103 816058   TecHomig 223 treo synergic con 2 antorchas - Canarytools S.L.","robots":{"index":"index","follow":"follow","max-snippet":"max-snippet:-1","max-image-preview":"max-image-preview:large","max-video-preview":"max-video-preview:-1"},"canonical":"https:\/\/mantenimientosinformaticos.net\/canarytools\/producto\/techomig-223-treo-synergic-con-2-antorchas\/","og_locale":"es_ES","og_type":"article","og_title":"REF.:103 816058   TecHomig 223 treo synergic con 2 antorchas - Canarytools S.L.","og_description":"Soldadora inverter, multiproceso MIG-MAG\/FLUX\/BRAZING\/MMA\/TIG DC-Lift controlada con microprocesador.Est\u00e1 especialmente indicada en carrocer\u00eda y permite la utilizaci\u00f3n inmediata de tres sopletes diferentes, dos tradicionales y uno spoolgun. Esta caracter\u00edstica permite la intervenci\u00f3n directa en diferentes materiales sin efectuar cambios de sopletes de bobinas de hilo.Los sopletes mig tradicionales est\u00e1n dedicados a la soldadura del acero, de los aceros de alta resistencia HSS, del acero inoxidabley la cobresoldadura de chapas cincadas mientras que el sopletespool gun es espec\u00edfico para el aluminio incluso a larga distancia delgenerador.La r\u00e1pida regulaci\u00f3n SIN\u00c9RGICA de los par\u00e1metros de soldadura gracias a la tecnolog\u00eda ONE TOUCH LCD SYNERGY, vuelve elproducto muy simple de usar.","og_url":"https:\/\/mantenimientosinformaticos.net\/canarytools\/producto\/techomig-223-treo-synergic-con-2-antorchas\/","og_site_name":"Canarytools S.L.","og_image":[{"width":608,"height":1025,"url":"https:\/\/mantenimientosinformaticos.net\/canarytools\/wp-content\/uploads\/2020\/05\/720-REF.103-816058-TecHomig-223-treo-synergic-con-2-antorchas.jpg","type":"image\/jpeg"}],"twitter_card":"summary_large_image","twitter_misc":{"Tiempo de lectura":"1 minuto"},"schema":{"@context":"https:\/\/schema.org","@graph":[{"@type":"WebPage","@id":"https:\/\/mantenimientosinformaticos.net\/canarytools\/producto\/techomig-223-treo-synergic-con-2-antorchas\/","url":"https:\/\/mantenimientosinformaticos.net\/canarytools\/producto\/techomig-223-treo-synergic-con-2-antorchas\/","name":"REF.:103 816058 TecHomig 223 treo synergic con 2 antorchas - Canarytools S.L.","isPartOf":{"@id":"https:\/\/mantenimientosinformaticos.net\/canarytools\/#website"},"primaryImageOfPage":{"@id":"https:\/\/mantenimientosinformaticos.net\/canarytools\/producto\/techomig-223-treo-synergic-con-2-antorchas\/#primaryimage"},"image":{"@id":"https:\/\/mantenimientosinformaticos.net\/canarytools\/producto\/techomig-223-treo-synergic-con-2-antorchas\/#primaryimage"},"thumbnailUrl":"https:\/\/mantenimientosinformaticos.net\/canarytools\/wp-content\/uploads\/2020\/05\/720-REF.103-816058-TecHomig-223-treo-synergic-con-2-antorchas.jpg","datePublished":"2020-05-14T16:49:57+00:00","dateModified":"2020-05-14T16:49:57+00:00","breadcrumb":{"@id":"https:\/\/mantenimientosinformaticos.net\/canarytools\/producto\/techomig-223-treo-synergic-con-2-antorchas\/#breadcrumb"},"inLanguage":"es","potentialAction":[{"@type":"ReadAction","target":["https:\/\/mantenimientosinformaticos.net\/canarytools\/producto\/techomig-223-treo-synergic-con-2-antorchas\/"]}]},{"@type":"ImageObject","inLanguage":"es","@id":"https:\/\/mantenimientosinformaticos.net\/canarytools\/producto\/techomig-223-treo-synergic-con-2-antorchas\/#primaryimage","url":"https:\/\/mantenimientosinformaticos.net\/canarytools\/wp-content\/uploads\/2020\/05\/720-REF.103-816058-TecHomig-223-treo-synergic-con-2-antorchas.jpg","contentUrl":"https:\/\/mantenimientosinformaticos.net\/canarytools\/wp-content\/uploads\/2020\/05\/720-REF.103-816058-TecHomig-223-treo-synergic-con-2-antorchas.jpg","width":608,"height":1025,"caption":"REF.:103 816058 TecHomig 223 treo synergic con 2 antorchas"},{"@type":"BreadcrumbList","@id":"https:\/\/mantenimientosinformaticos.net\/canarytools\/producto\/techomig-223-treo-synergic-con-2-antorchas\/#breadcrumb","itemListElement":[{"@type":"ListItem","position":1,"name":"Portada","item":"https:\/\/mantenimientosinformaticos.net\/canarytools\/"},{"@type":"ListItem","position":2,"name":"Tienda","item":"https:\/\/mantenimientosinformaticos.net\/canarytools\/tienda\/"},{"@type":"ListItem","position":3,"name":"REF.:103 816058 TecHomig 223 treo synergic con 2 antorchas"}]},{"@type":"WebSite","@id":"https:\/\/mantenimientosinformaticos.net\/canarytools\/#website","url":"https:\/\/mantenimientosinformaticos.net\/canarytools\/","name":"Canarytools S.L.","description":"Herramientas y M\u00e1quinas","publisher":{"@id":"https:\/\/mantenimientosinformaticos.net\/canarytools\/#\/schema\/person\/355e32754b03bb24b681f1b6917e49bf"},"potentialAction":[{"@type":"SearchAction","target":{"@type":"EntryPoint","urlTemplate":"https:\/\/mantenimientosinformaticos.net\/canarytools\/?s={search_term_string}"},"query-input":"required name=search_term_string"}],"inLanguage":"es"},{"@type":["Person","Organization"],"@id":"https:\/\/mantenimientosinformaticos.net\/canarytools\/#\/schema\/person\/355e32754b03bb24b681f1b6917e49bf","name":"canarytools.xnetdigital","image":{"@type":"ImageObject","inLanguage":"es","@id":"https:\/\/mantenimientosinformaticos.net\/canarytools\/#\/schema\/person\/image\/","url":"https:\/\/mantenimientosinformaticos.net\/canarytools\/wp-content\/uploads\/2023\/12\/canary-tools-logo.png","contentUrl":"https:\/\/mantenimientosinformaticos.net\/canarytools\/wp-content\/uploads\/2023\/12\/canary-tools-logo.png","width":1302,"height":440,"caption":"canarytools.xnetdigital"},"logo":{"@id":"https:\/\/mantenimientosinformaticos.net\/canarytools\/#\/schema\/person\/image\/"},"sameAs":["https:\/\/mantenimientosinformaticos.net\/canarytools"]}]}},"_links":{"self":[{"href":"https:\/\/mantenimientosinformaticos.net\/canarytools\/wp-json\/wp\/v2\/product\/5143","targetHints":{"allow":["GET"]}}],"collection":[{"href":"https:\/\/mantenimientosinformaticos.net\/canarytools\/wp-json\/wp\/v2\/product"}],"about":[{"href":"https:\/\/mantenimientosinformaticos.net\/canarytools\/wp-json\/wp\/v2\/types\/product"}],"replies":[{"embeddable":true,"href":"https:\/\/mantenimientosinformaticos.net\/canarytools\/wp-json\/wp\/v2\/comments?post=5143"}],"wp:featuredmedia":[{"embeddable":true,"href":"https:\/\/mantenimientosinformaticos.net\/canarytools\/wp-json\/wp\/v2\/media\/5142"}],"wp:attachment":[{"href":"https:\/\/mantenimientosinformaticos.net\/canarytools\/wp-json\/wp\/v2\/media?parent=5143"}],"wp:term":[{"taxonomy":"product_cat","embeddable":true,"href":"https:\/\/mantenimientosinformaticos.net\/canarytools\/wp-json\/wp\/v2\/product_cat?post=5143"},{"taxonomy":"product_tag","embeddable":true,"href":"https:\/\/mantenimientosinformaticos.net\/canarytools\/wp-json\/wp\/v2\/product_tag?post=5143"}],"curies":[{"name":"wp","href":"https:\/\/api.w.org\/{rel}","templated":true}]}}