{"id":5032,"date":"2020-05-13T21:23:28","date_gmt":"2020-05-13T19:23:28","guid":{"rendered":"https:\/\/mantenimientosinformaticos.net\/canarytools\/producto\/elevador-doble-tijera-3500-kg-perfil-bajo-105-mm-purga-automatica\/"},"modified":"2020-05-13T21:23:28","modified_gmt":"2020-05-13T19:23:28","slug":"elevador-doble-tijera-3500-kg-perfil-bajo-105-mm-purga-automatica","status":"publish","type":"product","link":"https:\/\/mantenimientosinformaticos.net\/canarytools\/producto\/elevador-doble-tijera-3500-kg-perfil-bajo-105-mm-purga-automatica\/","title":{"rendered":"REF.:4EE0300.   Elevador Doble Tijera 3500 Kg Perfil Bajo: 105 mm \u00b7 Purga Autom\u00e1tica"},"content":{"rendered":"<p>\u00b7 V\u00e1lvula de seguridad de sobre-presi\u00f3n.<br \/> \u00b7 Hidr\u00e1ulica con dispositivo de seguridad en caso de desnivel entre plataformas.<br \/> \u00b7 Parada autom\u00e1tica de seguridad a 300 mm del suelo y se\u00f1al sonora durante todo el descenso.<br \/> \u00b7 Las cachas de alta calidad garantizan los movimientos de elevaci\u00f3n y descenso de forma suave y estable.<br \/> \u00b7 Cojinetes auto-lubricados sin mantenimiento.<br \/> \u00b7 Pulsadores de maniobra a 24V. Tipo \u201chombre muerto\u201d.<br \/> \u00b7 Interruptores separados subida\/bajada, e interruptor general que puede bloquearse mediante candado.<br \/> \u00b7 Interruptor aislado ON\/OFF.<br \/> \u00b7 Sistema de seguridad contra obst\u00e1culos en el descenso.<\/p>\n<\/p>\n<table width=\"445\" cellspacing=\"0\" cellpadding=\"2\">\n<colgroup>\n<col width=\"181\" \/>\n<col width=\"257\" \/><\/colgroup>\n<tbody>\n<tr>\n<th style=\"border:none;padding:0cm;\" width=\"181\">\n<p align=\"left\">Capacidad carga<\/p>\n<\/th>\n<td style=\"border:none;padding:0cm;\" width=\"257\">\n<p>3500 Kg.<\/p>\n<\/td>\n<\/tr>\n<tr>\n<th style=\"border:none;padding:0cm;\" width=\"181\">\n<p align=\"left\">Longitud plataformas<\/p>\n<\/th>\n<td style=\"border:none;padding:0cm;\" width=\"257\">\n<p>1534-2067 mm<\/p>\n<\/td>\n<\/tr>\n<tr>\n<th style=\"border:none;padding:0cm;\" width=\"181\">\n<p align=\"left\">Ancho plataformas<\/p>\n<\/th>\n<td style=\"border:none;padding:0cm;\" width=\"257\">\n<p>630 mm.<\/p>\n<\/td>\n<\/tr>\n<tr>\n<th style=\"border:none;padding:0cm;\" width=\"181\">\n<p align=\"left\">Altura m\u00ednima<\/p>\n<\/th>\n<td style=\"border:none;padding:0cm;\" width=\"257\">\n<p>110 mm<\/p>\n<\/td>\n<\/tr>\n<tr>\n<th style=\"border:none;padding:0cm;\" width=\"181\">\n<p align=\"left\">M\u00e1xima Altura Elevaci\u00f3n<\/p>\n<\/th>\n<td style=\"border:none;padding:0cm;\" width=\"257\">\n<p>1930 mm<\/p>\n<\/td>\n<\/tr>\n<tr>\n<th style=\"border:none;padding:0cm;\" width=\"181\">\n<p align=\"left\">Ancho entre plataformas<\/p>\n<\/th>\n<td style=\"border:none;padding:0cm;\" width=\"257\">\n<p>720 mm<\/p>\n<\/td>\n<\/tr>\n<tr>\n<th style=\"border:none;padding:0cm;\" width=\"181\">\n<p align=\"left\">Ancho total<\/p>\n<\/th>\n<td style=\"border:none;padding:0cm;\" width=\"257\">\n<p>2000 mm.<\/p>\n<\/td>\n<\/tr>\n<tr>\n<th style=\"border:none;padding:0cm;\" width=\"181\">\n<p align=\"left\">Motor<\/p>\n<\/th>\n<td style=\"border:none;padding:0cm;\" width=\"257\">\n<p>Trif\u00e1sico 230\/400 V 50\/60 Hz. 2.2 KW<\/p>\n<\/td>\n<\/tr>\n<\/tbody>\n<\/table>\n","protected":false},"excerpt":{"rendered":"<p>Producto homologado y certificado de acuerdo con la nueva Directiva Europea de Maquinaria 2006\/42\/CE y Norma Armonizada EN 1493:2010.<br \/> \u00b7 S\u00f3lida estructura de 4 cilindros que garantizan dos circuitos hidr\u00e1ulicos independientes: seguridad hidr\u00e1ulica.<br \/> \u00b7 Sus plataformas de perfil bajo son adecuadas para veh\u00edculos especiales o tuneados.<br \/> \u00b7 Instalaci\u00f3n en superficie o empotrado en el suelo.<br \/> \u00b7 La purga autom\u00e1tica de los circuitos hidr\u00e1ulicos puede ser f\u00e1cilmente realizada por el usuario final sin necesidad de ning\u00fan tipo de asistencia t\u00e9cnica.<\/p>\n","protected":false},"featured_media":5031,"comment_status":"open","ping_status":"closed","template":"","meta":[],"product_cat":[616,492,533],"product_tag":[],"class_list":{"0":"post-5032","1":"product","2":"type-product","3":"status-publish","4":"has-post-thumbnail","6":"product_cat-tijera","7":"product_cat-equipo-de-talleres","8":"product_cat-elevadores","10":"first","11":"onbackorder","12":"shipping-taxable","13":"purchasable","14":"product-type-simple"},"yoast_head":"<!-- This site is optimized with the Yoast SEO plugin v22.7 - https:\/\/yoast.com\/wordpress\/plugins\/seo\/ -->\n<title>REF.:4EE0300.  Elevador Doble Tijera 3500 Kg Perfil Bajo: 105 mm \u00b7 Purga Autom\u00e1tica - Canarytools S.L.<\/title>\n<meta name=\"robots\" content=\"index, follow, max-snippet:-1, max-image-preview:large, max-video-preview:-1\" \/>\n<link rel=\"canonical\" href=\"https:\/\/mantenimientosinformaticos.net\/canarytools\/producto\/elevador-doble-tijera-3500-kg-perfil-bajo-105-mm-purga-automatica\/\" \/>\n<meta property=\"og:locale\" content=\"es_ES\" \/>\n<meta property=\"og:type\" content=\"article\" \/>\n<meta property=\"og:title\" content=\"REF.:4EE0300.  Elevador Doble Tijera 3500 Kg Perfil Bajo: 105 mm \u00b7 Purga Autom\u00e1tica - Canarytools S.L.\" \/>\n<meta property=\"og:description\" content=\"Producto homologado y certificado de acuerdo con la nueva Directiva Europea de Maquinaria 2006\/42\/CE y Norma Armonizada EN 1493:2010. \u00b7 S\u00f3lida estructura de 4 cilindros que garantizan dos circuitos hidr\u00e1ulicos independientes: seguridad hidr\u00e1ulica. \u00b7 Sus plataformas de perfil bajo son adecuadas para veh\u00edculos especiales o tuneados. \u00b7 Instalaci\u00f3n en superficie o empotrado en el suelo. \u00b7 La purga autom\u00e1tica de los circuitos hidr\u00e1ulicos puede ser f\u00e1cilmente realizada por el usuario final sin necesidad de ning\u00fan tipo de asistencia t\u00e9cnica.\" \/>\n<meta property=\"og:url\" content=\"https:\/\/mantenimientosinformaticos.net\/canarytools\/producto\/elevador-doble-tijera-3500-kg-perfil-bajo-105-mm-purga-automatica\/\" \/>\n<meta property=\"og:site_name\" content=\"Canarytools S.L.\" \/>\n<meta property=\"og:image\" content=\"https:\/\/mantenimientosinformaticos.net\/canarytools\/wp-content\/uploads\/2020\/05\/637-REF.4EE0300.-Elevador-Doble-Tijera-3500-Kg-Perfil-Bajo-105-mm-\u00b7-Purga-Automatica.jpg\" \/>\n\t<meta property=\"og:image:width\" content=\"1000\" \/>\n\t<meta property=\"og:image:height\" content=\"1000\" \/>\n\t<meta property=\"og:image:type\" content=\"image\/jpeg\" \/>\n<meta name=\"twitter:card\" content=\"summary_large_image\" \/>\n<meta name=\"twitter:label1\" content=\"Tiempo de lectura\" \/>\n\t<meta name=\"twitter:data1\" content=\"1 minuto\" \/>\n<script type=\"application\/ld+json\" class=\"yoast-schema-graph\">{\"@context\":\"https:\/\/schema.org\",\"@graph\":[{\"@type\":\"WebPage\",\"@id\":\"https:\/\/mantenimientosinformaticos.net\/canarytools\/producto\/elevador-doble-tijera-3500-kg-perfil-bajo-105-mm-purga-automatica\/\",\"url\":\"https:\/\/mantenimientosinformaticos.net\/canarytools\/producto\/elevador-doble-tijera-3500-kg-perfil-bajo-105-mm-purga-automatica\/\",\"name\":\"REF.:4EE0300. Elevador Doble Tijera 3500 Kg Perfil Bajo: 105 mm \u00b7 Purga Autom\u00e1tica - Canarytools S.L.\",\"isPartOf\":{\"@id\":\"https:\/\/mantenimientosinformaticos.net\/canarytools\/#website\"},\"primaryImageOfPage\":{\"@id\":\"https:\/\/mantenimientosinformaticos.net\/canarytools\/producto\/elevador-doble-tijera-3500-kg-perfil-bajo-105-mm-purga-automatica\/#primaryimage\"},\"image\":{\"@id\":\"https:\/\/mantenimientosinformaticos.net\/canarytools\/producto\/elevador-doble-tijera-3500-kg-perfil-bajo-105-mm-purga-automatica\/#primaryimage\"},\"thumbnailUrl\":\"https:\/\/mantenimientosinformaticos.net\/canarytools\/wp-content\/uploads\/2020\/05\/637-REF.4EE0300.-Elevador-Doble-Tijera-3500-Kg-Perfil-Bajo-105-mm-\u00b7-Purga-Automatica.jpg\",\"datePublished\":\"2020-05-13T19:23:28+00:00\",\"dateModified\":\"2020-05-13T19:23:28+00:00\",\"breadcrumb\":{\"@id\":\"https:\/\/mantenimientosinformaticos.net\/canarytools\/producto\/elevador-doble-tijera-3500-kg-perfil-bajo-105-mm-purga-automatica\/#breadcrumb\"},\"inLanguage\":\"es\",\"potentialAction\":[{\"@type\":\"ReadAction\",\"target\":[\"https:\/\/mantenimientosinformaticos.net\/canarytools\/producto\/elevador-doble-tijera-3500-kg-perfil-bajo-105-mm-purga-automatica\/\"]}]},{\"@type\":\"ImageObject\",\"inLanguage\":\"es\",\"@id\":\"https:\/\/mantenimientosinformaticos.net\/canarytools\/producto\/elevador-doble-tijera-3500-kg-perfil-bajo-105-mm-purga-automatica\/#primaryimage\",\"url\":\"https:\/\/mantenimientosinformaticos.net\/canarytools\/wp-content\/uploads\/2020\/05\/637-REF.4EE0300.-Elevador-Doble-Tijera-3500-Kg-Perfil-Bajo-105-mm-\u00b7-Purga-Automatica.jpg\",\"contentUrl\":\"https:\/\/mantenimientosinformaticos.net\/canarytools\/wp-content\/uploads\/2020\/05\/637-REF.4EE0300.-Elevador-Doble-Tijera-3500-Kg-Perfil-Bajo-105-mm-\u00b7-Purga-Automatica.jpg\",\"width\":1000,\"height\":1000,\"caption\":\"REF.:4EE0300. Elevador Doble Tijera 3500 Kg Perfil Bajo: 105 mm \u00b7 Purga Autom\u00e1tica\"},{\"@type\":\"BreadcrumbList\",\"@id\":\"https:\/\/mantenimientosinformaticos.net\/canarytools\/producto\/elevador-doble-tijera-3500-kg-perfil-bajo-105-mm-purga-automatica\/#breadcrumb\",\"itemListElement\":[{\"@type\":\"ListItem\",\"position\":1,\"name\":\"Portada\",\"item\":\"https:\/\/mantenimientosinformaticos.net\/canarytools\/\"},{\"@type\":\"ListItem\",\"position\":2,\"name\":\"Tienda\",\"item\":\"https:\/\/mantenimientosinformaticos.net\/canarytools\/tienda\/\"},{\"@type\":\"ListItem\",\"position\":3,\"name\":\"REF.:4EE0300. Elevador Doble Tijera 3500 Kg Perfil Bajo: 105 mm \u00b7 Purga Autom\u00e1tica\"}]},{\"@type\":\"WebSite\",\"@id\":\"https:\/\/mantenimientosinformaticos.net\/canarytools\/#website\",\"url\":\"https:\/\/mantenimientosinformaticos.net\/canarytools\/\",\"name\":\"Canarytools S.L.\",\"description\":\"Herramientas y M\u00e1quinas\",\"publisher\":{\"@id\":\"https:\/\/mantenimientosinformaticos.net\/canarytools\/#\/schema\/person\/355e32754b03bb24b681f1b6917e49bf\"},\"potentialAction\":[{\"@type\":\"SearchAction\",\"target\":{\"@type\":\"EntryPoint\",\"urlTemplate\":\"https:\/\/mantenimientosinformaticos.net\/canarytools\/?s={search_term_string}\"},\"query-input\":\"required name=search_term_string\"}],\"inLanguage\":\"es\"},{\"@type\":[\"Person\",\"Organization\"],\"@id\":\"https:\/\/mantenimientosinformaticos.net\/canarytools\/#\/schema\/person\/355e32754b03bb24b681f1b6917e49bf\",\"name\":\"canarytools.xnetdigital\",\"image\":{\"@type\":\"ImageObject\",\"inLanguage\":\"es\",\"@id\":\"https:\/\/mantenimientosinformaticos.net\/canarytools\/#\/schema\/person\/image\/\",\"url\":\"https:\/\/mantenimientosinformaticos.net\/canarytools\/wp-content\/uploads\/2023\/12\/canary-tools-logo.png\",\"contentUrl\":\"https:\/\/mantenimientosinformaticos.net\/canarytools\/wp-content\/uploads\/2023\/12\/canary-tools-logo.png\",\"width\":1302,\"height\":440,\"caption\":\"canarytools.xnetdigital\"},\"logo\":{\"@id\":\"https:\/\/mantenimientosinformaticos.net\/canarytools\/#\/schema\/person\/image\/\"},\"sameAs\":[\"https:\/\/mantenimientosinformaticos.net\/canarytools\"]}]}<\/script>\n<!-- \/ Yoast SEO plugin. -->","yoast_head_json":{"title":"REF.:4EE0300.  Elevador Doble Tijera 3500 Kg Perfil Bajo: 105 mm \u00b7 Purga Autom\u00e1tica - Canarytools S.L.","robots":{"index":"index","follow":"follow","max-snippet":"max-snippet:-1","max-image-preview":"max-image-preview:large","max-video-preview":"max-video-preview:-1"},"canonical":"https:\/\/mantenimientosinformaticos.net\/canarytools\/producto\/elevador-doble-tijera-3500-kg-perfil-bajo-105-mm-purga-automatica\/","og_locale":"es_ES","og_type":"article","og_title":"REF.:4EE0300.  Elevador Doble Tijera 3500 Kg Perfil Bajo: 105 mm \u00b7 Purga Autom\u00e1tica - Canarytools S.L.","og_description":"Producto homologado y certificado de acuerdo con la nueva Directiva Europea de Maquinaria 2006\/42\/CE y Norma Armonizada EN 1493:2010. \u00b7 S\u00f3lida estructura de 4 cilindros que garantizan dos circuitos hidr\u00e1ulicos independientes: seguridad hidr\u00e1ulica. \u00b7 Sus plataformas de perfil bajo son adecuadas para veh\u00edculos especiales o tuneados. \u00b7 Instalaci\u00f3n en superficie o empotrado en el suelo. \u00b7 La purga autom\u00e1tica de los circuitos hidr\u00e1ulicos puede ser f\u00e1cilmente realizada por el usuario final sin necesidad de ning\u00fan tipo de asistencia t\u00e9cnica.","og_url":"https:\/\/mantenimientosinformaticos.net\/canarytools\/producto\/elevador-doble-tijera-3500-kg-perfil-bajo-105-mm-purga-automatica\/","og_site_name":"Canarytools S.L.","og_image":[{"width":1000,"height":1000,"url":"https:\/\/mantenimientosinformaticos.net\/canarytools\/wp-content\/uploads\/2020\/05\/637-REF.4EE0300.-Elevador-Doble-Tijera-3500-Kg-Perfil-Bajo-105-mm-\u00b7-Purga-Automatica.jpg","type":"image\/jpeg"}],"twitter_card":"summary_large_image","twitter_misc":{"Tiempo de lectura":"1 minuto"},"schema":{"@context":"https:\/\/schema.org","@graph":[{"@type":"WebPage","@id":"https:\/\/mantenimientosinformaticos.net\/canarytools\/producto\/elevador-doble-tijera-3500-kg-perfil-bajo-105-mm-purga-automatica\/","url":"https:\/\/mantenimientosinformaticos.net\/canarytools\/producto\/elevador-doble-tijera-3500-kg-perfil-bajo-105-mm-purga-automatica\/","name":"REF.:4EE0300. Elevador Doble Tijera 3500 Kg Perfil Bajo: 105 mm \u00b7 Purga Autom\u00e1tica - Canarytools S.L.","isPartOf":{"@id":"https:\/\/mantenimientosinformaticos.net\/canarytools\/#website"},"primaryImageOfPage":{"@id":"https:\/\/mantenimientosinformaticos.net\/canarytools\/producto\/elevador-doble-tijera-3500-kg-perfil-bajo-105-mm-purga-automatica\/#primaryimage"},"image":{"@id":"https:\/\/mantenimientosinformaticos.net\/canarytools\/producto\/elevador-doble-tijera-3500-kg-perfil-bajo-105-mm-purga-automatica\/#primaryimage"},"thumbnailUrl":"https:\/\/mantenimientosinformaticos.net\/canarytools\/wp-content\/uploads\/2020\/05\/637-REF.4EE0300.-Elevador-Doble-Tijera-3500-Kg-Perfil-Bajo-105-mm-\u00b7-Purga-Automatica.jpg","datePublished":"2020-05-13T19:23:28+00:00","dateModified":"2020-05-13T19:23:28+00:00","breadcrumb":{"@id":"https:\/\/mantenimientosinformaticos.net\/canarytools\/producto\/elevador-doble-tijera-3500-kg-perfil-bajo-105-mm-purga-automatica\/#breadcrumb"},"inLanguage":"es","potentialAction":[{"@type":"ReadAction","target":["https:\/\/mantenimientosinformaticos.net\/canarytools\/producto\/elevador-doble-tijera-3500-kg-perfil-bajo-105-mm-purga-automatica\/"]}]},{"@type":"ImageObject","inLanguage":"es","@id":"https:\/\/mantenimientosinformaticos.net\/canarytools\/producto\/elevador-doble-tijera-3500-kg-perfil-bajo-105-mm-purga-automatica\/#primaryimage","url":"https:\/\/mantenimientosinformaticos.net\/canarytools\/wp-content\/uploads\/2020\/05\/637-REF.4EE0300.-Elevador-Doble-Tijera-3500-Kg-Perfil-Bajo-105-mm-\u00b7-Purga-Automatica.jpg","contentUrl":"https:\/\/mantenimientosinformaticos.net\/canarytools\/wp-content\/uploads\/2020\/05\/637-REF.4EE0300.-Elevador-Doble-Tijera-3500-Kg-Perfil-Bajo-105-mm-\u00b7-Purga-Automatica.jpg","width":1000,"height":1000,"caption":"REF.:4EE0300. Elevador Doble Tijera 3500 Kg Perfil Bajo: 105 mm \u00b7 Purga Autom\u00e1tica"},{"@type":"BreadcrumbList","@id":"https:\/\/mantenimientosinformaticos.net\/canarytools\/producto\/elevador-doble-tijera-3500-kg-perfil-bajo-105-mm-purga-automatica\/#breadcrumb","itemListElement":[{"@type":"ListItem","position":1,"name":"Portada","item":"https:\/\/mantenimientosinformaticos.net\/canarytools\/"},{"@type":"ListItem","position":2,"name":"Tienda","item":"https:\/\/mantenimientosinformaticos.net\/canarytools\/tienda\/"},{"@type":"ListItem","position":3,"name":"REF.:4EE0300. Elevador Doble Tijera 3500 Kg Perfil Bajo: 105 mm \u00b7 Purga Autom\u00e1tica"}]},{"@type":"WebSite","@id":"https:\/\/mantenimientosinformaticos.net\/canarytools\/#website","url":"https:\/\/mantenimientosinformaticos.net\/canarytools\/","name":"Canarytools S.L.","description":"Herramientas y M\u00e1quinas","publisher":{"@id":"https:\/\/mantenimientosinformaticos.net\/canarytools\/#\/schema\/person\/355e32754b03bb24b681f1b6917e49bf"},"potentialAction":[{"@type":"SearchAction","target":{"@type":"EntryPoint","urlTemplate":"https:\/\/mantenimientosinformaticos.net\/canarytools\/?s={search_term_string}"},"query-input":"required name=search_term_string"}],"inLanguage":"es"},{"@type":["Person","Organization"],"@id":"https:\/\/mantenimientosinformaticos.net\/canarytools\/#\/schema\/person\/355e32754b03bb24b681f1b6917e49bf","name":"canarytools.xnetdigital","image":{"@type":"ImageObject","inLanguage":"es","@id":"https:\/\/mantenimientosinformaticos.net\/canarytools\/#\/schema\/person\/image\/","url":"https:\/\/mantenimientosinformaticos.net\/canarytools\/wp-content\/uploads\/2023\/12\/canary-tools-logo.png","contentUrl":"https:\/\/mantenimientosinformaticos.net\/canarytools\/wp-content\/uploads\/2023\/12\/canary-tools-logo.png","width":1302,"height":440,"caption":"canarytools.xnetdigital"},"logo":{"@id":"https:\/\/mantenimientosinformaticos.net\/canarytools\/#\/schema\/person\/image\/"},"sameAs":["https:\/\/mantenimientosinformaticos.net\/canarytools"]}]}},"_links":{"self":[{"href":"https:\/\/mantenimientosinformaticos.net\/canarytools\/wp-json\/wp\/v2\/product\/5032","targetHints":{"allow":["GET"]}}],"collection":[{"href":"https:\/\/mantenimientosinformaticos.net\/canarytools\/wp-json\/wp\/v2\/product"}],"about":[{"href":"https:\/\/mantenimientosinformaticos.net\/canarytools\/wp-json\/wp\/v2\/types\/product"}],"replies":[{"embeddable":true,"href":"https:\/\/mantenimientosinformaticos.net\/canarytools\/wp-json\/wp\/v2\/comments?post=5032"}],"wp:featuredmedia":[{"embeddable":true,"href":"https:\/\/mantenimientosinformaticos.net\/canarytools\/wp-json\/wp\/v2\/media\/5031"}],"wp:attachment":[{"href":"https:\/\/mantenimientosinformaticos.net\/canarytools\/wp-json\/wp\/v2\/media?parent=5032"}],"wp:term":[{"taxonomy":"product_cat","embeddable":true,"href":"https:\/\/mantenimientosinformaticos.net\/canarytools\/wp-json\/wp\/v2\/product_cat?post=5032"},{"taxonomy":"product_tag","embeddable":true,"href":"https:\/\/mantenimientosinformaticos.net\/canarytools\/wp-json\/wp\/v2\/product_tag?post=5032"}],"curies":[{"name":"wp","href":"https:\/\/api.w.org\/{rel}","templated":true}]}}