{"id":5028,"date":"2020-05-13T21:15:28","date_gmt":"2020-05-13T19:15:28","guid":{"rendered":"https:\/\/mantenimientosinformaticos.net\/canarytools\/producto\/elevador-hidraulico-2-columnas-sin-base-asimetrico-4000-kg-nueva-tecnologia-sin-poleas-ni-cables\/"},"modified":"2024-03-25T19:27:15","modified_gmt":"2024-03-25T18:27:15","slug":"elevador-hidraulico-2-columnas-sin-base-asimetrico-4000-kg-nueva-tecnologia-sin-poleas-ni-cables","status":"publish","type":"product","link":"https:\/\/mantenimientosinformaticos.net\/canarytools\/producto\/elevador-hidraulico-2-columnas-sin-base-asimetrico-4000-kg-nueva-tecnologia-sin-poleas-ni-cables\/","title":{"rendered":"REF.:4EC1600.   Elevador Hidr\u00e1ulico 2 Columnas Sin Base Asim\u00e9trico 4000 Kg Nueva Tecnolog\u00eda sin poleas ni cables"},"content":{"rendered":"<table width=\"462\" cellspacing=\"0\" cellpadding=\"2\">\n<colgroup>\n<col width=\"197\" \/>\n<col width=\"257\" \/><\/colgroup>\n<tbody>\n<tr>\n<th style=\"border:none;padding:0cm;\" width=\"197\">\n<p align=\"left\">Distancia entre columnas<\/p>\n<\/th>\n<td style=\"border:none;padding:0cm;\" width=\"257\">\n<p>2795 mm<\/p>\n<\/td>\n<\/tr>\n<tr>\n<th style=\"border:none;padding:0cm;\" width=\"197\">\n<p align=\"left\">Capacidad de carga<\/p>\n<\/th>\n<td style=\"border:none;padding:0cm;\" width=\"257\">\n<p>4000 Kg<\/p>\n<\/td>\n<\/tr>\n<tr>\n<th style=\"border:none;padding:0cm;\" width=\"197\">\n<p align=\"left\">Altura m\u00ednima<\/p>\n<\/th>\n<td style=\"border:none;padding:0cm;\" width=\"257\">\n<p>95 mm<\/p>\n<\/td>\n<\/tr>\n<tr>\n<th style=\"border:none;padding:0cm;\" width=\"197\">\n<p align=\"left\">Altura de elevaci\u00f3n<\/p>\n<\/th>\n<td style=\"border:none;padding:0cm;\" width=\"257\">\n<p>2000 mm<\/p>\n<\/td>\n<\/tr>\n<tr>\n<th style=\"border:none;padding:0cm;\" width=\"197\">\n<p align=\"left\">Altura travesa\u00f1o (int. \u2013 ext.)<\/p>\n<\/th>\n<td style=\"border:none;padding:0cm;\" width=\"257\">\n<p>4015-4150 mm<\/p>\n<\/td>\n<\/tr>\n<tr>\n<th style=\"border:none;padding:0cm;\" width=\"197\">\n<p align=\"left\">Tiempo elevaci\u00f3n<\/p>\n<\/th>\n<td style=\"border:none;padding:0cm;\" width=\"257\">\n<p>45\u201d<\/p>\n<\/td>\n<\/tr>\n<tr>\n<th style=\"border:none;padding:0cm;\" width=\"197\">\n<p align=\"left\">Longitud brazos (min-max)<\/p>\n<\/th>\n<td style=\"border:none;padding:0cm;\" width=\"257\">\n<p>620-1240 mm \/ 825-1440 mm<\/p>\n<\/td>\n<\/tr>\n<tr>\n<th style=\"border:none;padding:0cm;\" width=\"197\">\n<p align=\"left\">Ancho total<\/p>\n<\/th>\n<td style=\"border:none;padding:0cm;\" width=\"257\">\n<p>3490 mm<\/p>\n<\/td>\n<\/tr>\n<tr>\n<th style=\"border:none;padding:0cm;\" width=\"197\">\n<p align=\"left\">Motor<\/p>\n<\/th>\n<td style=\"border:none;padding:0cm;\" width=\"257\">\n<p>Trif\u00e1sico 230\/400 V 50\/60 Hz. 2.2 KW<\/p>\n<\/td>\n<\/tr>\n<\/tbody>\n<\/table>\n","protected":false},"excerpt":{"rendered":"<p>\u00b7 Producto homologado y certificado de acuerdo con la Nueva Directiva Europea de Maquinaria 2006\/42\/CE y Norma Armonizada EN 1493:2010.<br \/> \u00b7 Brazos telesc\u00f3picos ajustables con una altura m\u00ednima de s\u00f3lo 90 mm.<br \/> \u00b7 Doble calzo laminado con goma vulkollan antideslizante.<br \/> \u00b7 Dispositivo de anti-aplastamiento de pies en los brazos.<br \/> \u00b7 Dise\u00f1o c\u00f3nico del dispositivo de seguridad de bloqueo de brazos para un mejor anclaje.<br \/> \u00b7 Cachas (deslizadores) de Nylatron con bajo coeficiente de fricci\u00f3n y desgaste.<br \/> \u00b7 Caja de mandos con interruptor ON\/OFF y pulsadores independientes de SUBIDA y BAJADA.<br \/> \u00b7 Parada autom\u00e1tica de seguridad en caso de desnivelaci\u00f3n con sistema patentado.<\/p>\n","protected":false},"featured_media":5027,"comment_status":"open","ping_status":"closed","template":"","meta":[],"product_cat":[614,492,533],"product_tag":[],"class_list":{"0":"post-5028","1":"product","2":"type-product","3":"status-publish","4":"has-post-thumbnail","6":"product_cat-dos-columnas","7":"product_cat-equipo-de-talleres","8":"product_cat-elevadores","9":"yith_product_brand-hauvrex","11":"first","12":"onbackorder","13":"shipping-taxable","14":"purchasable","15":"product-type-simple"},"yoast_head":"<!-- This site is optimized with the Yoast SEO plugin v22.7 - https:\/\/yoast.com\/wordpress\/plugins\/seo\/ -->\n<title>REF.:4EC1600.  Elevador Hidr\u00e1ulico 2 Columnas Sin Base Asim\u00e9trico 4000 Kg Nueva Tecnolog\u00eda sin poleas ni cables - Canarytools S.L.<\/title>\n<meta name=\"robots\" content=\"index, follow, max-snippet:-1, max-image-preview:large, max-video-preview:-1\" \/>\n<link rel=\"canonical\" href=\"https:\/\/mantenimientosinformaticos.net\/canarytools\/producto\/elevador-hidraulico-2-columnas-sin-base-asimetrico-4000-kg-nueva-tecnologia-sin-poleas-ni-cables\/\" \/>\n<meta property=\"og:locale\" content=\"es_ES\" \/>\n<meta property=\"og:type\" content=\"article\" \/>\n<meta property=\"og:title\" content=\"REF.:4EC1600.  Elevador Hidr\u00e1ulico 2 Columnas Sin Base Asim\u00e9trico 4000 Kg Nueva Tecnolog\u00eda sin poleas ni cables - Canarytools S.L.\" \/>\n<meta property=\"og:description\" content=\"\u00b7 Producto homologado y certificado de acuerdo con la Nueva Directiva Europea de Maquinaria 2006\/42\/CE y Norma Armonizada EN 1493:2010. \u00b7 Brazos telesc\u00f3picos ajustables con una altura m\u00ednima de s\u00f3lo 90 mm. \u00b7 Doble calzo laminado con goma vulkollan antideslizante. \u00b7 Dispositivo de anti-aplastamiento de pies en los brazos. \u00b7 Dise\u00f1o c\u00f3nico del dispositivo de seguridad de bloqueo de brazos para un mejor anclaje. \u00b7 Cachas (deslizadores) de Nylatron con bajo coeficiente de fricci\u00f3n y desgaste. \u00b7 Caja de mandos con interruptor ON\/OFF y pulsadores independientes de SUBIDA y BAJADA. \u00b7 Parada autom\u00e1tica de seguridad en caso de desnivelaci\u00f3n con sistema patentado.\" \/>\n<meta property=\"og:url\" content=\"https:\/\/mantenimientosinformaticos.net\/canarytools\/producto\/elevador-hidraulico-2-columnas-sin-base-asimetrico-4000-kg-nueva-tecnologia-sin-poleas-ni-cables\/\" \/>\n<meta property=\"og:site_name\" content=\"Canarytools S.L.\" \/>\n<meta property=\"article:modified_time\" content=\"2024-03-25T18:27:15+00:00\" \/>\n<meta property=\"og:image\" content=\"https:\/\/mantenimientosinformaticos.net\/canarytools\/wp-content\/uploads\/2020\/05\/635-REF.4EC1600.-Elevador-Hidraulico-2-Columnas-Sin-Base-Asimetrico-4000-Kg-Nueva-Tecnologia-sin-poleas-ni-cables.jpg\" \/>\n\t<meta property=\"og:image:width\" content=\"1000\" \/>\n\t<meta property=\"og:image:height\" content=\"1000\" \/>\n\t<meta property=\"og:image:type\" content=\"image\/jpeg\" \/>\n<meta name=\"twitter:card\" content=\"summary_large_image\" \/>\n<script type=\"application\/ld+json\" class=\"yoast-schema-graph\">{\"@context\":\"https:\/\/schema.org\",\"@graph\":[{\"@type\":\"WebPage\",\"@id\":\"https:\/\/mantenimientosinformaticos.net\/canarytools\/producto\/elevador-hidraulico-2-columnas-sin-base-asimetrico-4000-kg-nueva-tecnologia-sin-poleas-ni-cables\/\",\"url\":\"https:\/\/mantenimientosinformaticos.net\/canarytools\/producto\/elevador-hidraulico-2-columnas-sin-base-asimetrico-4000-kg-nueva-tecnologia-sin-poleas-ni-cables\/\",\"name\":\"REF.:4EC1600. Elevador Hidr\u00e1ulico 2 Columnas Sin Base Asim\u00e9trico 4000 Kg Nueva Tecnolog\u00eda sin poleas ni cables - Canarytools S.L.\",\"isPartOf\":{\"@id\":\"https:\/\/mantenimientosinformaticos.net\/canarytools\/#website\"},\"primaryImageOfPage\":{\"@id\":\"https:\/\/mantenimientosinformaticos.net\/canarytools\/producto\/elevador-hidraulico-2-columnas-sin-base-asimetrico-4000-kg-nueva-tecnologia-sin-poleas-ni-cables\/#primaryimage\"},\"image\":{\"@id\":\"https:\/\/mantenimientosinformaticos.net\/canarytools\/producto\/elevador-hidraulico-2-columnas-sin-base-asimetrico-4000-kg-nueva-tecnologia-sin-poleas-ni-cables\/#primaryimage\"},\"thumbnailUrl\":\"https:\/\/mantenimientosinformaticos.net\/canarytools\/wp-content\/uploads\/2020\/05\/635-REF.4EC1600.-Elevador-Hidraulico-2-Columnas-Sin-Base-Asimetrico-4000-Kg-Nueva-Tecnologia-sin-poleas-ni-cables.jpg\",\"datePublished\":\"2020-05-13T19:15:28+00:00\",\"dateModified\":\"2024-03-25T18:27:15+00:00\",\"breadcrumb\":{\"@id\":\"https:\/\/mantenimientosinformaticos.net\/canarytools\/producto\/elevador-hidraulico-2-columnas-sin-base-asimetrico-4000-kg-nueva-tecnologia-sin-poleas-ni-cables\/#breadcrumb\"},\"inLanguage\":\"es\",\"potentialAction\":[{\"@type\":\"ReadAction\",\"target\":[\"https:\/\/mantenimientosinformaticos.net\/canarytools\/producto\/elevador-hidraulico-2-columnas-sin-base-asimetrico-4000-kg-nueva-tecnologia-sin-poleas-ni-cables\/\"]}]},{\"@type\":\"ImageObject\",\"inLanguage\":\"es\",\"@id\":\"https:\/\/mantenimientosinformaticos.net\/canarytools\/producto\/elevador-hidraulico-2-columnas-sin-base-asimetrico-4000-kg-nueva-tecnologia-sin-poleas-ni-cables\/#primaryimage\",\"url\":\"https:\/\/mantenimientosinformaticos.net\/canarytools\/wp-content\/uploads\/2020\/05\/635-REF.4EC1600.-Elevador-Hidraulico-2-Columnas-Sin-Base-Asimetrico-4000-Kg-Nueva-Tecnologia-sin-poleas-ni-cables.jpg\",\"contentUrl\":\"https:\/\/mantenimientosinformaticos.net\/canarytools\/wp-content\/uploads\/2020\/05\/635-REF.4EC1600.-Elevador-Hidraulico-2-Columnas-Sin-Base-Asimetrico-4000-Kg-Nueva-Tecnologia-sin-poleas-ni-cables.jpg\",\"width\":1000,\"height\":1000,\"caption\":\"REF.:4EC1600. Elevador Hidr\u00e1ulico 2 Columnas Sin Base Asim\u00e9trico 4000 Kg Nueva Tecnolog\u00eda sin poleas ni cables\"},{\"@type\":\"BreadcrumbList\",\"@id\":\"https:\/\/mantenimientosinformaticos.net\/canarytools\/producto\/elevador-hidraulico-2-columnas-sin-base-asimetrico-4000-kg-nueva-tecnologia-sin-poleas-ni-cables\/#breadcrumb\",\"itemListElement\":[{\"@type\":\"ListItem\",\"position\":1,\"name\":\"Portada\",\"item\":\"https:\/\/mantenimientosinformaticos.net\/canarytools\/\"},{\"@type\":\"ListItem\",\"position\":2,\"name\":\"Tienda\",\"item\":\"https:\/\/mantenimientosinformaticos.net\/canarytools\/tienda\/\"},{\"@type\":\"ListItem\",\"position\":3,\"name\":\"REF.:4EC1600. Elevador Hidr\u00e1ulico 2 Columnas Sin Base Asim\u00e9trico 4000 Kg Nueva Tecnolog\u00eda sin poleas ni cables\"}]},{\"@type\":\"WebSite\",\"@id\":\"https:\/\/mantenimientosinformaticos.net\/canarytools\/#website\",\"url\":\"https:\/\/mantenimientosinformaticos.net\/canarytools\/\",\"name\":\"Canarytools S.L.\",\"description\":\"Herramientas y M\u00e1quinas\",\"publisher\":{\"@id\":\"https:\/\/mantenimientosinformaticos.net\/canarytools\/#\/schema\/person\/355e32754b03bb24b681f1b6917e49bf\"},\"potentialAction\":[{\"@type\":\"SearchAction\",\"target\":{\"@type\":\"EntryPoint\",\"urlTemplate\":\"https:\/\/mantenimientosinformaticos.net\/canarytools\/?s={search_term_string}\"},\"query-input\":\"required name=search_term_string\"}],\"inLanguage\":\"es\"},{\"@type\":[\"Person\",\"Organization\"],\"@id\":\"https:\/\/mantenimientosinformaticos.net\/canarytools\/#\/schema\/person\/355e32754b03bb24b681f1b6917e49bf\",\"name\":\"canarytools.xnetdigital\",\"image\":{\"@type\":\"ImageObject\",\"inLanguage\":\"es\",\"@id\":\"https:\/\/mantenimientosinformaticos.net\/canarytools\/#\/schema\/person\/image\/\",\"url\":\"https:\/\/mantenimientosinformaticos.net\/canarytools\/wp-content\/uploads\/2023\/12\/canary-tools-logo.png\",\"contentUrl\":\"https:\/\/mantenimientosinformaticos.net\/canarytools\/wp-content\/uploads\/2023\/12\/canary-tools-logo.png\",\"width\":1302,\"height\":440,\"caption\":\"canarytools.xnetdigital\"},\"logo\":{\"@id\":\"https:\/\/mantenimientosinformaticos.net\/canarytools\/#\/schema\/person\/image\/\"},\"sameAs\":[\"https:\/\/mantenimientosinformaticos.net\/canarytools\"]}]}<\/script>\n<!-- \/ Yoast SEO plugin. -->","yoast_head_json":{"title":"REF.:4EC1600.  Elevador Hidr\u00e1ulico 2 Columnas Sin Base Asim\u00e9trico 4000 Kg Nueva Tecnolog\u00eda sin poleas ni cables - Canarytools S.L.","robots":{"index":"index","follow":"follow","max-snippet":"max-snippet:-1","max-image-preview":"max-image-preview:large","max-video-preview":"max-video-preview:-1"},"canonical":"https:\/\/mantenimientosinformaticos.net\/canarytools\/producto\/elevador-hidraulico-2-columnas-sin-base-asimetrico-4000-kg-nueva-tecnologia-sin-poleas-ni-cables\/","og_locale":"es_ES","og_type":"article","og_title":"REF.:4EC1600.  Elevador Hidr\u00e1ulico 2 Columnas Sin Base Asim\u00e9trico 4000 Kg Nueva Tecnolog\u00eda sin poleas ni cables - Canarytools S.L.","og_description":"\u00b7 Producto homologado y certificado de acuerdo con la Nueva Directiva Europea de Maquinaria 2006\/42\/CE y Norma Armonizada EN 1493:2010. \u00b7 Brazos telesc\u00f3picos ajustables con una altura m\u00ednima de s\u00f3lo 90 mm. \u00b7 Doble calzo laminado con goma vulkollan antideslizante. \u00b7 Dispositivo de anti-aplastamiento de pies en los brazos. \u00b7 Dise\u00f1o c\u00f3nico del dispositivo de seguridad de bloqueo de brazos para un mejor anclaje. \u00b7 Cachas (deslizadores) de Nylatron con bajo coeficiente de fricci\u00f3n y desgaste. \u00b7 Caja de mandos con interruptor ON\/OFF y pulsadores independientes de SUBIDA y BAJADA. \u00b7 Parada autom\u00e1tica de seguridad en caso de desnivelaci\u00f3n con sistema patentado.","og_url":"https:\/\/mantenimientosinformaticos.net\/canarytools\/producto\/elevador-hidraulico-2-columnas-sin-base-asimetrico-4000-kg-nueva-tecnologia-sin-poleas-ni-cables\/","og_site_name":"Canarytools S.L.","article_modified_time":"2024-03-25T18:27:15+00:00","og_image":[{"width":1000,"height":1000,"url":"https:\/\/mantenimientosinformaticos.net\/canarytools\/wp-content\/uploads\/2020\/05\/635-REF.4EC1600.-Elevador-Hidraulico-2-Columnas-Sin-Base-Asimetrico-4000-Kg-Nueva-Tecnologia-sin-poleas-ni-cables.jpg","type":"image\/jpeg"}],"twitter_card":"summary_large_image","schema":{"@context":"https:\/\/schema.org","@graph":[{"@type":"WebPage","@id":"https:\/\/mantenimientosinformaticos.net\/canarytools\/producto\/elevador-hidraulico-2-columnas-sin-base-asimetrico-4000-kg-nueva-tecnologia-sin-poleas-ni-cables\/","url":"https:\/\/mantenimientosinformaticos.net\/canarytools\/producto\/elevador-hidraulico-2-columnas-sin-base-asimetrico-4000-kg-nueva-tecnologia-sin-poleas-ni-cables\/","name":"REF.:4EC1600. Elevador Hidr\u00e1ulico 2 Columnas Sin Base Asim\u00e9trico 4000 Kg Nueva Tecnolog\u00eda sin poleas ni cables - Canarytools S.L.","isPartOf":{"@id":"https:\/\/mantenimientosinformaticos.net\/canarytools\/#website"},"primaryImageOfPage":{"@id":"https:\/\/mantenimientosinformaticos.net\/canarytools\/producto\/elevador-hidraulico-2-columnas-sin-base-asimetrico-4000-kg-nueva-tecnologia-sin-poleas-ni-cables\/#primaryimage"},"image":{"@id":"https:\/\/mantenimientosinformaticos.net\/canarytools\/producto\/elevador-hidraulico-2-columnas-sin-base-asimetrico-4000-kg-nueva-tecnologia-sin-poleas-ni-cables\/#primaryimage"},"thumbnailUrl":"https:\/\/mantenimientosinformaticos.net\/canarytools\/wp-content\/uploads\/2020\/05\/635-REF.4EC1600.-Elevador-Hidraulico-2-Columnas-Sin-Base-Asimetrico-4000-Kg-Nueva-Tecnologia-sin-poleas-ni-cables.jpg","datePublished":"2020-05-13T19:15:28+00:00","dateModified":"2024-03-25T18:27:15+00:00","breadcrumb":{"@id":"https:\/\/mantenimientosinformaticos.net\/canarytools\/producto\/elevador-hidraulico-2-columnas-sin-base-asimetrico-4000-kg-nueva-tecnologia-sin-poleas-ni-cables\/#breadcrumb"},"inLanguage":"es","potentialAction":[{"@type":"ReadAction","target":["https:\/\/mantenimientosinformaticos.net\/canarytools\/producto\/elevador-hidraulico-2-columnas-sin-base-asimetrico-4000-kg-nueva-tecnologia-sin-poleas-ni-cables\/"]}]},{"@type":"ImageObject","inLanguage":"es","@id":"https:\/\/mantenimientosinformaticos.net\/canarytools\/producto\/elevador-hidraulico-2-columnas-sin-base-asimetrico-4000-kg-nueva-tecnologia-sin-poleas-ni-cables\/#primaryimage","url":"https:\/\/mantenimientosinformaticos.net\/canarytools\/wp-content\/uploads\/2020\/05\/635-REF.4EC1600.-Elevador-Hidraulico-2-Columnas-Sin-Base-Asimetrico-4000-Kg-Nueva-Tecnologia-sin-poleas-ni-cables.jpg","contentUrl":"https:\/\/mantenimientosinformaticos.net\/canarytools\/wp-content\/uploads\/2020\/05\/635-REF.4EC1600.-Elevador-Hidraulico-2-Columnas-Sin-Base-Asimetrico-4000-Kg-Nueva-Tecnologia-sin-poleas-ni-cables.jpg","width":1000,"height":1000,"caption":"REF.:4EC1600. Elevador Hidr\u00e1ulico 2 Columnas Sin Base Asim\u00e9trico 4000 Kg Nueva Tecnolog\u00eda sin poleas ni cables"},{"@type":"BreadcrumbList","@id":"https:\/\/mantenimientosinformaticos.net\/canarytools\/producto\/elevador-hidraulico-2-columnas-sin-base-asimetrico-4000-kg-nueva-tecnologia-sin-poleas-ni-cables\/#breadcrumb","itemListElement":[{"@type":"ListItem","position":1,"name":"Portada","item":"https:\/\/mantenimientosinformaticos.net\/canarytools\/"},{"@type":"ListItem","position":2,"name":"Tienda","item":"https:\/\/mantenimientosinformaticos.net\/canarytools\/tienda\/"},{"@type":"ListItem","position":3,"name":"REF.:4EC1600. Elevador Hidr\u00e1ulico 2 Columnas Sin Base Asim\u00e9trico 4000 Kg Nueva Tecnolog\u00eda sin poleas ni cables"}]},{"@type":"WebSite","@id":"https:\/\/mantenimientosinformaticos.net\/canarytools\/#website","url":"https:\/\/mantenimientosinformaticos.net\/canarytools\/","name":"Canarytools S.L.","description":"Herramientas y M\u00e1quinas","publisher":{"@id":"https:\/\/mantenimientosinformaticos.net\/canarytools\/#\/schema\/person\/355e32754b03bb24b681f1b6917e49bf"},"potentialAction":[{"@type":"SearchAction","target":{"@type":"EntryPoint","urlTemplate":"https:\/\/mantenimientosinformaticos.net\/canarytools\/?s={search_term_string}"},"query-input":"required name=search_term_string"}],"inLanguage":"es"},{"@type":["Person","Organization"],"@id":"https:\/\/mantenimientosinformaticos.net\/canarytools\/#\/schema\/person\/355e32754b03bb24b681f1b6917e49bf","name":"canarytools.xnetdigital","image":{"@type":"ImageObject","inLanguage":"es","@id":"https:\/\/mantenimientosinformaticos.net\/canarytools\/#\/schema\/person\/image\/","url":"https:\/\/mantenimientosinformaticos.net\/canarytools\/wp-content\/uploads\/2023\/12\/canary-tools-logo.png","contentUrl":"https:\/\/mantenimientosinformaticos.net\/canarytools\/wp-content\/uploads\/2023\/12\/canary-tools-logo.png","width":1302,"height":440,"caption":"canarytools.xnetdigital"},"logo":{"@id":"https:\/\/mantenimientosinformaticos.net\/canarytools\/#\/schema\/person\/image\/"},"sameAs":["https:\/\/mantenimientosinformaticos.net\/canarytools"]}]}},"_links":{"self":[{"href":"https:\/\/mantenimientosinformaticos.net\/canarytools\/wp-json\/wp\/v2\/product\/5028","targetHints":{"allow":["GET"]}}],"collection":[{"href":"https:\/\/mantenimientosinformaticos.net\/canarytools\/wp-json\/wp\/v2\/product"}],"about":[{"href":"https:\/\/mantenimientosinformaticos.net\/canarytools\/wp-json\/wp\/v2\/types\/product"}],"replies":[{"embeddable":true,"href":"https:\/\/mantenimientosinformaticos.net\/canarytools\/wp-json\/wp\/v2\/comments?post=5028"}],"wp:featuredmedia":[{"embeddable":true,"href":"https:\/\/mantenimientosinformaticos.net\/canarytools\/wp-json\/wp\/v2\/media\/5027"}],"wp:attachment":[{"href":"https:\/\/mantenimientosinformaticos.net\/canarytools\/wp-json\/wp\/v2\/media?parent=5028"}],"wp:term":[{"taxonomy":"product_cat","embeddable":true,"href":"https:\/\/mantenimientosinformaticos.net\/canarytools\/wp-json\/wp\/v2\/product_cat?post=5028"},{"taxonomy":"product_tag","embeddable":true,"href":"https:\/\/mantenimientosinformaticos.net\/canarytools\/wp-json\/wp\/v2\/product_tag?post=5028"}],"curies":[{"name":"wp","href":"https:\/\/api.w.org\/{rel}","templated":true}]}}