{"id":4936,"date":"2020-05-13T13:27:48","date_gmt":"2020-05-13T11:27:48","guid":{"rendered":"https:\/\/mantenimientosinformaticos.net\/canarytools\/producto\/maxivideo-mv400\/"},"modified":"2020-05-13T13:27:48","modified_gmt":"2020-05-13T11:27:48","slug":"maxivideo-mv400","status":"publish","type":"product","link":"https:\/\/mantenimientosinformaticos.net\/canarytools\/producto\/maxivideo-mv400\/","title":{"rendered":"Maxivideo MV400"},"content":{"rendered":"<ul>\n<li><span style=\"color:#333333;font-family:Arial, Helvetica, sans-serif;font-size:14px;line-height:20px;background-color:#ffffff;\">Graba y reproduce im\u00e1genes fijas y clips de video.<\/span><\/li>\n<li><span style=\"color:#333333;font-family:Arial, Helvetica, sans-serif;font-size:14px;line-height:20px;background-color:#ffffff;\">Pantalla LCD a todo color de alta resoluci\u00f3n de 3,5&#8243; (320 x 240).<\/span><\/li>\n<li><span style=\"color:#333333;font-family:Arial, Helvetica, sans-serif;font-size:14px;line-height:20px;background-color:#ffffff;\">F\u00e1cil de usar, interfaz multiling\u00fce.<\/span><\/li>\n<li><span style=\"color:#333333;font-family:Arial, Helvetica, sans-serif;font-size:14px;line-height:20px;background-color:#ffffff;\">Amplio \u00e1ngulo de c\u00e1mara para im\u00e1genes con resoluci\u00f3n de 640 x 480.<\/span><\/li>\n<li><span style=\"color:#333333;font-family:Arial, Helvetica, sans-serif;font-size:14px;line-height:20px;background-color:#ffffff;\">Con las tarjetas Micro SD extra\u00edbles opcionales, puede guardar im\u00e1genes y v\u00eddeos y llev\u00e1rselos con usted a cualquier parte.<\/span><\/li>\n<li><span style=\"color:#333333;font-family:Arial, Helvetica, sans-serif;font-size:14px;line-height:20px;background-color:#ffffff;\">Inversi\u00f3n horizontal o vertical de la imagen en pantalla.<\/span><\/li>\n<li><span style=\"color:#333333;font-family:Arial, Helvetica, sans-serif;font-size:14px;line-height:20px;background-color:#ffffff;\">Zoom digital 5x para aumento de im\u00e1genes.<\/span><\/li>\n<li><span style=\"color:#333333;font-family:Arial, Helvetica, sans-serif;font-size:14px;line-height:20px;background-color:#ffffff;\">Conector Mini USB para subir im\u00e1genes y videos a un ordenador.<\/span><\/li>\n<li><span style=\"color:#333333;font-family:Arial, Helvetica, sans-serif;font-size:14px;line-height:20px;background-color:#ffffff;\">Di\u00e1metro de sonda reducido disponible tanto en 8,5 mm (0,33\u201d) como en 5,5 mm (0,22\u201d). Encaja en la mayor\u00eda de cavidades de buj\u00edas.<\/span><\/li>\n<li><span style=\"color:#333333;font-family:Arial, Helvetica, sans-serif;font-size:14px;line-height:20px;background-color:#ffffff;\">LED blanco para iluminar la zona de inspecci\u00f3n, con control de iluminaci\u00f3n.<\/span><\/li>\n<li><span style=\"color:#333333;font-family:Arial, Helvetica, sans-serif;font-size:14px;line-height:20px;background-color:#ffffff;\">Visualiza objetos situados a 2,5 cm (1\u201d).<\/span><\/li>\n<li><span style=\"color:#333333;font-family:Arial, Helvetica, sans-serif;font-size:14px;line-height:20px;background-color:#ffffff;\">Lente de vidrio templado resistente al aceite y a las ralladuras.<\/span><\/li>\n<li><span style=\"color:#333333;font-family:Arial, Helvetica, sans-serif;font-size:14px;line-height:20px;background-color:#ffffff;\">Cable sellado semirr\u00edgido, pero flexible de 1 metro (39,4&#8243;).<\/span><\/li>\n<li><span style=\"color:#333333;font-family:Arial, Helvetica, sans-serif;font-size:14px;line-height:20px;background-color:#ffffff;\">Bater\u00eda de ion-litio recargable incorporada con hasta 3-4 horas de uso continuado de autonom\u00eda.<\/span><\/li>\n<li><span style=\"color:#333333;font-family:Arial, Helvetica, sans-serif;font-size:14px;line-height:20px;background-color:#ffffff;\">Carcasa ergon\u00f3mica y resistente.<\/span><\/li>\n<li><span style=\"color:#333333;font-family:Arial, Helvetica, sans-serif;font-size:14px;line-height:20px;background-color:#ffffff;\">Un a\u00f1o de garant\u00eda<\/span><\/li>\n<\/ul>\n","protected":false},"excerpt":{"rendered":"<p><span style=\"color:#333333;font-family:Arial, Helvetica, sans-serif;font-size:14px;line-height:20px;background-color:#ffffff;\">El videoscopio digital MaxiVideo MV400 de Autel, con su cabezal de c\u00e1mara de 5,5 mm, es el equipo ideal para examinar zonas de dif\u00edcil acceso que normalmente est\u00e1n ocultas a la vista, tales como las c\u00e1maras del motor. El MV400 tiene la capacidad de grabar im\u00e1genes digitales fijas y videos MPEG2 o MPEG1 tanto en su memoria flash interna como en su tarjeta extra\u00edble Micro SD (opcional).\u00a0<\/span><\/p>\n","protected":false},"featured_media":4935,"comment_status":"open","ping_status":"closed","template":"","meta":[],"product_cat":[492,557],"product_tag":[],"class_list":{"0":"post-4936","1":"product","2":"type-product","3":"status-publish","4":"has-post-thumbnail","6":"product_cat-equipo-de-talleres","7":"product_cat-diagnosis-profesional","9":"first","10":"onbackorder","11":"shipping-taxable","12":"purchasable","13":"product-type-simple"},"yoast_head":"<!-- This site is optimized with the Yoast SEO plugin v22.7 - https:\/\/yoast.com\/wordpress\/plugins\/seo\/ -->\n<title>Maxivideo MV400 - Canarytools S.L.<\/title>\n<meta name=\"robots\" content=\"index, follow, max-snippet:-1, max-image-preview:large, max-video-preview:-1\" \/>\n<link rel=\"canonical\" href=\"https:\/\/mantenimientosinformaticos.net\/canarytools\/producto\/maxivideo-mv400\/\" \/>\n<meta property=\"og:locale\" content=\"es_ES\" \/>\n<meta property=\"og:type\" content=\"article\" \/>\n<meta property=\"og:title\" content=\"Maxivideo MV400 - Canarytools S.L.\" \/>\n<meta property=\"og:description\" content=\"El videoscopio digital MaxiVideo MV400 de Autel, con su cabezal de c\u00e1mara de 5,5 mm, es el equipo ideal para examinar zonas de dif\u00edcil acceso que normalmente est\u00e1n ocultas a la vista, tales como las c\u00e1maras del motor. El MV400 tiene la capacidad de grabar im\u00e1genes digitales fijas y videos MPEG2 o MPEG1 tanto en su memoria flash interna como en su tarjeta extra\u00edble Micro SD (opcional).\u00a0\" \/>\n<meta property=\"og:url\" content=\"https:\/\/mantenimientosinformaticos.net\/canarytools\/producto\/maxivideo-mv400\/\" \/>\n<meta property=\"og:site_name\" content=\"Canarytools S.L.\" \/>\n<meta property=\"og:image\" content=\"https:\/\/mantenimientosinformaticos.net\/canarytools\/wp-content\/uploads\/2020\/05\/588-Maxivideo-MV400.jpg\" \/>\n\t<meta property=\"og:image:width\" content=\"215\" \/>\n\t<meta property=\"og:image:height\" content=\"179\" \/>\n\t<meta property=\"og:image:type\" content=\"image\/jpeg\" \/>\n<meta name=\"twitter:card\" content=\"summary_large_image\" \/>\n<meta name=\"twitter:label1\" content=\"Tiempo de lectura\" \/>\n\t<meta name=\"twitter:data1\" content=\"1 minuto\" \/>\n<script type=\"application\/ld+json\" class=\"yoast-schema-graph\">{\"@context\":\"https:\/\/schema.org\",\"@graph\":[{\"@type\":\"WebPage\",\"@id\":\"https:\/\/mantenimientosinformaticos.net\/canarytools\/producto\/maxivideo-mv400\/\",\"url\":\"https:\/\/mantenimientosinformaticos.net\/canarytools\/producto\/maxivideo-mv400\/\",\"name\":\"Maxivideo MV400 - Canarytools S.L.\",\"isPartOf\":{\"@id\":\"https:\/\/mantenimientosinformaticos.net\/canarytools\/#website\"},\"primaryImageOfPage\":{\"@id\":\"https:\/\/mantenimientosinformaticos.net\/canarytools\/producto\/maxivideo-mv400\/#primaryimage\"},\"image\":{\"@id\":\"https:\/\/mantenimientosinformaticos.net\/canarytools\/producto\/maxivideo-mv400\/#primaryimage\"},\"thumbnailUrl\":\"https:\/\/mantenimientosinformaticos.net\/canarytools\/wp-content\/uploads\/2020\/05\/588-Maxivideo-MV400.jpg\",\"datePublished\":\"2020-05-13T11:27:48+00:00\",\"dateModified\":\"2020-05-13T11:27:48+00:00\",\"breadcrumb\":{\"@id\":\"https:\/\/mantenimientosinformaticos.net\/canarytools\/producto\/maxivideo-mv400\/#breadcrumb\"},\"inLanguage\":\"es\",\"potentialAction\":[{\"@type\":\"ReadAction\",\"target\":[\"https:\/\/mantenimientosinformaticos.net\/canarytools\/producto\/maxivideo-mv400\/\"]}]},{\"@type\":\"ImageObject\",\"inLanguage\":\"es\",\"@id\":\"https:\/\/mantenimientosinformaticos.net\/canarytools\/producto\/maxivideo-mv400\/#primaryimage\",\"url\":\"https:\/\/mantenimientosinformaticos.net\/canarytools\/wp-content\/uploads\/2020\/05\/588-Maxivideo-MV400.jpg\",\"contentUrl\":\"https:\/\/mantenimientosinformaticos.net\/canarytools\/wp-content\/uploads\/2020\/05\/588-Maxivideo-MV400.jpg\",\"width\":215,\"height\":179,\"caption\":\"Maxivideo MV400\"},{\"@type\":\"BreadcrumbList\",\"@id\":\"https:\/\/mantenimientosinformaticos.net\/canarytools\/producto\/maxivideo-mv400\/#breadcrumb\",\"itemListElement\":[{\"@type\":\"ListItem\",\"position\":1,\"name\":\"Portada\",\"item\":\"https:\/\/mantenimientosinformaticos.net\/canarytools\/\"},{\"@type\":\"ListItem\",\"position\":2,\"name\":\"Tienda\",\"item\":\"https:\/\/mantenimientosinformaticos.net\/canarytools\/tienda\/\"},{\"@type\":\"ListItem\",\"position\":3,\"name\":\"Maxivideo MV400\"}]},{\"@type\":\"WebSite\",\"@id\":\"https:\/\/mantenimientosinformaticos.net\/canarytools\/#website\",\"url\":\"https:\/\/mantenimientosinformaticos.net\/canarytools\/\",\"name\":\"Canarytools S.L.\",\"description\":\"Herramientas y M\u00e1quinas\",\"publisher\":{\"@id\":\"https:\/\/mantenimientosinformaticos.net\/canarytools\/#\/schema\/person\/355e32754b03bb24b681f1b6917e49bf\"},\"potentialAction\":[{\"@type\":\"SearchAction\",\"target\":{\"@type\":\"EntryPoint\",\"urlTemplate\":\"https:\/\/mantenimientosinformaticos.net\/canarytools\/?s={search_term_string}\"},\"query-input\":\"required name=search_term_string\"}],\"inLanguage\":\"es\"},{\"@type\":[\"Person\",\"Organization\"],\"@id\":\"https:\/\/mantenimientosinformaticos.net\/canarytools\/#\/schema\/person\/355e32754b03bb24b681f1b6917e49bf\",\"name\":\"canarytools.xnetdigital\",\"image\":{\"@type\":\"ImageObject\",\"inLanguage\":\"es\",\"@id\":\"https:\/\/mantenimientosinformaticos.net\/canarytools\/#\/schema\/person\/image\/\",\"url\":\"https:\/\/mantenimientosinformaticos.net\/canarytools\/wp-content\/uploads\/2023\/12\/canary-tools-logo.png\",\"contentUrl\":\"https:\/\/mantenimientosinformaticos.net\/canarytools\/wp-content\/uploads\/2023\/12\/canary-tools-logo.png\",\"width\":1302,\"height\":440,\"caption\":\"canarytools.xnetdigital\"},\"logo\":{\"@id\":\"https:\/\/mantenimientosinformaticos.net\/canarytools\/#\/schema\/person\/image\/\"},\"sameAs\":[\"https:\/\/mantenimientosinformaticos.net\/canarytools\"]}]}<\/script>\n<!-- \/ Yoast SEO plugin. -->","yoast_head_json":{"title":"Maxivideo MV400 - Canarytools S.L.","robots":{"index":"index","follow":"follow","max-snippet":"max-snippet:-1","max-image-preview":"max-image-preview:large","max-video-preview":"max-video-preview:-1"},"canonical":"https:\/\/mantenimientosinformaticos.net\/canarytools\/producto\/maxivideo-mv400\/","og_locale":"es_ES","og_type":"article","og_title":"Maxivideo MV400 - Canarytools S.L.","og_description":"El videoscopio digital MaxiVideo MV400 de Autel, con su cabezal de c\u00e1mara de 5,5 mm, es el equipo ideal para examinar zonas de dif\u00edcil acceso que normalmente est\u00e1n ocultas a la vista, tales como las c\u00e1maras del motor. El MV400 tiene la capacidad de grabar im\u00e1genes digitales fijas y videos MPEG2 o MPEG1 tanto en su memoria flash interna como en su tarjeta extra\u00edble Micro SD (opcional).\u00a0","og_url":"https:\/\/mantenimientosinformaticos.net\/canarytools\/producto\/maxivideo-mv400\/","og_site_name":"Canarytools S.L.","og_image":[{"width":215,"height":179,"url":"https:\/\/mantenimientosinformaticos.net\/canarytools\/wp-content\/uploads\/2020\/05\/588-Maxivideo-MV400.jpg","type":"image\/jpeg"}],"twitter_card":"summary_large_image","twitter_misc":{"Tiempo de lectura":"1 minuto"},"schema":{"@context":"https:\/\/schema.org","@graph":[{"@type":"WebPage","@id":"https:\/\/mantenimientosinformaticos.net\/canarytools\/producto\/maxivideo-mv400\/","url":"https:\/\/mantenimientosinformaticos.net\/canarytools\/producto\/maxivideo-mv400\/","name":"Maxivideo MV400 - Canarytools S.L.","isPartOf":{"@id":"https:\/\/mantenimientosinformaticos.net\/canarytools\/#website"},"primaryImageOfPage":{"@id":"https:\/\/mantenimientosinformaticos.net\/canarytools\/producto\/maxivideo-mv400\/#primaryimage"},"image":{"@id":"https:\/\/mantenimientosinformaticos.net\/canarytools\/producto\/maxivideo-mv400\/#primaryimage"},"thumbnailUrl":"https:\/\/mantenimientosinformaticos.net\/canarytools\/wp-content\/uploads\/2020\/05\/588-Maxivideo-MV400.jpg","datePublished":"2020-05-13T11:27:48+00:00","dateModified":"2020-05-13T11:27:48+00:00","breadcrumb":{"@id":"https:\/\/mantenimientosinformaticos.net\/canarytools\/producto\/maxivideo-mv400\/#breadcrumb"},"inLanguage":"es","potentialAction":[{"@type":"ReadAction","target":["https:\/\/mantenimientosinformaticos.net\/canarytools\/producto\/maxivideo-mv400\/"]}]},{"@type":"ImageObject","inLanguage":"es","@id":"https:\/\/mantenimientosinformaticos.net\/canarytools\/producto\/maxivideo-mv400\/#primaryimage","url":"https:\/\/mantenimientosinformaticos.net\/canarytools\/wp-content\/uploads\/2020\/05\/588-Maxivideo-MV400.jpg","contentUrl":"https:\/\/mantenimientosinformaticos.net\/canarytools\/wp-content\/uploads\/2020\/05\/588-Maxivideo-MV400.jpg","width":215,"height":179,"caption":"Maxivideo MV400"},{"@type":"BreadcrumbList","@id":"https:\/\/mantenimientosinformaticos.net\/canarytools\/producto\/maxivideo-mv400\/#breadcrumb","itemListElement":[{"@type":"ListItem","position":1,"name":"Portada","item":"https:\/\/mantenimientosinformaticos.net\/canarytools\/"},{"@type":"ListItem","position":2,"name":"Tienda","item":"https:\/\/mantenimientosinformaticos.net\/canarytools\/tienda\/"},{"@type":"ListItem","position":3,"name":"Maxivideo MV400"}]},{"@type":"WebSite","@id":"https:\/\/mantenimientosinformaticos.net\/canarytools\/#website","url":"https:\/\/mantenimientosinformaticos.net\/canarytools\/","name":"Canarytools S.L.","description":"Herramientas y M\u00e1quinas","publisher":{"@id":"https:\/\/mantenimientosinformaticos.net\/canarytools\/#\/schema\/person\/355e32754b03bb24b681f1b6917e49bf"},"potentialAction":[{"@type":"SearchAction","target":{"@type":"EntryPoint","urlTemplate":"https:\/\/mantenimientosinformaticos.net\/canarytools\/?s={search_term_string}"},"query-input":"required name=search_term_string"}],"inLanguage":"es"},{"@type":["Person","Organization"],"@id":"https:\/\/mantenimientosinformaticos.net\/canarytools\/#\/schema\/person\/355e32754b03bb24b681f1b6917e49bf","name":"canarytools.xnetdigital","image":{"@type":"ImageObject","inLanguage":"es","@id":"https:\/\/mantenimientosinformaticos.net\/canarytools\/#\/schema\/person\/image\/","url":"https:\/\/mantenimientosinformaticos.net\/canarytools\/wp-content\/uploads\/2023\/12\/canary-tools-logo.png","contentUrl":"https:\/\/mantenimientosinformaticos.net\/canarytools\/wp-content\/uploads\/2023\/12\/canary-tools-logo.png","width":1302,"height":440,"caption":"canarytools.xnetdigital"},"logo":{"@id":"https:\/\/mantenimientosinformaticos.net\/canarytools\/#\/schema\/person\/image\/"},"sameAs":["https:\/\/mantenimientosinformaticos.net\/canarytools"]}]}},"_links":{"self":[{"href":"https:\/\/mantenimientosinformaticos.net\/canarytools\/wp-json\/wp\/v2\/product\/4936","targetHints":{"allow":["GET"]}}],"collection":[{"href":"https:\/\/mantenimientosinformaticos.net\/canarytools\/wp-json\/wp\/v2\/product"}],"about":[{"href":"https:\/\/mantenimientosinformaticos.net\/canarytools\/wp-json\/wp\/v2\/types\/product"}],"replies":[{"embeddable":true,"href":"https:\/\/mantenimientosinformaticos.net\/canarytools\/wp-json\/wp\/v2\/comments?post=4936"}],"wp:featuredmedia":[{"embeddable":true,"href":"https:\/\/mantenimientosinformaticos.net\/canarytools\/wp-json\/wp\/v2\/media\/4935"}],"wp:attachment":[{"href":"https:\/\/mantenimientosinformaticos.net\/canarytools\/wp-json\/wp\/v2\/media?parent=4936"}],"wp:term":[{"taxonomy":"product_cat","embeddable":true,"href":"https:\/\/mantenimientosinformaticos.net\/canarytools\/wp-json\/wp\/v2\/product_cat?post=4936"},{"taxonomy":"product_tag","embeddable":true,"href":"https:\/\/mantenimientosinformaticos.net\/canarytools\/wp-json\/wp\/v2\/product_tag?post=4936"}],"curies":[{"name":"wp","href":"https:\/\/api.w.org\/{rel}","templated":true}]}}