{"id":4927,"date":"2020-05-13T13:01:18","date_gmt":"2020-05-13T11:01:18","guid":{"rendered":"https:\/\/mantenimientosinformaticos.net\/canarytools\/producto\/maxisys-908-pro\/"},"modified":"2020-05-13T13:01:18","modified_gmt":"2020-05-13T11:01:18","slug":"maxisys-908-pro","status":"publish","type":"product","link":"https:\/\/mantenimientosinformaticos.net\/canarytools\/producto\/maxisys-908-pro\/","title":{"rendered":"MaxiSys 908 Pro"},"content":{"rendered":"<ul class=\"ul-product-features\" style=\"margin:0px 0px 10px 25px;padding:0px;color:#b40004;font-family:Arial, Helvetica, sans-serif;font-size:14px;line-height:20px;background-color:#ffffff;\">\n<li style=\"margin:0px;padding:0px;\"><span style=\"margin:0px;padding:0px;color:#333333;\">Procesador Cortex-A9 de cuatro n\u00facleos extraordinariamente potente.<\/span><\/li>\n<li><span style=\"color:#333333;\">Pantalla LED t\u00e1ctil capacitiva Multi Touch de 9,7\u2019\u2019 y 1.024&#215;768, con luz negra brillante y tecnolog\u00eda IPS.<\/span><\/li>\n<li><span style=\"color:#333333;\">Disco duro Solid State Drive de 32 GB fiable y r\u00e1pido para un mejor funcionamiento.<\/span><\/li>\n<li><span style=\"color:#333333;\">C\u00e1mara de 5 megap\u00edxels con autoenfoque y flash incorporada en el panel trasero.<\/span><\/li>\n<li><span style=\"color:#333333;\">Wifi 802.11n (2,4 GHz y 5,0 GHz) de doble banda para acceder a sus recursos web favoritos.<\/span><\/li>\n<li><span style=\"color:#333333;\">Dise\u00f1o ergon\u00f3mico exclusivo con protecci\u00f3n de goma dura.<\/span><\/li>\n<li><span style=\"color:#333333;\">Bater\u00eda de i\u00f3n-litio recargable con hasta 8 horas de funcionamiento continuado.<\/span><\/li>\n<li><span style=\"color:#333333;\">Puertos auxiliares, de audio y USB para facilitarle la conexi\u00f3n con los accesorios.<\/span><\/li>\n<li><span style=\"color:#333333;\">VCI que conecta con la unidad principal a trav\u00e9s del Bluetooth Class 1 de largo alcance, sin necesidad de cables.<\/span><\/li>\n<li><span style=\"color:#333333;\">Sistema operativo Android de c\u00f3digo abierto multitarea para un r\u00e1pido encendido.<\/span><\/li>\n<li><span style=\"color:#333333;\">Navegaci\u00f3n f\u00e1cil e intuitiva para que encuentre de un modo r\u00e1pido y f\u00e1cil lo que necesita.<\/span><\/li>\n<li><span style=\"color:#333333;\">Amplia cobertura de veh\u00edculos con m\u00e1s de 80 marcas de veh\u00edculos norteamericanos, asi\u00e1ticos y europeos.<\/span><\/li>\n<li><span style=\"color:#333333;\">Las funciones m\u00e1s completas para c\u00f3digos, datos en tiempo real, pruebas de actuadores, adaptaciones y codificaciones de UCE.<\/span><\/li>\n<li><span style=\"color:#333333;\">Muestra datos en tiempo real en formato texto, gr\u00e1fico y anal\u00f3gico, y cuenta con indicador digital para un f\u00e1cil an\u00e1lisis y una f\u00e1cil revisi\u00f3n de datos.<\/span><\/li>\n<li><span style=\"color:#333333;\">Configura opciones de pantalla y niveles de disparo y graba y reproduce resultados con un solo toque.<\/span><\/li>\n<li><span style=\"color:#333333;\">Graba y reproduce datos en tiempo real para localizar problemas en sensores y componentes.<\/span><\/li>\n<li><span style=\"color:#333333;\">Administrador de datos en la nube para guardar registros de clientes y veh\u00edculos, datos de diagnosis y notas de los t\u00e9cnicos.<\/span><\/li>\n<li><span style=\"color:#333333;\">Soporte t\u00e9cnico remoto para realizar las demostraciones necesarias, proporcionar formaci\u00f3n y aumentar la satisfacci\u00f3n de nuestros clientes.<\/span><\/li>\n<li><span style=\"color:#333333;\">Imprime datos guardados en cualquier momento y en cualquier lugar con la tecnolog\u00eda wifi.<\/span><\/li>\n<li><span style=\"color:#333333;\">Actualizaciones autom\u00e1ticas por wifi disponibles en nuevos lanzamientos de software.<\/span><\/li>\n<\/ul>\n","protected":false},"excerpt":{"rendered":"<p><span style=\"color:#333333;font-family:Arial, Helvetica, sans-serif;font-size:14px;line-height:20px;background-color:#ffffff;\">Dise\u00f1ada con el ADN de los productos de la familia de diagnosis Autel, la MaxiSys 908 Pro est\u00e1 hecha para ofrecer muchas de las prestigiosas cualidades de la<span style=\"color:#000000;\">\u00a0<\/span><\/span><span style=\"color:#000000;background-color:#ffffff;\"><a href=\"https:\/\/www.auteliberica.es\/products\/maxidasds708.html\" style=\"margin:0px;padding:0px;color:#cb0003;text-decoration:none;font-family:Arial, Helvetica, sans-serif;font-size:14px;line-height:20px;background-color:#ffffff;\"><span style=\"color:#000000;background-color:#ffffff;\">MaxiDAS DS708<\/span><\/a><\/span><span style=\"color:#333333;font-family:Arial, Helvetica, sans-serif;font-size:14px;line-height:20px;background-color:#ffffff;\"><span style=\"color:#000000;\">,<\/span> con una facilidad de uso extrema y un poderoso rendimiento en diagnosis. Sin embargo, la MaxiSys Pro ha evolucionado mucho m\u00e1s all\u00e1 de sus capacidades originales. Con su procesador A9 de cuatro n\u00facleos y 1,40 GHz que ofrece un 50% m\u00e1s de velocidad que sus competidores, una pantalla t\u00e1ctil LED de 9,7\u2019\u2019 y una resoluci\u00f3n de 1.024&#215;768, un revolucionario sistema operativo multitarea Android y la mejor cobertura posible al nivel de los equipos de diagnosis originales, la MaxiSys 908 Pro es la soluci\u00f3n de diagnosis perfecta para los talleres y los t\u00e9cnicos que exijan tecnolog\u00eda inteligente sin rival y reparaciones eficaces.<\/span><\/p>\n","protected":false},"featured_media":4926,"comment_status":"open","ping_status":"closed","template":"","meta":[],"product_cat":[492,557],"product_tag":[],"class_list":{"0":"post-4927","1":"product","2":"type-product","3":"status-publish","4":"has-post-thumbnail","6":"product_cat-equipo-de-talleres","7":"product_cat-diagnosis-profesional","9":"first","10":"instock","11":"shipping-taxable","12":"purchasable","13":"product-type-simple"},"yoast_head":"<!-- This site is optimized with the Yoast SEO plugin v22.7 - https:\/\/yoast.com\/wordpress\/plugins\/seo\/ -->\n<title>MaxiSys 908 Pro - Canarytools S.L.<\/title>\n<meta name=\"robots\" content=\"index, follow, max-snippet:-1, max-image-preview:large, max-video-preview:-1\" \/>\n<link rel=\"canonical\" href=\"https:\/\/mantenimientosinformaticos.net\/canarytools\/producto\/maxisys-908-pro\/\" \/>\n<meta property=\"og:locale\" content=\"es_ES\" \/>\n<meta property=\"og:type\" content=\"article\" \/>\n<meta property=\"og:title\" content=\"MaxiSys 908 Pro - Canarytools S.L.\" \/>\n<meta property=\"og:description\" content=\"Dise\u00f1ada con el ADN de los productos de la familia de diagnosis Autel, la MaxiSys 908 Pro est\u00e1 hecha para ofrecer muchas de las prestigiosas cualidades de la\u00a0MaxiDAS DS708, con una facilidad de uso extrema y un poderoso rendimiento en diagnosis. Sin embargo, la MaxiSys Pro ha evolucionado mucho m\u00e1s all\u00e1 de sus capacidades originales. Con su procesador A9 de cuatro n\u00facleos y 1,40 GHz que ofrece un 50% m\u00e1s de velocidad que sus competidores, una pantalla t\u00e1ctil LED de 9,7\u2019\u2019 y una resoluci\u00f3n de 1.024x768, un revolucionario sistema operativo multitarea Android y la mejor cobertura posible al nivel de los equipos de diagnosis originales, la MaxiSys 908 Pro es la soluci\u00f3n de diagnosis perfecta para los talleres y los t\u00e9cnicos que exijan tecnolog\u00eda inteligente sin rival y reparaciones eficaces.\" \/>\n<meta property=\"og:url\" content=\"https:\/\/mantenimientosinformaticos.net\/canarytools\/producto\/maxisys-908-pro\/\" \/>\n<meta property=\"og:site_name\" content=\"Canarytools S.L.\" \/>\n<meta property=\"og:image\" content=\"https:\/\/mantenimientosinformaticos.net\/canarytools\/wp-content\/uploads\/2020\/05\/580-MaxiSys-908-Pro.jpg\" \/>\n\t<meta property=\"og:image:width\" content=\"324\" \/>\n\t<meta property=\"og:image:height\" content=\"222\" \/>\n\t<meta property=\"og:image:type\" content=\"image\/jpeg\" \/>\n<meta name=\"twitter:card\" content=\"summary_large_image\" \/>\n<meta name=\"twitter:label1\" content=\"Tiempo de lectura\" \/>\n\t<meta name=\"twitter:data1\" content=\"2 minutos\" \/>\n<script type=\"application\/ld+json\" class=\"yoast-schema-graph\">{\"@context\":\"https:\/\/schema.org\",\"@graph\":[{\"@type\":\"WebPage\",\"@id\":\"https:\/\/mantenimientosinformaticos.net\/canarytools\/producto\/maxisys-908-pro\/\",\"url\":\"https:\/\/mantenimientosinformaticos.net\/canarytools\/producto\/maxisys-908-pro\/\",\"name\":\"MaxiSys 908 Pro - Canarytools S.L.\",\"isPartOf\":{\"@id\":\"https:\/\/mantenimientosinformaticos.net\/canarytools\/#website\"},\"primaryImageOfPage\":{\"@id\":\"https:\/\/mantenimientosinformaticos.net\/canarytools\/producto\/maxisys-908-pro\/#primaryimage\"},\"image\":{\"@id\":\"https:\/\/mantenimientosinformaticos.net\/canarytools\/producto\/maxisys-908-pro\/#primaryimage\"},\"thumbnailUrl\":\"https:\/\/mantenimientosinformaticos.net\/canarytools\/wp-content\/uploads\/2020\/05\/580-MaxiSys-908-Pro.jpg\",\"datePublished\":\"2020-05-13T11:01:18+00:00\",\"dateModified\":\"2020-05-13T11:01:18+00:00\",\"breadcrumb\":{\"@id\":\"https:\/\/mantenimientosinformaticos.net\/canarytools\/producto\/maxisys-908-pro\/#breadcrumb\"},\"inLanguage\":\"es\",\"potentialAction\":[{\"@type\":\"ReadAction\",\"target\":[\"https:\/\/mantenimientosinformaticos.net\/canarytools\/producto\/maxisys-908-pro\/\"]}]},{\"@type\":\"ImageObject\",\"inLanguage\":\"es\",\"@id\":\"https:\/\/mantenimientosinformaticos.net\/canarytools\/producto\/maxisys-908-pro\/#primaryimage\",\"url\":\"https:\/\/mantenimientosinformaticos.net\/canarytools\/wp-content\/uploads\/2020\/05\/580-MaxiSys-908-Pro.jpg\",\"contentUrl\":\"https:\/\/mantenimientosinformaticos.net\/canarytools\/wp-content\/uploads\/2020\/05\/580-MaxiSys-908-Pro.jpg\",\"width\":324,\"height\":222,\"caption\":\"MaxiSys 908 Pro\"},{\"@type\":\"BreadcrumbList\",\"@id\":\"https:\/\/mantenimientosinformaticos.net\/canarytools\/producto\/maxisys-908-pro\/#breadcrumb\",\"itemListElement\":[{\"@type\":\"ListItem\",\"position\":1,\"name\":\"Portada\",\"item\":\"https:\/\/mantenimientosinformaticos.net\/canarytools\/\"},{\"@type\":\"ListItem\",\"position\":2,\"name\":\"Tienda\",\"item\":\"https:\/\/mantenimientosinformaticos.net\/canarytools\/tienda\/\"},{\"@type\":\"ListItem\",\"position\":3,\"name\":\"MaxiSys 908 Pro\"}]},{\"@type\":\"WebSite\",\"@id\":\"https:\/\/mantenimientosinformaticos.net\/canarytools\/#website\",\"url\":\"https:\/\/mantenimientosinformaticos.net\/canarytools\/\",\"name\":\"Canarytools S.L.\",\"description\":\"Herramientas y M\u00e1quinas\",\"publisher\":{\"@id\":\"https:\/\/mantenimientosinformaticos.net\/canarytools\/#\/schema\/person\/355e32754b03bb24b681f1b6917e49bf\"},\"potentialAction\":[{\"@type\":\"SearchAction\",\"target\":{\"@type\":\"EntryPoint\",\"urlTemplate\":\"https:\/\/mantenimientosinformaticos.net\/canarytools\/?s={search_term_string}\"},\"query-input\":\"required name=search_term_string\"}],\"inLanguage\":\"es\"},{\"@type\":[\"Person\",\"Organization\"],\"@id\":\"https:\/\/mantenimientosinformaticos.net\/canarytools\/#\/schema\/person\/355e32754b03bb24b681f1b6917e49bf\",\"name\":\"canarytools.xnetdigital\",\"image\":{\"@type\":\"ImageObject\",\"inLanguage\":\"es\",\"@id\":\"https:\/\/mantenimientosinformaticos.net\/canarytools\/#\/schema\/person\/image\/\",\"url\":\"https:\/\/mantenimientosinformaticos.net\/canarytools\/wp-content\/uploads\/2023\/12\/canary-tools-logo.png\",\"contentUrl\":\"https:\/\/mantenimientosinformaticos.net\/canarytools\/wp-content\/uploads\/2023\/12\/canary-tools-logo.png\",\"width\":1302,\"height\":440,\"caption\":\"canarytools.xnetdigital\"},\"logo\":{\"@id\":\"https:\/\/mantenimientosinformaticos.net\/canarytools\/#\/schema\/person\/image\/\"},\"sameAs\":[\"https:\/\/mantenimientosinformaticos.net\/canarytools\"]}]}<\/script>\n<!-- \/ Yoast SEO plugin. -->","yoast_head_json":{"title":"MaxiSys 908 Pro - Canarytools S.L.","robots":{"index":"index","follow":"follow","max-snippet":"max-snippet:-1","max-image-preview":"max-image-preview:large","max-video-preview":"max-video-preview:-1"},"canonical":"https:\/\/mantenimientosinformaticos.net\/canarytools\/producto\/maxisys-908-pro\/","og_locale":"es_ES","og_type":"article","og_title":"MaxiSys 908 Pro - Canarytools S.L.","og_description":"Dise\u00f1ada con el ADN de los productos de la familia de diagnosis Autel, la MaxiSys 908 Pro est\u00e1 hecha para ofrecer muchas de las prestigiosas cualidades de la\u00a0MaxiDAS DS708, con una facilidad de uso extrema y un poderoso rendimiento en diagnosis. Sin embargo, la MaxiSys Pro ha evolucionado mucho m\u00e1s all\u00e1 de sus capacidades originales. Con su procesador A9 de cuatro n\u00facleos y 1,40 GHz que ofrece un 50% m\u00e1s de velocidad que sus competidores, una pantalla t\u00e1ctil LED de 9,7\u2019\u2019 y una resoluci\u00f3n de 1.024x768, un revolucionario sistema operativo multitarea Android y la mejor cobertura posible al nivel de los equipos de diagnosis originales, la MaxiSys 908 Pro es la soluci\u00f3n de diagnosis perfecta para los talleres y los t\u00e9cnicos que exijan tecnolog\u00eda inteligente sin rival y reparaciones eficaces.","og_url":"https:\/\/mantenimientosinformaticos.net\/canarytools\/producto\/maxisys-908-pro\/","og_site_name":"Canarytools S.L.","og_image":[{"width":324,"height":222,"url":"https:\/\/mantenimientosinformaticos.net\/canarytools\/wp-content\/uploads\/2020\/05\/580-MaxiSys-908-Pro.jpg","type":"image\/jpeg"}],"twitter_card":"summary_large_image","twitter_misc":{"Tiempo de lectura":"2 minutos"},"schema":{"@context":"https:\/\/schema.org","@graph":[{"@type":"WebPage","@id":"https:\/\/mantenimientosinformaticos.net\/canarytools\/producto\/maxisys-908-pro\/","url":"https:\/\/mantenimientosinformaticos.net\/canarytools\/producto\/maxisys-908-pro\/","name":"MaxiSys 908 Pro - Canarytools S.L.","isPartOf":{"@id":"https:\/\/mantenimientosinformaticos.net\/canarytools\/#website"},"primaryImageOfPage":{"@id":"https:\/\/mantenimientosinformaticos.net\/canarytools\/producto\/maxisys-908-pro\/#primaryimage"},"image":{"@id":"https:\/\/mantenimientosinformaticos.net\/canarytools\/producto\/maxisys-908-pro\/#primaryimage"},"thumbnailUrl":"https:\/\/mantenimientosinformaticos.net\/canarytools\/wp-content\/uploads\/2020\/05\/580-MaxiSys-908-Pro.jpg","datePublished":"2020-05-13T11:01:18+00:00","dateModified":"2020-05-13T11:01:18+00:00","breadcrumb":{"@id":"https:\/\/mantenimientosinformaticos.net\/canarytools\/producto\/maxisys-908-pro\/#breadcrumb"},"inLanguage":"es","potentialAction":[{"@type":"ReadAction","target":["https:\/\/mantenimientosinformaticos.net\/canarytools\/producto\/maxisys-908-pro\/"]}]},{"@type":"ImageObject","inLanguage":"es","@id":"https:\/\/mantenimientosinformaticos.net\/canarytools\/producto\/maxisys-908-pro\/#primaryimage","url":"https:\/\/mantenimientosinformaticos.net\/canarytools\/wp-content\/uploads\/2020\/05\/580-MaxiSys-908-Pro.jpg","contentUrl":"https:\/\/mantenimientosinformaticos.net\/canarytools\/wp-content\/uploads\/2020\/05\/580-MaxiSys-908-Pro.jpg","width":324,"height":222,"caption":"MaxiSys 908 Pro"},{"@type":"BreadcrumbList","@id":"https:\/\/mantenimientosinformaticos.net\/canarytools\/producto\/maxisys-908-pro\/#breadcrumb","itemListElement":[{"@type":"ListItem","position":1,"name":"Portada","item":"https:\/\/mantenimientosinformaticos.net\/canarytools\/"},{"@type":"ListItem","position":2,"name":"Tienda","item":"https:\/\/mantenimientosinformaticos.net\/canarytools\/tienda\/"},{"@type":"ListItem","position":3,"name":"MaxiSys 908 Pro"}]},{"@type":"WebSite","@id":"https:\/\/mantenimientosinformaticos.net\/canarytools\/#website","url":"https:\/\/mantenimientosinformaticos.net\/canarytools\/","name":"Canarytools S.L.","description":"Herramientas y M\u00e1quinas","publisher":{"@id":"https:\/\/mantenimientosinformaticos.net\/canarytools\/#\/schema\/person\/355e32754b03bb24b681f1b6917e49bf"},"potentialAction":[{"@type":"SearchAction","target":{"@type":"EntryPoint","urlTemplate":"https:\/\/mantenimientosinformaticos.net\/canarytools\/?s={search_term_string}"},"query-input":"required name=search_term_string"}],"inLanguage":"es"},{"@type":["Person","Organization"],"@id":"https:\/\/mantenimientosinformaticos.net\/canarytools\/#\/schema\/person\/355e32754b03bb24b681f1b6917e49bf","name":"canarytools.xnetdigital","image":{"@type":"ImageObject","inLanguage":"es","@id":"https:\/\/mantenimientosinformaticos.net\/canarytools\/#\/schema\/person\/image\/","url":"https:\/\/mantenimientosinformaticos.net\/canarytools\/wp-content\/uploads\/2023\/12\/canary-tools-logo.png","contentUrl":"https:\/\/mantenimientosinformaticos.net\/canarytools\/wp-content\/uploads\/2023\/12\/canary-tools-logo.png","width":1302,"height":440,"caption":"canarytools.xnetdigital"},"logo":{"@id":"https:\/\/mantenimientosinformaticos.net\/canarytools\/#\/schema\/person\/image\/"},"sameAs":["https:\/\/mantenimientosinformaticos.net\/canarytools"]}]}},"_links":{"self":[{"href":"https:\/\/mantenimientosinformaticos.net\/canarytools\/wp-json\/wp\/v2\/product\/4927","targetHints":{"allow":["GET"]}}],"collection":[{"href":"https:\/\/mantenimientosinformaticos.net\/canarytools\/wp-json\/wp\/v2\/product"}],"about":[{"href":"https:\/\/mantenimientosinformaticos.net\/canarytools\/wp-json\/wp\/v2\/types\/product"}],"replies":[{"embeddable":true,"href":"https:\/\/mantenimientosinformaticos.net\/canarytools\/wp-json\/wp\/v2\/comments?post=4927"}],"wp:featuredmedia":[{"embeddable":true,"href":"https:\/\/mantenimientosinformaticos.net\/canarytools\/wp-json\/wp\/v2\/media\/4926"}],"wp:attachment":[{"href":"https:\/\/mantenimientosinformaticos.net\/canarytools\/wp-json\/wp\/v2\/media?parent=4927"}],"wp:term":[{"taxonomy":"product_cat","embeddable":true,"href":"https:\/\/mantenimientosinformaticos.net\/canarytools\/wp-json\/wp\/v2\/product_cat?post=4927"},{"taxonomy":"product_tag","embeddable":true,"href":"https:\/\/mantenimientosinformaticos.net\/canarytools\/wp-json\/wp\/v2\/product_tag?post=4927"}],"curies":[{"name":"wp","href":"https:\/\/api.w.org\/{rel}","templated":true}]}}