{"id":4471,"date":"2020-05-10T21:52:27","date_gmt":"2020-05-10T19:52:27","guid":{"rendered":"https:\/\/mantenimientosinformaticos.net\/canarytools\/producto\/maletin-de-diagnostico-para-turbocompresor-con-adaptadores-de-bayoneta-17-piezas\/"},"modified":"2020-05-10T21:52:27","modified_gmt":"2020-05-10T19:52:27","slug":"maletin-de-diagnostico-para-turbocompresor-con-adaptadores-de-bayoneta-17-piezas","status":"publish","type":"product","link":"https:\/\/mantenimientosinformaticos.net\/canarytools\/producto\/maletin-de-diagnostico-para-turbocompresor-con-adaptadores-de-bayoneta-17-piezas\/","title":{"rendered":"REF.:9585.   Malet\u00edn de diagn\u00f3stico para turbocompresor con adaptadores de bayoneta, 17 piezas"},"content":{"rendered":"<p><strong>Contenido de suministro:<\/strong><\/p>\n<p>escalonados\/tama\u00f1os:<br \/>adaptador de entrada de 2 escalones, 31 x 38 mm<br \/>adaptador de entrada de 2 escalones, 46 x 51 mm<br \/>adaptador de entrada de 2 escalones, 55 x 60 mm<br \/>adaptador de entrada de 2 escalones, 65 x 70 mm<br \/>adaptador de entrada de 2 escalones, 75 x 80 mm<br \/>adaptador de entrada de 2 escalones, 85 x 90 mm<br \/>adaptador de entrada de 2 escalones, 95 x 100 mm<br \/>adaptador de entrada de 2 escalones, 105 x 110 mm<br \/>1 adaptador universal para el sistema de entrada de aire, con manguera<\/p>\n","protected":false},"excerpt":{"rendered":"<p>adecuado para autom\u00f3viles y utilitarios con motores Turbo, di\u00e9sel y gasolina<br \/>para comprobar los componentes del sistema de carga estando instalados<br \/>detecta de manera r\u00e1pida y profesional fugas en el intercooler aire-aire y en las mangueras del sistema de carga<\/p>\n","protected":false},"featured_media":4470,"comment_status":"open","ping_status":"closed","template":"","meta":[],"product_cat":[619,491,540],"product_tag":[],"class_list":{"0":"post-4471","1":"product","2":"type-product","3":"status-publish","4":"has-post-thumbnail","6":"product_cat-comprobador-de-fugas-de-sistemas-turbo","7":"product_cat-herramientas-especiales-para-automoviles","8":"product_cat-comprobadores","10":"first","11":"onbackorder","12":"shipping-taxable","13":"purchasable","14":"product-type-simple"},"yoast_head":"<!-- This site is optimized with the Yoast SEO plugin v22.7 - https:\/\/yoast.com\/wordpress\/plugins\/seo\/ -->\n<title>REF.:9585.  Malet\u00edn de diagn\u00f3stico para turbocompresor con adaptadores de bayoneta, 17 piezas - Canarytools S.L.<\/title>\n<meta name=\"robots\" content=\"index, follow, max-snippet:-1, max-image-preview:large, max-video-preview:-1\" \/>\n<link rel=\"canonical\" href=\"https:\/\/mantenimientosinformaticos.net\/canarytools\/producto\/maletin-de-diagnostico-para-turbocompresor-con-adaptadores-de-bayoneta-17-piezas\/\" \/>\n<meta property=\"og:locale\" content=\"es_ES\" \/>\n<meta property=\"og:type\" content=\"article\" \/>\n<meta property=\"og:title\" content=\"REF.:9585.  Malet\u00edn de diagn\u00f3stico para turbocompresor con adaptadores de bayoneta, 17 piezas - Canarytools S.L.\" \/>\n<meta property=\"og:description\" content=\"adecuado para autom\u00f3viles y utilitarios con motores Turbo, di\u00e9sel y gasolinapara comprobar los componentes del sistema de carga estando instaladosdetecta de manera r\u00e1pida y profesional fugas en el intercooler aire-aire y en las mangueras del sistema de carga\" \/>\n<meta property=\"og:url\" content=\"https:\/\/mantenimientosinformaticos.net\/canarytools\/producto\/maletin-de-diagnostico-para-turbocompresor-con-adaptadores-de-bayoneta-17-piezas\/\" \/>\n<meta property=\"og:site_name\" content=\"Canarytools S.L.\" \/>\n<meta property=\"og:image\" content=\"https:\/\/mantenimientosinformaticos.net\/canarytools\/wp-content\/uploads\/2020\/05\/344-REF.9585.-Maletin-de-diagnostico-para-turbocompresor-con-adaptadores-de-bayoneta-17-piezas.jpg\" \/>\n\t<meta property=\"og:image:width\" content=\"499\" \/>\n\t<meta property=\"og:image:height\" content=\"346\" \/>\n\t<meta property=\"og:image:type\" content=\"image\/jpeg\" \/>\n<meta name=\"twitter:card\" content=\"summary_large_image\" \/>\n<script type=\"application\/ld+json\" class=\"yoast-schema-graph\">{\"@context\":\"https:\/\/schema.org\",\"@graph\":[{\"@type\":\"WebPage\",\"@id\":\"https:\/\/mantenimientosinformaticos.net\/canarytools\/producto\/maletin-de-diagnostico-para-turbocompresor-con-adaptadores-de-bayoneta-17-piezas\/\",\"url\":\"https:\/\/mantenimientosinformaticos.net\/canarytools\/producto\/maletin-de-diagnostico-para-turbocompresor-con-adaptadores-de-bayoneta-17-piezas\/\",\"name\":\"REF.:9585. Malet\u00edn de diagn\u00f3stico para turbocompresor con adaptadores de bayoneta, 17 piezas - Canarytools S.L.\",\"isPartOf\":{\"@id\":\"https:\/\/mantenimientosinformaticos.net\/canarytools\/#website\"},\"primaryImageOfPage\":{\"@id\":\"https:\/\/mantenimientosinformaticos.net\/canarytools\/producto\/maletin-de-diagnostico-para-turbocompresor-con-adaptadores-de-bayoneta-17-piezas\/#primaryimage\"},\"image\":{\"@id\":\"https:\/\/mantenimientosinformaticos.net\/canarytools\/producto\/maletin-de-diagnostico-para-turbocompresor-con-adaptadores-de-bayoneta-17-piezas\/#primaryimage\"},\"thumbnailUrl\":\"https:\/\/mantenimientosinformaticos.net\/canarytools\/wp-content\/uploads\/2020\/05\/344-REF.9585.-Maletin-de-diagnostico-para-turbocompresor-con-adaptadores-de-bayoneta-17-piezas.jpg\",\"datePublished\":\"2020-05-10T19:52:27+00:00\",\"dateModified\":\"2020-05-10T19:52:27+00:00\",\"breadcrumb\":{\"@id\":\"https:\/\/mantenimientosinformaticos.net\/canarytools\/producto\/maletin-de-diagnostico-para-turbocompresor-con-adaptadores-de-bayoneta-17-piezas\/#breadcrumb\"},\"inLanguage\":\"es\",\"potentialAction\":[{\"@type\":\"ReadAction\",\"target\":[\"https:\/\/mantenimientosinformaticos.net\/canarytools\/producto\/maletin-de-diagnostico-para-turbocompresor-con-adaptadores-de-bayoneta-17-piezas\/\"]}]},{\"@type\":\"ImageObject\",\"inLanguage\":\"es\",\"@id\":\"https:\/\/mantenimientosinformaticos.net\/canarytools\/producto\/maletin-de-diagnostico-para-turbocompresor-con-adaptadores-de-bayoneta-17-piezas\/#primaryimage\",\"url\":\"https:\/\/mantenimientosinformaticos.net\/canarytools\/wp-content\/uploads\/2020\/05\/344-REF.9585.-Maletin-de-diagnostico-para-turbocompresor-con-adaptadores-de-bayoneta-17-piezas.jpg\",\"contentUrl\":\"https:\/\/mantenimientosinformaticos.net\/canarytools\/wp-content\/uploads\/2020\/05\/344-REF.9585.-Maletin-de-diagnostico-para-turbocompresor-con-adaptadores-de-bayoneta-17-piezas.jpg\",\"width\":499,\"height\":346,\"caption\":\"REF.:9585. Malet\u00edn de diagn\u00f3stico para turbocompresor con adaptadores de bayoneta, 17 piezas\"},{\"@type\":\"BreadcrumbList\",\"@id\":\"https:\/\/mantenimientosinformaticos.net\/canarytools\/producto\/maletin-de-diagnostico-para-turbocompresor-con-adaptadores-de-bayoneta-17-piezas\/#breadcrumb\",\"itemListElement\":[{\"@type\":\"ListItem\",\"position\":1,\"name\":\"Portada\",\"item\":\"https:\/\/mantenimientosinformaticos.net\/canarytools\/\"},{\"@type\":\"ListItem\",\"position\":2,\"name\":\"Tienda\",\"item\":\"https:\/\/mantenimientosinformaticos.net\/canarytools\/tienda\/\"},{\"@type\":\"ListItem\",\"position\":3,\"name\":\"REF.:9585. Malet\u00edn de diagn\u00f3stico para turbocompresor con adaptadores de bayoneta, 17 piezas\"}]},{\"@type\":\"WebSite\",\"@id\":\"https:\/\/mantenimientosinformaticos.net\/canarytools\/#website\",\"url\":\"https:\/\/mantenimientosinformaticos.net\/canarytools\/\",\"name\":\"Canarytools S.L.\",\"description\":\"Herramientas y M\u00e1quinas\",\"publisher\":{\"@id\":\"https:\/\/mantenimientosinformaticos.net\/canarytools\/#\/schema\/person\/355e32754b03bb24b681f1b6917e49bf\"},\"potentialAction\":[{\"@type\":\"SearchAction\",\"target\":{\"@type\":\"EntryPoint\",\"urlTemplate\":\"https:\/\/mantenimientosinformaticos.net\/canarytools\/?s={search_term_string}\"},\"query-input\":\"required name=search_term_string\"}],\"inLanguage\":\"es\"},{\"@type\":[\"Person\",\"Organization\"],\"@id\":\"https:\/\/mantenimientosinformaticos.net\/canarytools\/#\/schema\/person\/355e32754b03bb24b681f1b6917e49bf\",\"name\":\"canarytools.xnetdigital\",\"image\":{\"@type\":\"ImageObject\",\"inLanguage\":\"es\",\"@id\":\"https:\/\/mantenimientosinformaticos.net\/canarytools\/#\/schema\/person\/image\/\",\"url\":\"https:\/\/mantenimientosinformaticos.net\/canarytools\/wp-content\/uploads\/2023\/12\/canary-tools-logo.png\",\"contentUrl\":\"https:\/\/mantenimientosinformaticos.net\/canarytools\/wp-content\/uploads\/2023\/12\/canary-tools-logo.png\",\"width\":1302,\"height\":440,\"caption\":\"canarytools.xnetdigital\"},\"logo\":{\"@id\":\"https:\/\/mantenimientosinformaticos.net\/canarytools\/#\/schema\/person\/image\/\"},\"sameAs\":[\"https:\/\/mantenimientosinformaticos.net\/canarytools\"]}]}<\/script>\n<!-- \/ Yoast SEO plugin. -->","yoast_head_json":{"title":"REF.:9585.  Malet\u00edn de diagn\u00f3stico para turbocompresor con adaptadores de bayoneta, 17 piezas - Canarytools S.L.","robots":{"index":"index","follow":"follow","max-snippet":"max-snippet:-1","max-image-preview":"max-image-preview:large","max-video-preview":"max-video-preview:-1"},"canonical":"https:\/\/mantenimientosinformaticos.net\/canarytools\/producto\/maletin-de-diagnostico-para-turbocompresor-con-adaptadores-de-bayoneta-17-piezas\/","og_locale":"es_ES","og_type":"article","og_title":"REF.:9585.  Malet\u00edn de diagn\u00f3stico para turbocompresor con adaptadores de bayoneta, 17 piezas - Canarytools S.L.","og_description":"adecuado para autom\u00f3viles y utilitarios con motores Turbo, di\u00e9sel y gasolinapara comprobar los componentes del sistema de carga estando instaladosdetecta de manera r\u00e1pida y profesional fugas en el intercooler aire-aire y en las mangueras del sistema de carga","og_url":"https:\/\/mantenimientosinformaticos.net\/canarytools\/producto\/maletin-de-diagnostico-para-turbocompresor-con-adaptadores-de-bayoneta-17-piezas\/","og_site_name":"Canarytools S.L.","og_image":[{"width":499,"height":346,"url":"https:\/\/mantenimientosinformaticos.net\/canarytools\/wp-content\/uploads\/2020\/05\/344-REF.9585.-Maletin-de-diagnostico-para-turbocompresor-con-adaptadores-de-bayoneta-17-piezas.jpg","type":"image\/jpeg"}],"twitter_card":"summary_large_image","schema":{"@context":"https:\/\/schema.org","@graph":[{"@type":"WebPage","@id":"https:\/\/mantenimientosinformaticos.net\/canarytools\/producto\/maletin-de-diagnostico-para-turbocompresor-con-adaptadores-de-bayoneta-17-piezas\/","url":"https:\/\/mantenimientosinformaticos.net\/canarytools\/producto\/maletin-de-diagnostico-para-turbocompresor-con-adaptadores-de-bayoneta-17-piezas\/","name":"REF.:9585. Malet\u00edn de diagn\u00f3stico para turbocompresor con adaptadores de bayoneta, 17 piezas - Canarytools S.L.","isPartOf":{"@id":"https:\/\/mantenimientosinformaticos.net\/canarytools\/#website"},"primaryImageOfPage":{"@id":"https:\/\/mantenimientosinformaticos.net\/canarytools\/producto\/maletin-de-diagnostico-para-turbocompresor-con-adaptadores-de-bayoneta-17-piezas\/#primaryimage"},"image":{"@id":"https:\/\/mantenimientosinformaticos.net\/canarytools\/producto\/maletin-de-diagnostico-para-turbocompresor-con-adaptadores-de-bayoneta-17-piezas\/#primaryimage"},"thumbnailUrl":"https:\/\/mantenimientosinformaticos.net\/canarytools\/wp-content\/uploads\/2020\/05\/344-REF.9585.-Maletin-de-diagnostico-para-turbocompresor-con-adaptadores-de-bayoneta-17-piezas.jpg","datePublished":"2020-05-10T19:52:27+00:00","dateModified":"2020-05-10T19:52:27+00:00","breadcrumb":{"@id":"https:\/\/mantenimientosinformaticos.net\/canarytools\/producto\/maletin-de-diagnostico-para-turbocompresor-con-adaptadores-de-bayoneta-17-piezas\/#breadcrumb"},"inLanguage":"es","potentialAction":[{"@type":"ReadAction","target":["https:\/\/mantenimientosinformaticos.net\/canarytools\/producto\/maletin-de-diagnostico-para-turbocompresor-con-adaptadores-de-bayoneta-17-piezas\/"]}]},{"@type":"ImageObject","inLanguage":"es","@id":"https:\/\/mantenimientosinformaticos.net\/canarytools\/producto\/maletin-de-diagnostico-para-turbocompresor-con-adaptadores-de-bayoneta-17-piezas\/#primaryimage","url":"https:\/\/mantenimientosinformaticos.net\/canarytools\/wp-content\/uploads\/2020\/05\/344-REF.9585.-Maletin-de-diagnostico-para-turbocompresor-con-adaptadores-de-bayoneta-17-piezas.jpg","contentUrl":"https:\/\/mantenimientosinformaticos.net\/canarytools\/wp-content\/uploads\/2020\/05\/344-REF.9585.-Maletin-de-diagnostico-para-turbocompresor-con-adaptadores-de-bayoneta-17-piezas.jpg","width":499,"height":346,"caption":"REF.:9585. Malet\u00edn de diagn\u00f3stico para turbocompresor con adaptadores de bayoneta, 17 piezas"},{"@type":"BreadcrumbList","@id":"https:\/\/mantenimientosinformaticos.net\/canarytools\/producto\/maletin-de-diagnostico-para-turbocompresor-con-adaptadores-de-bayoneta-17-piezas\/#breadcrumb","itemListElement":[{"@type":"ListItem","position":1,"name":"Portada","item":"https:\/\/mantenimientosinformaticos.net\/canarytools\/"},{"@type":"ListItem","position":2,"name":"Tienda","item":"https:\/\/mantenimientosinformaticos.net\/canarytools\/tienda\/"},{"@type":"ListItem","position":3,"name":"REF.:9585. Malet\u00edn de diagn\u00f3stico para turbocompresor con adaptadores de bayoneta, 17 piezas"}]},{"@type":"WebSite","@id":"https:\/\/mantenimientosinformaticos.net\/canarytools\/#website","url":"https:\/\/mantenimientosinformaticos.net\/canarytools\/","name":"Canarytools S.L.","description":"Herramientas y M\u00e1quinas","publisher":{"@id":"https:\/\/mantenimientosinformaticos.net\/canarytools\/#\/schema\/person\/355e32754b03bb24b681f1b6917e49bf"},"potentialAction":[{"@type":"SearchAction","target":{"@type":"EntryPoint","urlTemplate":"https:\/\/mantenimientosinformaticos.net\/canarytools\/?s={search_term_string}"},"query-input":"required name=search_term_string"}],"inLanguage":"es"},{"@type":["Person","Organization"],"@id":"https:\/\/mantenimientosinformaticos.net\/canarytools\/#\/schema\/person\/355e32754b03bb24b681f1b6917e49bf","name":"canarytools.xnetdigital","image":{"@type":"ImageObject","inLanguage":"es","@id":"https:\/\/mantenimientosinformaticos.net\/canarytools\/#\/schema\/person\/image\/","url":"https:\/\/mantenimientosinformaticos.net\/canarytools\/wp-content\/uploads\/2023\/12\/canary-tools-logo.png","contentUrl":"https:\/\/mantenimientosinformaticos.net\/canarytools\/wp-content\/uploads\/2023\/12\/canary-tools-logo.png","width":1302,"height":440,"caption":"canarytools.xnetdigital"},"logo":{"@id":"https:\/\/mantenimientosinformaticos.net\/canarytools\/#\/schema\/person\/image\/"},"sameAs":["https:\/\/mantenimientosinformaticos.net\/canarytools"]}]}},"_links":{"self":[{"href":"https:\/\/mantenimientosinformaticos.net\/canarytools\/wp-json\/wp\/v2\/product\/4471","targetHints":{"allow":["GET"]}}],"collection":[{"href":"https:\/\/mantenimientosinformaticos.net\/canarytools\/wp-json\/wp\/v2\/product"}],"about":[{"href":"https:\/\/mantenimientosinformaticos.net\/canarytools\/wp-json\/wp\/v2\/types\/product"}],"replies":[{"embeddable":true,"href":"https:\/\/mantenimientosinformaticos.net\/canarytools\/wp-json\/wp\/v2\/comments?post=4471"}],"wp:featuredmedia":[{"embeddable":true,"href":"https:\/\/mantenimientosinformaticos.net\/canarytools\/wp-json\/wp\/v2\/media\/4470"}],"wp:attachment":[{"href":"https:\/\/mantenimientosinformaticos.net\/canarytools\/wp-json\/wp\/v2\/media?parent=4471"}],"wp:term":[{"taxonomy":"product_cat","embeddable":true,"href":"https:\/\/mantenimientosinformaticos.net\/canarytools\/wp-json\/wp\/v2\/product_cat?post=4471"},{"taxonomy":"product_tag","embeddable":true,"href":"https:\/\/mantenimientosinformaticos.net\/canarytools\/wp-json\/wp\/v2\/product_tag?post=4471"}],"curies":[{"name":"wp","href":"https:\/\/api.w.org\/{rel}","templated":true}]}}