{"id":4119,"date":"2020-05-07T17:44:22","date_gmt":"2020-05-07T15:44:22","guid":{"rendered":"https:\/\/mantenimientosinformaticos.net\/canarytools\/producto\/herramientas-para-el-montaje-de-correas-acanaladas-y-correas-elasticas-11-piezas\/"},"modified":"2020-05-07T17:44:22","modified_gmt":"2020-05-07T15:44:22","slug":"herramientas-para-el-montaje-de-correas-acanaladas-y-correas-elasticas-11-piezas","status":"publish","type":"product","link":"https:\/\/mantenimientosinformaticos.net\/canarytools\/producto\/herramientas-para-el-montaje-de-correas-acanaladas-y-correas-elasticas-11-piezas\/","title":{"rendered":"REF.:8301-1.  Herramientas para el montaje de correas acanaladas y correas ela\u0301sticas 11 piezas"},"content":{"rendered":"<p style=\"margin:0px 0px 10px;color:#58595b;font-family:'PT Sans', 'Helvetica Neue', Helvetica, Arial, sans-serif;font-size:14px;line-height:20px;background-color:#ffffff;\"><strong>Contenido de suministro:<\/strong><\/p>\n<ul style=\"margin:0px 0px 20px;list-style:none;padding:0px;color:#58595b;font-family:'PT Sans', 'Helvetica Neue', Helvetica, Arial, sans-serif;font-size:14px;line-height:20px;background-color:#ffffff;\">\n<li>1 adaptador de giro del motor, doble lado<\/li>\n<li>1 adaptador para bomba de agua adecuado para Volvo y Ford<\/li>\n<li>1 adaptador para polea del cig\u00fce\u00f1al<\/li>\n<li>2 accesorios de correa con 3 soportes<\/li>\n<li>1 accesorio de correa con 1 soporte<\/li>\n<li>3 tornillos distanciadores, longitud: 25, 40 y 65 mm<\/li>\n<li>1 herramienta de estiramiento de correa<\/li>\n<li>1 cubierta<\/li>\n<\/ul>\n<p style=\"margin:0px 0px 10px;color:#58595b;font-family:'PT Sans', 'Helvetica Neue', Helvetica, Arial, sans-serif;font-size:14px;line-height:20px;background-color:#ffffff;\"><strong>adecuado entre otros para los siguientes modelos:<\/strong><\/p>\n<ul style=\"margin:0px 0px 20px;list-style:none;padding:0px;color:#58595b;font-family:'PT Sans', 'Helvetica Neue', Helvetica, Arial, sans-serif;font-size:14px;line-height:20px;background-color:#ffffff;\">\n<li>BMW 118, 120, 318, 320, 325, 330, 335, 520, 525, 530, 535, 635, 720, X3, X5<\/li>\n<li>Audi A3 1.6\/2.0D<\/li>\n<li>Seat Altea, lbiza 1.6\/2.0D<\/li>\n<li>Skoda Octavia, Yeti 1.6\/2.0D<\/li>\n<li>Volkswagen Eos, Golf, Passat, Polo, Scirocco 2.0D<\/li>\n<li>Chrysler Grand Voyager, Voyager 2.5D\/2.8D<\/li>\n<li>Ford C-Max, Focus, C-Max, Mondeo, Tourneo, Transit 1.4\/1.6\/1.8\/2.0 Transit, Transit Tourneo 2.2D, Courier, Fiesta, Fusion 1.6, Mazda 3, 5, Axela 1.8\/2.0 y modelo 2 1.2\/1.4\/1.6<\/li>\n<li>Mercedes Sprinter, Viano, Vito 3.0D<\/li>\n<li>Peugeot 206, 207, 307, Boxer 1.6D\/2.2D\/3.0D<\/li>\n<li>Citroen C2, C3, C4, Jumper, Relay 1.6D\/2.2D\/3.0D<\/li>\n<li>Fiat Albea, Doblo, Ducato, Fiorino, Fiorino Qubo, Linea, Palio, Siena, Stilo, Strada Pickup 2.2D\/2.3D\/3.0D, Doblo, Marea, Multipla 1.6, Iveco Daily 2.3D \/ 3.0D<\/li>\n<li>Volvo C30, S40, V50 1.6\/1.8\/2.0<\/li>\n<li>Lancia Lybra 1.6<\/li>\n<li>Mitsubishi ASX 1.8D<\/li>\n<\/ul>\n","protected":false},"excerpt":{"rendered":"<ul style=\"margin:0px 0px 20px;list-style:none;padding:0px;color:#58595b;font-family:'PT Sans', 'Helvetica Neue', Helvetica, Arial, sans-serif;font-size:14px;line-height:20px;background-color:#ffffff;\">\n<li>adecuado para montar y desmontar correas acanaladas el\u00e1sticas y poleas dobles<\/li>\n<li>permite un cambio de correa profesional y sin problemas<\/li>\n<li>evita da\u00f1os en la polea y la correa con un m\u00ednimo esfuerzo<\/li>\n<\/ul>\n","protected":false},"featured_media":4118,"comment_status":"open","ping_status":"closed","template":"","meta":[],"product_cat":[508,491],"product_tag":[],"class_list":{"0":"post-4119","1":"product","2":"type-product","3":"status-publish","4":"has-post-thumbnail","6":"product_cat-correas-y-poleas","7":"product_cat-herramientas-especiales-para-automoviles","9":"first","10":"onbackorder","11":"shipping-taxable","12":"purchasable","13":"product-type-simple"},"yoast_head":"<!-- This site is optimized with the Yoast SEO plugin v22.7 - https:\/\/yoast.com\/wordpress\/plugins\/seo\/ -->\n<title>REF.:8301-1. Herramientas para el montaje de correas acanaladas y correas ela\u0301sticas 11 piezas - Canarytools S.L.<\/title>\n<meta name=\"robots\" content=\"index, follow, max-snippet:-1, max-image-preview:large, max-video-preview:-1\" \/>\n<link rel=\"canonical\" href=\"https:\/\/mantenimientosinformaticos.net\/canarytools\/producto\/herramientas-para-el-montaje-de-correas-acanaladas-y-correas-elasticas-11-piezas\/\" \/>\n<meta property=\"og:locale\" content=\"es_ES\" \/>\n<meta property=\"og:type\" content=\"article\" \/>\n<meta property=\"og:title\" content=\"REF.:8301-1. Herramientas para el montaje de correas acanaladas y correas ela\u0301sticas 11 piezas - Canarytools S.L.\" \/>\n<meta property=\"og:description\" content=\"adecuado para montar y desmontar correas acanaladas el\u00e1sticas y poleas dobles permite un cambio de correa profesional y sin problemas evita da\u00f1os en la polea y la correa con un m\u00ednimo esfuerzo\" \/>\n<meta property=\"og:url\" content=\"https:\/\/mantenimientosinformaticos.net\/canarytools\/producto\/herramientas-para-el-montaje-de-correas-acanaladas-y-correas-elasticas-11-piezas\/\" \/>\n<meta property=\"og:site_name\" content=\"Canarytools S.L.\" \/>\n<meta property=\"og:image\" content=\"https:\/\/mantenimientosinformaticos.net\/canarytools\/wp-content\/uploads\/2020\/05\/160-REF.8301-1.-Herramientas-para-el-montaje-de-correas-acanaladas-y-correas-elasticas-11-piezas.jpg\" \/>\n\t<meta property=\"og:image:width\" content=\"619\" \/>\n\t<meta property=\"og:image:height\" content=\"475\" \/>\n\t<meta property=\"og:image:type\" content=\"image\/jpeg\" \/>\n<meta name=\"twitter:card\" content=\"summary_large_image\" \/>\n<meta name=\"twitter:label1\" content=\"Tiempo de lectura\" \/>\n\t<meta name=\"twitter:data1\" content=\"1 minuto\" \/>\n<script type=\"application\/ld+json\" class=\"yoast-schema-graph\">{\"@context\":\"https:\/\/schema.org\",\"@graph\":[{\"@type\":\"WebPage\",\"@id\":\"https:\/\/mantenimientosinformaticos.net\/canarytools\/producto\/herramientas-para-el-montaje-de-correas-acanaladas-y-correas-elasticas-11-piezas\/\",\"url\":\"https:\/\/mantenimientosinformaticos.net\/canarytools\/producto\/herramientas-para-el-montaje-de-correas-acanaladas-y-correas-elasticas-11-piezas\/\",\"name\":\"REF.:8301-1. Herramientas para el montaje de correas acanaladas y correas ela\u0301sticas 11 piezas - Canarytools S.L.\",\"isPartOf\":{\"@id\":\"https:\/\/mantenimientosinformaticos.net\/canarytools\/#website\"},\"primaryImageOfPage\":{\"@id\":\"https:\/\/mantenimientosinformaticos.net\/canarytools\/producto\/herramientas-para-el-montaje-de-correas-acanaladas-y-correas-elasticas-11-piezas\/#primaryimage\"},\"image\":{\"@id\":\"https:\/\/mantenimientosinformaticos.net\/canarytools\/producto\/herramientas-para-el-montaje-de-correas-acanaladas-y-correas-elasticas-11-piezas\/#primaryimage\"},\"thumbnailUrl\":\"https:\/\/mantenimientosinformaticos.net\/canarytools\/wp-content\/uploads\/2020\/05\/160-REF.8301-1.-Herramientas-para-el-montaje-de-correas-acanaladas-y-correas-elasticas-11-piezas.jpg\",\"datePublished\":\"2020-05-07T15:44:22+00:00\",\"dateModified\":\"2020-05-07T15:44:22+00:00\",\"breadcrumb\":{\"@id\":\"https:\/\/mantenimientosinformaticos.net\/canarytools\/producto\/herramientas-para-el-montaje-de-correas-acanaladas-y-correas-elasticas-11-piezas\/#breadcrumb\"},\"inLanguage\":\"es\",\"potentialAction\":[{\"@type\":\"ReadAction\",\"target\":[\"https:\/\/mantenimientosinformaticos.net\/canarytools\/producto\/herramientas-para-el-montaje-de-correas-acanaladas-y-correas-elasticas-11-piezas\/\"]}]},{\"@type\":\"ImageObject\",\"inLanguage\":\"es\",\"@id\":\"https:\/\/mantenimientosinformaticos.net\/canarytools\/producto\/herramientas-para-el-montaje-de-correas-acanaladas-y-correas-elasticas-11-piezas\/#primaryimage\",\"url\":\"https:\/\/mantenimientosinformaticos.net\/canarytools\/wp-content\/uploads\/2020\/05\/160-REF.8301-1.-Herramientas-para-el-montaje-de-correas-acanaladas-y-correas-elasticas-11-piezas.jpg\",\"contentUrl\":\"https:\/\/mantenimientosinformaticos.net\/canarytools\/wp-content\/uploads\/2020\/05\/160-REF.8301-1.-Herramientas-para-el-montaje-de-correas-acanaladas-y-correas-elasticas-11-piezas.jpg\",\"width\":619,\"height\":475,\"caption\":\"REF.:8301-1. Herramientas para el montaje de correas acanaladas y correas ela\u0301sticas 11 piezas\"},{\"@type\":\"BreadcrumbList\",\"@id\":\"https:\/\/mantenimientosinformaticos.net\/canarytools\/producto\/herramientas-para-el-montaje-de-correas-acanaladas-y-correas-elasticas-11-piezas\/#breadcrumb\",\"itemListElement\":[{\"@type\":\"ListItem\",\"position\":1,\"name\":\"Portada\",\"item\":\"https:\/\/mantenimientosinformaticos.net\/canarytools\/\"},{\"@type\":\"ListItem\",\"position\":2,\"name\":\"Tienda\",\"item\":\"https:\/\/mantenimientosinformaticos.net\/canarytools\/tienda\/\"},{\"@type\":\"ListItem\",\"position\":3,\"name\":\"REF.:8301-1. Herramientas para el montaje de correas acanaladas y correas ela\u0301sticas 11 piezas\"}]},{\"@type\":\"WebSite\",\"@id\":\"https:\/\/mantenimientosinformaticos.net\/canarytools\/#website\",\"url\":\"https:\/\/mantenimientosinformaticos.net\/canarytools\/\",\"name\":\"Canarytools S.L.\",\"description\":\"Herramientas y M\u00e1quinas\",\"publisher\":{\"@id\":\"https:\/\/mantenimientosinformaticos.net\/canarytools\/#\/schema\/person\/355e32754b03bb24b681f1b6917e49bf\"},\"potentialAction\":[{\"@type\":\"SearchAction\",\"target\":{\"@type\":\"EntryPoint\",\"urlTemplate\":\"https:\/\/mantenimientosinformaticos.net\/canarytools\/?s={search_term_string}\"},\"query-input\":\"required name=search_term_string\"}],\"inLanguage\":\"es\"},{\"@type\":[\"Person\",\"Organization\"],\"@id\":\"https:\/\/mantenimientosinformaticos.net\/canarytools\/#\/schema\/person\/355e32754b03bb24b681f1b6917e49bf\",\"name\":\"canarytools.xnetdigital\",\"image\":{\"@type\":\"ImageObject\",\"inLanguage\":\"es\",\"@id\":\"https:\/\/mantenimientosinformaticos.net\/canarytools\/#\/schema\/person\/image\/\",\"url\":\"https:\/\/mantenimientosinformaticos.net\/canarytools\/wp-content\/uploads\/2023\/12\/canary-tools-logo.png\",\"contentUrl\":\"https:\/\/mantenimientosinformaticos.net\/canarytools\/wp-content\/uploads\/2023\/12\/canary-tools-logo.png\",\"width\":1302,\"height\":440,\"caption\":\"canarytools.xnetdigital\"},\"logo\":{\"@id\":\"https:\/\/mantenimientosinformaticos.net\/canarytools\/#\/schema\/person\/image\/\"},\"sameAs\":[\"https:\/\/mantenimientosinformaticos.net\/canarytools\"]}]}<\/script>\n<!-- \/ Yoast SEO plugin. -->","yoast_head_json":{"title":"REF.:8301-1. Herramientas para el montaje de correas acanaladas y correas ela\u0301sticas 11 piezas - Canarytools S.L.","robots":{"index":"index","follow":"follow","max-snippet":"max-snippet:-1","max-image-preview":"max-image-preview:large","max-video-preview":"max-video-preview:-1"},"canonical":"https:\/\/mantenimientosinformaticos.net\/canarytools\/producto\/herramientas-para-el-montaje-de-correas-acanaladas-y-correas-elasticas-11-piezas\/","og_locale":"es_ES","og_type":"article","og_title":"REF.:8301-1. Herramientas para el montaje de correas acanaladas y correas ela\u0301sticas 11 piezas - Canarytools S.L.","og_description":"adecuado para montar y desmontar correas acanaladas el\u00e1sticas y poleas dobles permite un cambio de correa profesional y sin problemas evita da\u00f1os en la polea y la correa con un m\u00ednimo esfuerzo","og_url":"https:\/\/mantenimientosinformaticos.net\/canarytools\/producto\/herramientas-para-el-montaje-de-correas-acanaladas-y-correas-elasticas-11-piezas\/","og_site_name":"Canarytools S.L.","og_image":[{"width":619,"height":475,"url":"https:\/\/mantenimientosinformaticos.net\/canarytools\/wp-content\/uploads\/2020\/05\/160-REF.8301-1.-Herramientas-para-el-montaje-de-correas-acanaladas-y-correas-elasticas-11-piezas.jpg","type":"image\/jpeg"}],"twitter_card":"summary_large_image","twitter_misc":{"Tiempo de lectura":"1 minuto"},"schema":{"@context":"https:\/\/schema.org","@graph":[{"@type":"WebPage","@id":"https:\/\/mantenimientosinformaticos.net\/canarytools\/producto\/herramientas-para-el-montaje-de-correas-acanaladas-y-correas-elasticas-11-piezas\/","url":"https:\/\/mantenimientosinformaticos.net\/canarytools\/producto\/herramientas-para-el-montaje-de-correas-acanaladas-y-correas-elasticas-11-piezas\/","name":"REF.:8301-1. Herramientas para el montaje de correas acanaladas y correas ela\u0301sticas 11 piezas - Canarytools S.L.","isPartOf":{"@id":"https:\/\/mantenimientosinformaticos.net\/canarytools\/#website"},"primaryImageOfPage":{"@id":"https:\/\/mantenimientosinformaticos.net\/canarytools\/producto\/herramientas-para-el-montaje-de-correas-acanaladas-y-correas-elasticas-11-piezas\/#primaryimage"},"image":{"@id":"https:\/\/mantenimientosinformaticos.net\/canarytools\/producto\/herramientas-para-el-montaje-de-correas-acanaladas-y-correas-elasticas-11-piezas\/#primaryimage"},"thumbnailUrl":"https:\/\/mantenimientosinformaticos.net\/canarytools\/wp-content\/uploads\/2020\/05\/160-REF.8301-1.-Herramientas-para-el-montaje-de-correas-acanaladas-y-correas-elasticas-11-piezas.jpg","datePublished":"2020-05-07T15:44:22+00:00","dateModified":"2020-05-07T15:44:22+00:00","breadcrumb":{"@id":"https:\/\/mantenimientosinformaticos.net\/canarytools\/producto\/herramientas-para-el-montaje-de-correas-acanaladas-y-correas-elasticas-11-piezas\/#breadcrumb"},"inLanguage":"es","potentialAction":[{"@type":"ReadAction","target":["https:\/\/mantenimientosinformaticos.net\/canarytools\/producto\/herramientas-para-el-montaje-de-correas-acanaladas-y-correas-elasticas-11-piezas\/"]}]},{"@type":"ImageObject","inLanguage":"es","@id":"https:\/\/mantenimientosinformaticos.net\/canarytools\/producto\/herramientas-para-el-montaje-de-correas-acanaladas-y-correas-elasticas-11-piezas\/#primaryimage","url":"https:\/\/mantenimientosinformaticos.net\/canarytools\/wp-content\/uploads\/2020\/05\/160-REF.8301-1.-Herramientas-para-el-montaje-de-correas-acanaladas-y-correas-elasticas-11-piezas.jpg","contentUrl":"https:\/\/mantenimientosinformaticos.net\/canarytools\/wp-content\/uploads\/2020\/05\/160-REF.8301-1.-Herramientas-para-el-montaje-de-correas-acanaladas-y-correas-elasticas-11-piezas.jpg","width":619,"height":475,"caption":"REF.:8301-1. Herramientas para el montaje de correas acanaladas y correas ela\u0301sticas 11 piezas"},{"@type":"BreadcrumbList","@id":"https:\/\/mantenimientosinformaticos.net\/canarytools\/producto\/herramientas-para-el-montaje-de-correas-acanaladas-y-correas-elasticas-11-piezas\/#breadcrumb","itemListElement":[{"@type":"ListItem","position":1,"name":"Portada","item":"https:\/\/mantenimientosinformaticos.net\/canarytools\/"},{"@type":"ListItem","position":2,"name":"Tienda","item":"https:\/\/mantenimientosinformaticos.net\/canarytools\/tienda\/"},{"@type":"ListItem","position":3,"name":"REF.:8301-1. Herramientas para el montaje de correas acanaladas y correas ela\u0301sticas 11 piezas"}]},{"@type":"WebSite","@id":"https:\/\/mantenimientosinformaticos.net\/canarytools\/#website","url":"https:\/\/mantenimientosinformaticos.net\/canarytools\/","name":"Canarytools S.L.","description":"Herramientas y M\u00e1quinas","publisher":{"@id":"https:\/\/mantenimientosinformaticos.net\/canarytools\/#\/schema\/person\/355e32754b03bb24b681f1b6917e49bf"},"potentialAction":[{"@type":"SearchAction","target":{"@type":"EntryPoint","urlTemplate":"https:\/\/mantenimientosinformaticos.net\/canarytools\/?s={search_term_string}"},"query-input":"required name=search_term_string"}],"inLanguage":"es"},{"@type":["Person","Organization"],"@id":"https:\/\/mantenimientosinformaticos.net\/canarytools\/#\/schema\/person\/355e32754b03bb24b681f1b6917e49bf","name":"canarytools.xnetdigital","image":{"@type":"ImageObject","inLanguage":"es","@id":"https:\/\/mantenimientosinformaticos.net\/canarytools\/#\/schema\/person\/image\/","url":"https:\/\/mantenimientosinformaticos.net\/canarytools\/wp-content\/uploads\/2023\/12\/canary-tools-logo.png","contentUrl":"https:\/\/mantenimientosinformaticos.net\/canarytools\/wp-content\/uploads\/2023\/12\/canary-tools-logo.png","width":1302,"height":440,"caption":"canarytools.xnetdigital"},"logo":{"@id":"https:\/\/mantenimientosinformaticos.net\/canarytools\/#\/schema\/person\/image\/"},"sameAs":["https:\/\/mantenimientosinformaticos.net\/canarytools"]}]}},"_links":{"self":[{"href":"https:\/\/mantenimientosinformaticos.net\/canarytools\/wp-json\/wp\/v2\/product\/4119","targetHints":{"allow":["GET"]}}],"collection":[{"href":"https:\/\/mantenimientosinformaticos.net\/canarytools\/wp-json\/wp\/v2\/product"}],"about":[{"href":"https:\/\/mantenimientosinformaticos.net\/canarytools\/wp-json\/wp\/v2\/types\/product"}],"replies":[{"embeddable":true,"href":"https:\/\/mantenimientosinformaticos.net\/canarytools\/wp-json\/wp\/v2\/comments?post=4119"}],"wp:featuredmedia":[{"embeddable":true,"href":"https:\/\/mantenimientosinformaticos.net\/canarytools\/wp-json\/wp\/v2\/media\/4118"}],"wp:attachment":[{"href":"https:\/\/mantenimientosinformaticos.net\/canarytools\/wp-json\/wp\/v2\/media?parent=4119"}],"wp:term":[{"taxonomy":"product_cat","embeddable":true,"href":"https:\/\/mantenimientosinformaticos.net\/canarytools\/wp-json\/wp\/v2\/product_cat?post=4119"},{"taxonomy":"product_tag","embeddable":true,"href":"https:\/\/mantenimientosinformaticos.net\/canarytools\/wp-json\/wp\/v2\/product_tag?post=4119"}],"curies":[{"name":"wp","href":"https:\/\/api.w.org\/{rel}","templated":true}]}}