{"id":4017,"date":"2020-05-07T13:55:05","date_gmt":"2020-05-07T11:55:05","guid":{"rendered":"https:\/\/mantenimientosinformaticos.net\/canarytools\/producto\/conjunto-de-calado-de-distribucion-vag-25-y-49-tdi-5-y-10-cilindros\/"},"modified":"2020-05-07T13:55:05","modified_gmt":"2020-05-07T11:55:05","slug":"conjunto-de-calado-de-distribucion-vag-25-y-49-tdi-5-y-10-cilindros","status":"publish","type":"product","link":"https:\/\/mantenimientosinformaticos.net\/canarytools\/producto\/conjunto-de-calado-de-distribucion-vag-25-y-49-tdi-5-y-10-cilindros\/","title":{"rendered":"REF.:8279.   Conjunto de calado de distribucio\u0301n VAG 2.5 y 4.9 TDi 5 y 10 Cilindros"},"content":{"rendered":"","protected":false},"excerpt":{"rendered":"<ul style=\"margin:0px 0px 20px;list-style:none;padding:0px;color:#58595b;font-family:'PT Sans', 'Helvetica Neue', Helvetica, Arial, sans-serif;font-size:14px;line-height:20px;background-color:#ffffff;\">\n<li>adecuado para VW Phaeton desde 2003, Touareg desde 2003, Transporter desde 2004 con motor di\u00e9sel de 5 cilindros y 10 cilindros<\/li>\n<li>para ser utilizado como OEM\u00a0T10193 o T10194<\/li>\n<li>para fijar el \u00e1rbol de levas durante los trabajos de comprobaci\u00f3n y ajuste de la sincronizaci\u00f3n<\/li>\n<li>no hay deformaci\u00f3n del \u00e1rbol de levas, as\u00ed es posible un ajuste preciso<\/li>\n<\/ul>\n","protected":false},"featured_media":4016,"comment_status":"open","ping_status":"closed","template":"","meta":[],"product_cat":[584,501,585,578,491],"product_tag":[],"class_list":{"0":"post-4017","1":"product","2":"type-product","3":"status-publish","4":"has-post-thumbnail","6":"product_cat-audi","7":"product_cat-calado-de-distribucion","8":"product_cat-seat","9":"product_cat-volkswagen","10":"product_cat-herramientas-especiales-para-automoviles","12":"first","13":"instock","14":"shipping-taxable","15":"purchasable","16":"product-type-simple"},"yoast_head":"<!-- This site is optimized with the Yoast SEO plugin v22.7 - https:\/\/yoast.com\/wordpress\/plugins\/seo\/ -->\n<title>REF.:8279.  Conjunto de calado de distribucio\u0301n VAG 2.5 y 4.9 TDi 5 y 10 Cilindros - Canarytools S.L.<\/title>\n<meta name=\"robots\" content=\"index, follow, max-snippet:-1, max-image-preview:large, max-video-preview:-1\" \/>\n<link rel=\"canonical\" href=\"https:\/\/mantenimientosinformaticos.net\/canarytools\/producto\/conjunto-de-calado-de-distribucion-vag-25-y-49-tdi-5-y-10-cilindros\/\" \/>\n<meta property=\"og:locale\" content=\"es_ES\" \/>\n<meta property=\"og:type\" content=\"article\" \/>\n<meta property=\"og:title\" content=\"REF.:8279.  Conjunto de calado de distribucio\u0301n VAG 2.5 y 4.9 TDi 5 y 10 Cilindros - Canarytools S.L.\" \/>\n<meta property=\"og:description\" content=\"adecuado para VW Phaeton desde 2003, Touareg desde 2003, Transporter desde 2004 con motor di\u00e9sel de 5 cilindros y 10 cilindros para ser utilizado como OEM\u00a0T10193 o T10194 para fijar el \u00e1rbol de levas durante los trabajos de comprobaci\u00f3n y ajuste de la sincronizaci\u00f3n no hay deformaci\u00f3n del \u00e1rbol de levas, as\u00ed es posible un ajuste preciso\" \/>\n<meta property=\"og:url\" content=\"https:\/\/mantenimientosinformaticos.net\/canarytools\/producto\/conjunto-de-calado-de-distribucion-vag-25-y-49-tdi-5-y-10-cilindros\/\" \/>\n<meta property=\"og:site_name\" content=\"Canarytools S.L.\" \/>\n<meta property=\"og:image\" content=\"https:\/\/mantenimientosinformaticos.net\/canarytools\/wp-content\/uploads\/2020\/05\/108-REF.8279.-Conjunto-de-calado-de-distribucion-VAG-2.5-y-4.9-TDi-5-y-10-Cilindros.jpg\" \/>\n\t<meta property=\"og:image:width\" content=\"668\" \/>\n\t<meta property=\"og:image:height\" content=\"475\" \/>\n\t<meta property=\"og:image:type\" content=\"image\/jpeg\" \/>\n<meta name=\"twitter:card\" content=\"summary_large_image\" \/>\n<script type=\"application\/ld+json\" class=\"yoast-schema-graph\">{\"@context\":\"https:\/\/schema.org\",\"@graph\":[{\"@type\":\"WebPage\",\"@id\":\"https:\/\/mantenimientosinformaticos.net\/canarytools\/producto\/conjunto-de-calado-de-distribucion-vag-25-y-49-tdi-5-y-10-cilindros\/\",\"url\":\"https:\/\/mantenimientosinformaticos.net\/canarytools\/producto\/conjunto-de-calado-de-distribucion-vag-25-y-49-tdi-5-y-10-cilindros\/\",\"name\":\"REF.:8279. Conjunto de calado de distribucio\u0301n VAG 2.5 y 4.9 TDi 5 y 10 Cilindros - Canarytools S.L.\",\"isPartOf\":{\"@id\":\"https:\/\/mantenimientosinformaticos.net\/canarytools\/#website\"},\"primaryImageOfPage\":{\"@id\":\"https:\/\/mantenimientosinformaticos.net\/canarytools\/producto\/conjunto-de-calado-de-distribucion-vag-25-y-49-tdi-5-y-10-cilindros\/#primaryimage\"},\"image\":{\"@id\":\"https:\/\/mantenimientosinformaticos.net\/canarytools\/producto\/conjunto-de-calado-de-distribucion-vag-25-y-49-tdi-5-y-10-cilindros\/#primaryimage\"},\"thumbnailUrl\":\"https:\/\/mantenimientosinformaticos.net\/canarytools\/wp-content\/uploads\/2020\/05\/108-REF.8279.-Conjunto-de-calado-de-distribucion-VAG-2.5-y-4.9-TDi-5-y-10-Cilindros.jpg\",\"datePublished\":\"2020-05-07T11:55:05+00:00\",\"dateModified\":\"2020-05-07T11:55:05+00:00\",\"breadcrumb\":{\"@id\":\"https:\/\/mantenimientosinformaticos.net\/canarytools\/producto\/conjunto-de-calado-de-distribucion-vag-25-y-49-tdi-5-y-10-cilindros\/#breadcrumb\"},\"inLanguage\":\"es\",\"potentialAction\":[{\"@type\":\"ReadAction\",\"target\":[\"https:\/\/mantenimientosinformaticos.net\/canarytools\/producto\/conjunto-de-calado-de-distribucion-vag-25-y-49-tdi-5-y-10-cilindros\/\"]}]},{\"@type\":\"ImageObject\",\"inLanguage\":\"es\",\"@id\":\"https:\/\/mantenimientosinformaticos.net\/canarytools\/producto\/conjunto-de-calado-de-distribucion-vag-25-y-49-tdi-5-y-10-cilindros\/#primaryimage\",\"url\":\"https:\/\/mantenimientosinformaticos.net\/canarytools\/wp-content\/uploads\/2020\/05\/108-REF.8279.-Conjunto-de-calado-de-distribucion-VAG-2.5-y-4.9-TDi-5-y-10-Cilindros.jpg\",\"contentUrl\":\"https:\/\/mantenimientosinformaticos.net\/canarytools\/wp-content\/uploads\/2020\/05\/108-REF.8279.-Conjunto-de-calado-de-distribucion-VAG-2.5-y-4.9-TDi-5-y-10-Cilindros.jpg\",\"width\":668,\"height\":475,\"caption\":\"REF.:8279. Conjunto de calado de distribucio\u0301n VAG 2.5 y 4.9 TDi 5 y 10 Cilindros\"},{\"@type\":\"BreadcrumbList\",\"@id\":\"https:\/\/mantenimientosinformaticos.net\/canarytools\/producto\/conjunto-de-calado-de-distribucion-vag-25-y-49-tdi-5-y-10-cilindros\/#breadcrumb\",\"itemListElement\":[{\"@type\":\"ListItem\",\"position\":1,\"name\":\"Portada\",\"item\":\"https:\/\/mantenimientosinformaticos.net\/canarytools\/\"},{\"@type\":\"ListItem\",\"position\":2,\"name\":\"Tienda\",\"item\":\"https:\/\/mantenimientosinformaticos.net\/canarytools\/tienda\/\"},{\"@type\":\"ListItem\",\"position\":3,\"name\":\"REF.:8279. Conjunto de calado de distribucio\u0301n VAG 2.5 y 4.9 TDi 5 y 10 Cilindros\"}]},{\"@type\":\"WebSite\",\"@id\":\"https:\/\/mantenimientosinformaticos.net\/canarytools\/#website\",\"url\":\"https:\/\/mantenimientosinformaticos.net\/canarytools\/\",\"name\":\"Canarytools S.L.\",\"description\":\"Herramientas y M\u00e1quinas\",\"publisher\":{\"@id\":\"https:\/\/mantenimientosinformaticos.net\/canarytools\/#\/schema\/person\/355e32754b03bb24b681f1b6917e49bf\"},\"potentialAction\":[{\"@type\":\"SearchAction\",\"target\":{\"@type\":\"EntryPoint\",\"urlTemplate\":\"https:\/\/mantenimientosinformaticos.net\/canarytools\/?s={search_term_string}\"},\"query-input\":\"required name=search_term_string\"}],\"inLanguage\":\"es\"},{\"@type\":[\"Person\",\"Organization\"],\"@id\":\"https:\/\/mantenimientosinformaticos.net\/canarytools\/#\/schema\/person\/355e32754b03bb24b681f1b6917e49bf\",\"name\":\"canarytools.xnetdigital\",\"image\":{\"@type\":\"ImageObject\",\"inLanguage\":\"es\",\"@id\":\"https:\/\/mantenimientosinformaticos.net\/canarytools\/#\/schema\/person\/image\/\",\"url\":\"https:\/\/mantenimientosinformaticos.net\/canarytools\/wp-content\/uploads\/2023\/12\/canary-tools-logo.png\",\"contentUrl\":\"https:\/\/mantenimientosinformaticos.net\/canarytools\/wp-content\/uploads\/2023\/12\/canary-tools-logo.png\",\"width\":1302,\"height\":440,\"caption\":\"canarytools.xnetdigital\"},\"logo\":{\"@id\":\"https:\/\/mantenimientosinformaticos.net\/canarytools\/#\/schema\/person\/image\/\"},\"sameAs\":[\"https:\/\/mantenimientosinformaticos.net\/canarytools\"]}]}<\/script>\n<!-- \/ Yoast SEO plugin. -->","yoast_head_json":{"title":"REF.:8279.  Conjunto de calado de distribucio\u0301n VAG 2.5 y 4.9 TDi 5 y 10 Cilindros - Canarytools S.L.","robots":{"index":"index","follow":"follow","max-snippet":"max-snippet:-1","max-image-preview":"max-image-preview:large","max-video-preview":"max-video-preview:-1"},"canonical":"https:\/\/mantenimientosinformaticos.net\/canarytools\/producto\/conjunto-de-calado-de-distribucion-vag-25-y-49-tdi-5-y-10-cilindros\/","og_locale":"es_ES","og_type":"article","og_title":"REF.:8279.  Conjunto de calado de distribucio\u0301n VAG 2.5 y 4.9 TDi 5 y 10 Cilindros - Canarytools S.L.","og_description":"adecuado para VW Phaeton desde 2003, Touareg desde 2003, Transporter desde 2004 con motor di\u00e9sel de 5 cilindros y 10 cilindros para ser utilizado como OEM\u00a0T10193 o T10194 para fijar el \u00e1rbol de levas durante los trabajos de comprobaci\u00f3n y ajuste de la sincronizaci\u00f3n no hay deformaci\u00f3n del \u00e1rbol de levas, as\u00ed es posible un ajuste preciso","og_url":"https:\/\/mantenimientosinformaticos.net\/canarytools\/producto\/conjunto-de-calado-de-distribucion-vag-25-y-49-tdi-5-y-10-cilindros\/","og_site_name":"Canarytools S.L.","og_image":[{"width":668,"height":475,"url":"https:\/\/mantenimientosinformaticos.net\/canarytools\/wp-content\/uploads\/2020\/05\/108-REF.8279.-Conjunto-de-calado-de-distribucion-VAG-2.5-y-4.9-TDi-5-y-10-Cilindros.jpg","type":"image\/jpeg"}],"twitter_card":"summary_large_image","schema":{"@context":"https:\/\/schema.org","@graph":[{"@type":"WebPage","@id":"https:\/\/mantenimientosinformaticos.net\/canarytools\/producto\/conjunto-de-calado-de-distribucion-vag-25-y-49-tdi-5-y-10-cilindros\/","url":"https:\/\/mantenimientosinformaticos.net\/canarytools\/producto\/conjunto-de-calado-de-distribucion-vag-25-y-49-tdi-5-y-10-cilindros\/","name":"REF.:8279. Conjunto de calado de distribucio\u0301n VAG 2.5 y 4.9 TDi 5 y 10 Cilindros - Canarytools S.L.","isPartOf":{"@id":"https:\/\/mantenimientosinformaticos.net\/canarytools\/#website"},"primaryImageOfPage":{"@id":"https:\/\/mantenimientosinformaticos.net\/canarytools\/producto\/conjunto-de-calado-de-distribucion-vag-25-y-49-tdi-5-y-10-cilindros\/#primaryimage"},"image":{"@id":"https:\/\/mantenimientosinformaticos.net\/canarytools\/producto\/conjunto-de-calado-de-distribucion-vag-25-y-49-tdi-5-y-10-cilindros\/#primaryimage"},"thumbnailUrl":"https:\/\/mantenimientosinformaticos.net\/canarytools\/wp-content\/uploads\/2020\/05\/108-REF.8279.-Conjunto-de-calado-de-distribucion-VAG-2.5-y-4.9-TDi-5-y-10-Cilindros.jpg","datePublished":"2020-05-07T11:55:05+00:00","dateModified":"2020-05-07T11:55:05+00:00","breadcrumb":{"@id":"https:\/\/mantenimientosinformaticos.net\/canarytools\/producto\/conjunto-de-calado-de-distribucion-vag-25-y-49-tdi-5-y-10-cilindros\/#breadcrumb"},"inLanguage":"es","potentialAction":[{"@type":"ReadAction","target":["https:\/\/mantenimientosinformaticos.net\/canarytools\/producto\/conjunto-de-calado-de-distribucion-vag-25-y-49-tdi-5-y-10-cilindros\/"]}]},{"@type":"ImageObject","inLanguage":"es","@id":"https:\/\/mantenimientosinformaticos.net\/canarytools\/producto\/conjunto-de-calado-de-distribucion-vag-25-y-49-tdi-5-y-10-cilindros\/#primaryimage","url":"https:\/\/mantenimientosinformaticos.net\/canarytools\/wp-content\/uploads\/2020\/05\/108-REF.8279.-Conjunto-de-calado-de-distribucion-VAG-2.5-y-4.9-TDi-5-y-10-Cilindros.jpg","contentUrl":"https:\/\/mantenimientosinformaticos.net\/canarytools\/wp-content\/uploads\/2020\/05\/108-REF.8279.-Conjunto-de-calado-de-distribucion-VAG-2.5-y-4.9-TDi-5-y-10-Cilindros.jpg","width":668,"height":475,"caption":"REF.:8279. Conjunto de calado de distribucio\u0301n VAG 2.5 y 4.9 TDi 5 y 10 Cilindros"},{"@type":"BreadcrumbList","@id":"https:\/\/mantenimientosinformaticos.net\/canarytools\/producto\/conjunto-de-calado-de-distribucion-vag-25-y-49-tdi-5-y-10-cilindros\/#breadcrumb","itemListElement":[{"@type":"ListItem","position":1,"name":"Portada","item":"https:\/\/mantenimientosinformaticos.net\/canarytools\/"},{"@type":"ListItem","position":2,"name":"Tienda","item":"https:\/\/mantenimientosinformaticos.net\/canarytools\/tienda\/"},{"@type":"ListItem","position":3,"name":"REF.:8279. Conjunto de calado de distribucio\u0301n VAG 2.5 y 4.9 TDi 5 y 10 Cilindros"}]},{"@type":"WebSite","@id":"https:\/\/mantenimientosinformaticos.net\/canarytools\/#website","url":"https:\/\/mantenimientosinformaticos.net\/canarytools\/","name":"Canarytools S.L.","description":"Herramientas y M\u00e1quinas","publisher":{"@id":"https:\/\/mantenimientosinformaticos.net\/canarytools\/#\/schema\/person\/355e32754b03bb24b681f1b6917e49bf"},"potentialAction":[{"@type":"SearchAction","target":{"@type":"EntryPoint","urlTemplate":"https:\/\/mantenimientosinformaticos.net\/canarytools\/?s={search_term_string}"},"query-input":"required name=search_term_string"}],"inLanguage":"es"},{"@type":["Person","Organization"],"@id":"https:\/\/mantenimientosinformaticos.net\/canarytools\/#\/schema\/person\/355e32754b03bb24b681f1b6917e49bf","name":"canarytools.xnetdigital","image":{"@type":"ImageObject","inLanguage":"es","@id":"https:\/\/mantenimientosinformaticos.net\/canarytools\/#\/schema\/person\/image\/","url":"https:\/\/mantenimientosinformaticos.net\/canarytools\/wp-content\/uploads\/2023\/12\/canary-tools-logo.png","contentUrl":"https:\/\/mantenimientosinformaticos.net\/canarytools\/wp-content\/uploads\/2023\/12\/canary-tools-logo.png","width":1302,"height":440,"caption":"canarytools.xnetdigital"},"logo":{"@id":"https:\/\/mantenimientosinformaticos.net\/canarytools\/#\/schema\/person\/image\/"},"sameAs":["https:\/\/mantenimientosinformaticos.net\/canarytools"]}]}},"_links":{"self":[{"href":"https:\/\/mantenimientosinformaticos.net\/canarytools\/wp-json\/wp\/v2\/product\/4017","targetHints":{"allow":["GET"]}}],"collection":[{"href":"https:\/\/mantenimientosinformaticos.net\/canarytools\/wp-json\/wp\/v2\/product"}],"about":[{"href":"https:\/\/mantenimientosinformaticos.net\/canarytools\/wp-json\/wp\/v2\/types\/product"}],"replies":[{"embeddable":true,"href":"https:\/\/mantenimientosinformaticos.net\/canarytools\/wp-json\/wp\/v2\/comments?post=4017"}],"wp:featuredmedia":[{"embeddable":true,"href":"https:\/\/mantenimientosinformaticos.net\/canarytools\/wp-json\/wp\/v2\/media\/4016"}],"wp:attachment":[{"href":"https:\/\/mantenimientosinformaticos.net\/canarytools\/wp-json\/wp\/v2\/media?parent=4017"}],"wp:term":[{"taxonomy":"product_cat","embeddable":true,"href":"https:\/\/mantenimientosinformaticos.net\/canarytools\/wp-json\/wp\/v2\/product_cat?post=4017"},{"taxonomy":"product_tag","embeddable":true,"href":"https:\/\/mantenimientosinformaticos.net\/canarytools\/wp-json\/wp\/v2\/product_tag?post=4017"}],"curies":[{"name":"wp","href":"https:\/\/api.w.org\/{rel}","templated":true}]}}